{"id":9,"date":"2022-04-12T13:04:10","date_gmt":"2022-04-12T11:04:10","guid":{"rendered":"https:\/\/anderskafka.cz\/eshop\/muj-ucet\/"},"modified":"2022-12-16T15:13:06","modified_gmt":"2022-12-16T14:13:06","slug":"muj-ucet","status":"publish","type":"page","link":"https:\/\/anderskafka.cz\/eshop\/muj-ucet\/","title":{"rendered":"M\u016fj \u00fa\u010det"},"content":{"rendered":"\n<div style=\"height:60px\" aria-hidden=\"true\" class=\"wp-block-spacer\"><\/div>\n\n\n<div class=\"woocommerce\"><div class=\"woocommerce-notices-wrapper\"><\/div>\n\n<div class=\"u-columns col2-set\" id=\"customer_login\">\n\n\t<div class=\"u-column1 col-1\">\n\n\n\t\t<h2>P\u0159ihl\u00e1\u0161en\u00ed<\/h2>\n\n\t\t<form class=\"woocommerce-form woocommerce-form-login login\" method=\"post\">\n\n\t\t\t\n\t\t\t<p class=\"woocommerce-form-row woocommerce-form-row--wide form-row form-row-wide\">\n\t\t\t\t<label for=\"username\">U\u017eivatelsk\u00e9 jm\u00e9no nebo e-mailov\u00e1 adresa&nbsp;<span class=\"required\">*<\/span><\/label>\n\t\t\t\t<input type=\"text\" class=\"woocommerce-Input woocommerce-Input--text input-text\" name=\"username\" id=\"username\" autocomplete=\"username\" value=\"\" \/>\t\t\t<\/p>\n\t\t\t<p class=\"woocommerce-form-row woocommerce-form-row--wide form-row form-row-wide\">\n\t\t\t\t<label for=\"password\">Heslo&nbsp;<span class=\"required\">*<\/span><\/label>\n\t\t\t\t<input class=\"woocommerce-Input woocommerce-Input--text input-text\" type=\"password\" name=\"password\" id=\"password\" autocomplete=\"current-password\" \/>\n\t\t\t<\/p>\n\n\t\t\t\n\t\t\t<p class=\"form-row\">\n\t\t\t\t<label class=\"woocommerce-form__label woocommerce-form__label-for-checkbox woocommerce-form-login__rememberme\">\n\t\t\t\t\t<input class=\"woocommerce-form__input woocommerce-form__input-checkbox\" name=\"rememberme\" type=\"checkbox\" id=\"rememberme\" value=\"forever\" \/> <span>Zapamatujte si m\u011b<\/span>\n\t\t\t\t<\/label>\n\t\t\t\t<input type=\"hidden\" id=\"woocommerce-login-nonce\" name=\"woocommerce-login-nonce\" value=\"b089423992\" \/><input type=\"hidden\" name=\"_wp_http_referer\" value=\"\/eshop\/wp-json\/wp\/v2\/pages\/9\" \/>\t\t\t\t<button type=\"submit\" class=\"woocommerce-button button woocommerce-form-login__submit\" name=\"login\" value=\"P\u0159ihl\u00e1sit se\">P\u0159ihl\u00e1sit se<\/button>\n\t\t\t<\/p>\n\t\t\t<p class=\"woocommerce-LostPassword lost_password\">\n\t\t\t\t<a href=\"https:\/\/anderskafka.cz\/eshop\/muj-ucet\/lost-password\/\">Zapomn\u011bli jste heslo?<\/a>\n\t\t\t<\/p>\n\n\t\t\t\n\t\t<\/form>\n\n\n\t<\/div>\n\n\t<div class=\"u-column2 col-2\">\n\n\t\t<h2>Registrovat se<\/h2>\n\n\t\t<form method=\"post\" class=\"woocommerce-form woocommerce-form-register register\"  >\n\n\t\t\t\n\t\t\t\n\t\t\t<p class=\"woocommerce-form-row woocommerce-form-row--wide form-row form-row-wide\">\n\t\t\t\t<label for=\"reg_email\">E-mailov\u00e1 adresa&nbsp;<span class=\"required\">*<\/span><\/label>\n\t\t\t\t<input type=\"email\" class=\"woocommerce-Input woocommerce-Input--text input-text\" name=\"email\" id=\"reg_email\" autocomplete=\"email\" value=\"\" \/>\t\t\t<\/p>\n\n\t\t\t\n\t\t\t\t<p>Na va\u0161i e-mailovou adresu bude zasl\u00e1n odkaz pro nastaven\u00ed nov\u00e9ho hesla.<\/p>\n\n\t\t\t\n\t\t\t<div class=\"woocommerce-privacy-policy-text\"><\/div>\n\t\t\t<p class=\"woocommerce-form-row form-row\">\n\t\t\t\t<input type=\"hidden\" id=\"woocommerce-register-nonce\" name=\"woocommerce-register-nonce\" value=\"d6c5fc1c67\" \/><input type=\"hidden\" name=\"_wp_http_referer\" value=\"\/eshop\/wp-json\/wp\/v2\/pages\/9\" \/>\t\t\t\t<button type=\"submit\" class=\"woocommerce-Button woocommerce-button button woocommerce-form-register__submit\" name=\"register\" value=\"Registrovat se\">Registrovat se<\/button>\n\t\t\t<\/p>\n\n\t\t\t\n\t\t<\/form>\n\n\t<\/div>\n\n<\/div>\n\n<\/div>\n\n\n\n<div style=\"height:60px\" aria-hidden=\"true\" class=\"wp-block-spacer\"><\/div>\n","protected":false},"excerpt":{"rendered":"","protected":false},"author":1,"featured_media":0,"parent":0,"menu_order":0,"comment_status":"closed","ping_status":"closed","template":"elementor_header_footer","meta":{"site-sidebar-layout":"default","site-content-layout":"default","ast-main-header-display":"","ast-hfb-above-header-display":"","ast-hfb-below-header-display":"","ast-hfb-mobile-header-display":"","site-post-title":"","ast-breadcrumbs-content":"","ast-featured-img":"","footer-sml-layout":"","theme-transparent-header-meta":"","adv-header-id-meta":"","stick-header-meta":"","header-above-stick-meta":"","header-main-stick-meta":"","header-below-stick-meta":""},"yoast_head":"<!-- This site is optimized with the Yoast SEO plugin v18.5.1 - https:\/\/yoast.com\/wordpress\/plugins\/seo\/ -->\n<title>M\u016fj \u00fa\u010det - Anders &amp; Kafka E-SHOP<\/title>\n<meta name=\"description\" content=\"Anders&amp;Kafka - Dovolujeme si V\u00e1m nab\u00edzet \u0161irok\u00fd sortiment kvalitn\u00edch v\u00fdrobk\u016f renomovan\u00fdch \u010desk\u00fdch a evropsk\u00fdch v\u00fdrobc\u016f specializuj\u00edc\u00edch se na saunov\u00e9 dopl\u0148ky a vybaven\u00ed saun.\" \/>\n<meta name=\"robots\" content=\"index, follow, max-snippet:-1, max-image-preview:large, max-video-preview:-1\" \/>\n<link rel=\"canonical\" href=\"https:\/\/anderskafka.cz\/eshop\/muj-ucet\/\" \/>\n<meta property=\"og:locale\" content=\"cs_CZ\" \/>\n<meta property=\"og:type\" content=\"article\" \/>\n<meta property=\"og:title\" content=\"M\u016fj \u00fa\u010det - Anders &amp; Kafka E-SHOP\" \/>\n<meta property=\"og:description\" content=\"Anders&amp;Kafka - Dovolujeme si V\u00e1m nab\u00edzet \u0161irok\u00fd sortiment kvalitn\u00edch v\u00fdrobk\u016f renomovan\u00fdch \u010desk\u00fdch a evropsk\u00fdch v\u00fdrobc\u016f specializuj\u00edc\u00edch se na saunov\u00e9 dopl\u0148ky a vybaven\u00ed saun.\" \/>\n<meta property=\"og:url\" content=\"https:\/\/anderskafka.cz\/eshop\/muj-ucet\/\" \/>\n<meta property=\"og:site_name\" content=\"Anders &amp; Kafka E-SHOP\" \/>\n<meta property=\"article:modified_time\" content=\"2022-12-16T14:13:06+00:00\" \/>\n<meta name=\"twitter:card\" content=\"summary_large_image\" \/>\n<meta name=\"twitter:label1\" content=\"Odhadovan\u00e1 doba \u010dten\u00ed\" \/>\n\t<meta name=\"twitter:data1\" content=\"1 minuta\" \/>\n<script type=\"application\/ld+json\" class=\"yoast-schema-graph\">{\"@context\":\"https:\/\/schema.org\",\"@graph\":[{\"@type\":\"WebSite\",\"@id\":\"https:\/\/anderskafka.cz\/eshop\/#website\",\"url\":\"https:\/\/anderskafka.cz\/eshop\/\",\"name\":\"Anders &amp; Kafka E-SHOP\",\"description\":\"Anders &amp; Kafka E-SHOP\",\"potentialAction\":[{\"@type\":\"SearchAction\",\"target\":{\"@type\":\"EntryPoint\",\"urlTemplate\":\"https:\/\/anderskafka.cz\/eshop\/?s={search_term_string}\"},\"query-input\":\"required name=search_term_string\"}],\"inLanguage\":\"cs\"},{\"@type\":\"WebPage\",\"@id\":\"https:\/\/anderskafka.cz\/eshop\/muj-ucet\/#webpage\",\"url\":\"https:\/\/anderskafka.cz\/eshop\/muj-ucet\/\",\"name\":\"M\u016fj \u00fa\u010det - Anders &amp; Kafka E-SHOP\",\"isPartOf\":{\"@id\":\"https:\/\/anderskafka.cz\/eshop\/#website\"},\"datePublished\":\"2022-04-12T11:04:10+00:00\",\"dateModified\":\"2022-12-16T14:13:06+00:00\",\"description\":\"Anders&Kafka - Dovolujeme si V\u00e1m nab\u00edzet \u0161irok\u00fd sortiment kvalitn\u00edch v\u00fdrobk\u016f renomovan\u00fdch \u010desk\u00fdch a evropsk\u00fdch v\u00fdrobc\u016f specializuj\u00edc\u00edch se na saunov\u00e9 dopl\u0148ky a vybaven\u00ed saun.\",\"breadcrumb\":{\"@id\":\"https:\/\/anderskafka.cz\/eshop\/muj-ucet\/#breadcrumb\"},\"inLanguage\":\"cs\",\"potentialAction\":[{\"@type\":\"ReadAction\",\"target\":[\"https:\/\/anderskafka.cz\/eshop\/muj-ucet\/\"]}]},{\"@type\":\"BreadcrumbList\",\"@id\":\"https:\/\/anderskafka.cz\/eshop\/muj-ucet\/#breadcrumb\",\"itemListElement\":[{\"@type\":\"ListItem\",\"position\":1,\"name\":\"M\u016fj \u00fa\u010det\"}]}]}<\/script>\n<!-- \/ Yoast SEO plugin. -->","yoast_head_json":{"title":"M\u016fj \u00fa\u010det - Anders &amp; Kafka E-SHOP","description":"Anders&Kafka - Dovolujeme si V\u00e1m nab\u00edzet \u0161irok\u00fd sortiment kvalitn\u00edch v\u00fdrobk\u016f renomovan\u00fdch \u010desk\u00fdch a evropsk\u00fdch v\u00fdrobc\u016f specializuj\u00edc\u00edch se na saunov\u00e9 dopl\u0148ky a vybaven\u00ed saun.","robots":{"index":"index","follow":"follow","max-snippet":"max-snippet:-1","max-image-preview":"max-image-preview:large","max-video-preview":"max-video-preview:-1"},"canonical":"https:\/\/anderskafka.cz\/eshop\/muj-ucet\/","og_locale":"cs_CZ","og_type":"article","og_title":"M\u016fj \u00fa\u010det - Anders &amp; Kafka E-SHOP","og_description":"Anders&Kafka - Dovolujeme si V\u00e1m nab\u00edzet \u0161irok\u00fd sortiment kvalitn\u00edch v\u00fdrobk\u016f renomovan\u00fdch \u010desk\u00fdch a evropsk\u00fdch v\u00fdrobc\u016f specializuj\u00edc\u00edch se na saunov\u00e9 dopl\u0148ky a vybaven\u00ed saun.","og_url":"https:\/\/anderskafka.cz\/eshop\/muj-ucet\/","og_site_name":"Anders &amp; Kafka E-SHOP","article_modified_time":"2022-12-16T14:13:06+00:00","twitter_card":"summary_large_image","twitter_misc":{"Odhadovan\u00e1 doba \u010dten\u00ed":"1 minuta"},"schema":{"@context":"https:\/\/schema.org","@graph":[{"@type":"WebSite","@id":"https:\/\/anderskafka.cz\/eshop\/#website","url":"https:\/\/anderskafka.cz\/eshop\/","name":"Anders &amp; Kafka E-SHOP","description":"Anders &amp; Kafka E-SHOP","potentialAction":[{"@type":"SearchAction","target":{"@type":"EntryPoint","urlTemplate":"https:\/\/anderskafka.cz\/eshop\/?s={search_term_string}"},"query-input":"required name=search_term_string"}],"inLanguage":"cs"},{"@type":"WebPage","@id":"https:\/\/anderskafka.cz\/eshop\/muj-ucet\/#webpage","url":"https:\/\/anderskafka.cz\/eshop\/muj-ucet\/","name":"M\u016fj \u00fa\u010det - Anders &amp; Kafka E-SHOP","isPartOf":{"@id":"https:\/\/anderskafka.cz\/eshop\/#website"},"datePublished":"2022-04-12T11:04:10+00:00","dateModified":"2022-12-16T14:13:06+00:00","description":"Anders&Kafka - Dovolujeme si V\u00e1m nab\u00edzet \u0161irok\u00fd sortiment kvalitn\u00edch v\u00fdrobk\u016f renomovan\u00fdch \u010desk\u00fdch a evropsk\u00fdch v\u00fdrobc\u016f specializuj\u00edc\u00edch se na saunov\u00e9 dopl\u0148ky a vybaven\u00ed saun.","breadcrumb":{"@id":"https:\/\/anderskafka.cz\/eshop\/muj-ucet\/#breadcrumb"},"inLanguage":"cs","potentialAction":[{"@type":"ReadAction","target":["https:\/\/anderskafka.cz\/eshop\/muj-ucet\/"]}]},{"@type":"BreadcrumbList","@id":"https:\/\/anderskafka.cz\/eshop\/muj-ucet\/#breadcrumb","itemListElement":[{"@type":"ListItem","position":1,"name":"M\u016fj \u00fa\u010det"}]}]}},"_links":{"self":[{"href":"https:\/\/anderskafka.cz\/eshop\/wp-json\/wp\/v2\/pages\/9"}],"collection":[{"href":"https:\/\/anderskafka.cz\/eshop\/wp-json\/wp\/v2\/pages"}],"about":[{"href":"https:\/\/anderskafka.cz\/eshop\/wp-json\/wp\/v2\/types\/page"}],"author":[{"embeddable":true,"href":"https:\/\/anderskafka.cz\/eshop\/wp-json\/wp\/v2\/users\/1"}],"replies":[{"embeddable":true,"href":"https:\/\/anderskafka.cz\/eshop\/wp-json\/wp\/v2\/comments?post=9"}],"version-history":[{"count":5,"href":"https:\/\/anderskafka.cz\/eshop\/wp-json\/wp\/v2\/pages\/9\/revisions"}],"predecessor-version":[{"id":1335,"href":"https:\/\/anderskafka.cz\/eshop\/wp-json\/wp\/v2\/pages\/9\/revisions\/1335"}],"wp:attachment":[{"href":"https:\/\/anderskafka.cz\/eshop\/wp-json\/wp\/v2\/media?parent=9"}],"curies":[{"name":"wp","href":"https:\/\/api.w.org\/{rel}","templated":true}]}}