{"id":10737,"date":"2025-06-30T21:31:34","date_gmt":"2025-06-30T19:31:34","guid":{"rendered":"https:\/\/anderskafka.cz\/eshop\/?post_type=product&#038;p=10737"},"modified":"2026-04-14T11:03:21","modified_gmt":"2026-04-14T09:03:21","slug":"esencialni-olej-doterra-green-mandarin-15-ml","status":"publish","type":"product","link":"https:\/\/anderskafka.cz\/eshop\/produkt\/esencialni-olej-doterra-green-mandarin-15-ml\/","title":{"rendered":"Esenci\u00e1ln\u00ed olej d\u014dTERRA\u2122 Green Mandarin 15 ml"},"content":{"rendered":"<p>Esenci\u00e1ln\u00ed olej Zelen\u00e1 mandarinka spole\u010dnosti D\u014dTERRA\u2122 lisovan\u00fd z nezral\u00fdch plod\u016f mandarinkovn\u00edku, je jedine\u010dn\u00fd mezi citrusov\u00fdmi oleji d\u00edky sv\u00e9 chuti i zp\u016fsob\u016fm pou\u017eit\u00ed. Tento olej m\u016f\u017ee podpo\u0159it zdrav\u00fd imunitn\u00ed, d\u00fdchac\u00ed, nervov\u00fd i tr\u00e1vic\u00ed syst\u00e9m. Zelen\u00e1 mandarinka podporuje veselou, energickou n\u00e1ladu a pocit klidu. Podobn\u011b jako ostatn\u00ed citrusov\u00e9 oleje je esenci\u00e1ln\u00ed olej zelen\u00e1 mandarinka se svou sladkou a m\u00edrn\u011b kv\u011btinovou v\u016fn\u00ed skv\u011bl\u00fdm zp\u016fsobem, jak dodat osv\u011b\u017euj\u00edc\u00ed p\u0159\u00edchu\u0165 vod\u011b, sal\u00e1t\u016fm a dal\u0161\u00edm pokrm\u016fm. Olej se skv\u011ble hod\u00ed k \u010di\u0161t\u011bn\u00ed povrch\u016f, v\u010detn\u011b odstra\u0148ov\u00e1n\u00ed zbytk\u016f samolepek podobn\u011b jako esenci\u00e1ln\u00ed olej Lemon.<\/p>\n<p>&nbsp;<\/p>\n<p><span style=\"font-size: 16px\">POU\u017dIT\u00cd<\/span><\/p>\n<p>P\u0159idejte p\u00e1r kapek do saunov\u00e9ho v\u011bdra s vodou a postupn\u011b nal\u00e9vejte na rozp\u00e1len\u00e9 saunov\u00e9 kameny.<br \/>\nNakapejte p\u00e1r kapek do vody v difuz\u00e9ru.<br \/>\nP\u0159idejte dv\u011b kapky do sklenice vody pro rychl\u00e9 citrusov\u00e9 osv\u011b\u017een\u00ed.<br \/>\nNa mas\u00e1\u017e i koupel sm\u00edchejte p\u00e1r kapek s nosn\u00fdm olejem.<\/p>\n<p>&nbsp;<\/p>\n<p>Citliv\u00e1 poko\u017eka m\u016f\u017ee reagovat podr\u00e1\u017ed\u011bn\u00edm. Uchov\u00e1vejte mimo dosah d\u011bt\u00ed.<\/p>\n<p>&nbsp;<\/p>\n<div>\n<p>Obsah t\u00e9to webov\u00e9 str\u00e1nky vych\u00e1z\u00ed z n\u00e1zor\u016f spole\u010dnosti doTERRA.<\/p>\n<\/div>\n","protected":false},"excerpt":{"rendered":"<p>Esenci\u00e1ln\u00ed olej Zelen\u00e1 mandarinka spole\u010dnosti D\u014dTERRA\u2122 lisovan\u00fd z nezral\u00fdch plod\u016f mandarinkovn\u00edku, je jedine\u010dn\u00fd mezi citrusov\u00fdmi oleji d\u00edky sv\u00e9 chuti i zp\u016fsob\u016fm pou\u017eit\u00ed.<\/p>\n<p>P\u0159idejte p\u00e1r kapek do saunov\u00e9ho v\u011bdra s vodou a postupn\u011b nal\u00e9vejte na rozp\u00e1len\u00e9 saunov\u00e9 kameny.<\/p>\n<p>&nbsp;<\/p>\n","protected":false},"featured_media":10740,"comment_status":"open","ping_status":"closed","template":"","meta":{"site-sidebar-layout":"default","site-content-layout":"default","ast-main-header-display":"","ast-hfb-above-header-display":"","ast-hfb-below-header-display":"","ast-hfb-mobile-header-display":"","site-post-title":"","ast-breadcrumbs-content":"","ast-featured-img":"","footer-sml-layout":"","theme-transparent-header-meta":"","adv-header-id-meta":"","stick-header-meta":"","header-above-stick-meta":"","header-main-stick-meta":"","header-below-stick-meta":""},"location":[],"product_cat":[959],"product_tag":[958],"yoast_head":"<!-- This site is optimized with the Yoast SEO plugin v18.5.1 - https:\/\/yoast.com\/wordpress\/plugins\/seo\/ -->\n<title>Esenci\u00e1ln\u00ed olej d\u014dTERRA\u2122 Green Mandarin 15 ml - Anders &amp; Kafka E-SHOP<\/title>\n<meta name=\"description\" content=\"Esenci\u00e1ln\u00ed olej Zelen\u00e1 mandarinka spole\u010dnosti D\u014dTERRA\u2122 lisovan\u00fd z nezral\u00fdch plod\u016f mandarinkovn\u00edku, je jedine\u010dn\u00fd mezi citrusov\u00fdmi oleji d\u00edky sv\u00e9 chuti i zp\u016fsob\u016fm pou\u017eit\u00ed.  P\u0159idejte p\u00e1r kapek do saunov\u00e9ho v\u011bdra s vodou a postupn\u011b nal\u00e9vejte na rozp\u00e1len\u00e9 saunov\u00e9 kameny.  &nbsp;\" \/>\n<meta name=\"robots\" content=\"index, follow, max-snippet:-1, max-image-preview:large, max-video-preview:-1\" \/>\n<link rel=\"canonical\" href=\"https:\/\/anderskafka.cz\/eshop\/produkt\/esencialni-olej-doterra-green-mandarin-15-ml\/\" \/>\n<meta property=\"og:locale\" content=\"cs_CZ\" \/>\n<meta property=\"og:type\" content=\"article\" \/>\n<meta property=\"og:title\" content=\"Esenci\u00e1ln\u00ed olej d\u014dTERRA\u2122 Green Mandarin 15 ml - Anders &amp; Kafka E-SHOP\" \/>\n<meta property=\"og:description\" content=\"Esenci\u00e1ln\u00ed olej Zelen\u00e1 mandarinka spole\u010dnosti D\u014dTERRA\u2122 lisovan\u00fd z nezral\u00fdch plod\u016f mandarinkovn\u00edku, je jedine\u010dn\u00fd mezi citrusov\u00fdmi oleji d\u00edky sv\u00e9 chuti i zp\u016fsob\u016fm pou\u017eit\u00ed.  P\u0159idejte p\u00e1r kapek do saunov\u00e9ho v\u011bdra s vodou a postupn\u011b nal\u00e9vejte na rozp\u00e1len\u00e9 saunov\u00e9 kameny.  &nbsp;\" \/>\n<meta property=\"og:url\" content=\"https:\/\/anderskafka.cz\/eshop\/produkt\/esencialni-olej-doterra-green-mandarin-15-ml\/\" \/>\n<meta property=\"og:site_name\" content=\"Anders &amp; Kafka E-SHOP\" \/>\n<meta property=\"article:modified_time\" content=\"2026-04-14T09:03:21+00:00\" \/>\n<meta property=\"og:image\" content=\"https:\/\/anderskafka.cz\/eshop\/wp-content\/uploads\/sites\/3\/2025\/06\/DOTERRA_Zelena-mandarinka-15ml_AndersKafka.png\" \/>\n\t<meta property=\"og:image:width\" content=\"1485\" \/>\n\t<meta property=\"og:image:height\" content=\"1485\" \/>\n\t<meta property=\"og:image:type\" content=\"image\/png\" \/>\n<meta name=\"twitter:card\" content=\"summary_large_image\" \/>\n<meta name=\"twitter:label1\" content=\"Odhadovan\u00e1 doba \u010dten\u00ed\" \/>\n\t<meta name=\"twitter:data1\" content=\"1 minuta\" \/>\n<script type=\"application\/ld+json\" class=\"yoast-schema-graph\">{\"@context\":\"https:\/\/schema.org\",\"@graph\":[{\"@type\":\"WebSite\",\"@id\":\"https:\/\/anderskafka.cz\/eshop\/#website\",\"url\":\"https:\/\/anderskafka.cz\/eshop\/\",\"name\":\"Anders &amp; Kafka E-SHOP\",\"description\":\"Anders &amp; Kafka E-SHOP\",\"potentialAction\":[{\"@type\":\"SearchAction\",\"target\":{\"@type\":\"EntryPoint\",\"urlTemplate\":\"https:\/\/anderskafka.cz\/eshop\/?s={search_term_string}\"},\"query-input\":\"required name=search_term_string\"}],\"inLanguage\":\"cs\"},{\"@type\":\"ImageObject\",\"@id\":\"https:\/\/anderskafka.cz\/eshop\/produkt\/esencialni-olej-doterra-green-mandarin-15-ml\/#primaryimage\",\"inLanguage\":\"cs\",\"url\":\"https:\/\/anderskafka.cz\/eshop\/wp-content\/uploads\/sites\/3\/2025\/06\/DOTERRA_Zelena-mandarinka-15ml_AndersKafka.png\",\"contentUrl\":\"https:\/\/anderskafka.cz\/eshop\/wp-content\/uploads\/sites\/3\/2025\/06\/DOTERRA_Zelena-mandarinka-15ml_AndersKafka.png\",\"width\":1485,\"height\":1485},{\"@type\":\"WebPage\",\"@id\":\"https:\/\/anderskafka.cz\/eshop\/produkt\/esencialni-olej-doterra-green-mandarin-15-ml\/#webpage\",\"url\":\"https:\/\/anderskafka.cz\/eshop\/produkt\/esencialni-olej-doterra-green-mandarin-15-ml\/\",\"name\":\"Esenci\u00e1ln\u00ed olej d\u014dTERRA\u2122 Green Mandarin 15 ml - Anders &amp; Kafka E-SHOP\",\"isPartOf\":{\"@id\":\"https:\/\/anderskafka.cz\/eshop\/#website\"},\"primaryImageOfPage\":{\"@id\":\"https:\/\/anderskafka.cz\/eshop\/produkt\/esencialni-olej-doterra-green-mandarin-15-ml\/#primaryimage\"},\"datePublished\":\"2025-06-30T19:31:34+00:00\",\"dateModified\":\"2026-04-14T09:03:21+00:00\",\"description\":\"Esenci\u00e1ln\u00ed olej Zelen\u00e1 mandarinka spole\u010dnosti D\u014dTERRA\u2122 lisovan\u00fd z nezral\u00fdch plod\u016f mandarinkovn\u00edku, je jedine\u010dn\u00fd mezi citrusov\u00fdmi oleji d\u00edky sv\u00e9 chuti i zp\u016fsob\u016fm pou\u017eit\u00ed. P\u0159idejte p\u00e1r kapek do saunov\u00e9ho v\u011bdra s vodou a postupn\u011b nal\u00e9vejte na rozp\u00e1len\u00e9 saunov\u00e9 kameny. &nbsp;\",\"breadcrumb\":{\"@id\":\"https:\/\/anderskafka.cz\/eshop\/produkt\/esencialni-olej-doterra-green-mandarin-15-ml\/#breadcrumb\"},\"inLanguage\":\"cs\",\"potentialAction\":[{\"@type\":\"ReadAction\",\"target\":[\"https:\/\/anderskafka.cz\/eshop\/produkt\/esencialni-olej-doterra-green-mandarin-15-ml\/\"]}]},{\"@type\":\"BreadcrumbList\",\"@id\":\"https:\/\/anderskafka.cz\/eshop\/produkt\/esencialni-olej-doterra-green-mandarin-15-ml\/#breadcrumb\",\"itemListElement\":[{\"@type\":\"ListItem\",\"position\":1,\"name\":\"Obchod\",\"item\":\"https:\/\/anderskafka.cz\/eshop\/obchod\/\"},{\"@type\":\"ListItem\",\"position\":2,\"name\":\"Esenci\u00e1ln\u00ed olej d\u014dTERRA\u2122 Green Mandarin 15 ml\"}]}]}<\/script>\n<!-- \/ Yoast SEO plugin. -->","yoast_head_json":{"title":"Esenci\u00e1ln\u00ed olej d\u014dTERRA\u2122 Green Mandarin 15 ml - Anders &amp; Kafka E-SHOP","description":"Esenci\u00e1ln\u00ed olej Zelen\u00e1 mandarinka spole\u010dnosti D\u014dTERRA\u2122 lisovan\u00fd z nezral\u00fdch plod\u016f mandarinkovn\u00edku, je jedine\u010dn\u00fd mezi citrusov\u00fdmi oleji d\u00edky sv\u00e9 chuti i zp\u016fsob\u016fm pou\u017eit\u00ed.  P\u0159idejte p\u00e1r kapek do saunov\u00e9ho v\u011bdra s vodou a postupn\u011b nal\u00e9vejte na rozp\u00e1len\u00e9 saunov\u00e9 kameny.  &nbsp;","robots":{"index":"index","follow":"follow","max-snippet":"max-snippet:-1","max-image-preview":"max-image-preview:large","max-video-preview":"max-video-preview:-1"},"canonical":"https:\/\/anderskafka.cz\/eshop\/produkt\/esencialni-olej-doterra-green-mandarin-15-ml\/","og_locale":"cs_CZ","og_type":"article","og_title":"Esenci\u00e1ln\u00ed olej d\u014dTERRA\u2122 Green Mandarin 15 ml - Anders &amp; Kafka E-SHOP","og_description":"Esenci\u00e1ln\u00ed olej Zelen\u00e1 mandarinka spole\u010dnosti D\u014dTERRA\u2122 lisovan\u00fd z nezral\u00fdch plod\u016f mandarinkovn\u00edku, je jedine\u010dn\u00fd mezi citrusov\u00fdmi oleji d\u00edky sv\u00e9 chuti i zp\u016fsob\u016fm pou\u017eit\u00ed.  P\u0159idejte p\u00e1r kapek do saunov\u00e9ho v\u011bdra s vodou a postupn\u011b nal\u00e9vejte na rozp\u00e1len\u00e9 saunov\u00e9 kameny.  &nbsp;","og_url":"https:\/\/anderskafka.cz\/eshop\/produkt\/esencialni-olej-doterra-green-mandarin-15-ml\/","og_site_name":"Anders &amp; Kafka E-SHOP","article_modified_time":"2026-04-14T09:03:21+00:00","og_image":[{"width":1485,"height":1485,"url":"https:\/\/anderskafka.cz\/eshop\/wp-content\/uploads\/sites\/3\/2025\/06\/DOTERRA_Zelena-mandarinka-15ml_AndersKafka.png","type":"image\/png"}],"twitter_card":"summary_large_image","twitter_misc":{"Odhadovan\u00e1 doba \u010dten\u00ed":"1 minuta"},"schema":{"@context":"https:\/\/schema.org","@graph":[{"@type":"WebSite","@id":"https:\/\/anderskafka.cz\/eshop\/#website","url":"https:\/\/anderskafka.cz\/eshop\/","name":"Anders &amp; Kafka E-SHOP","description":"Anders &amp; Kafka E-SHOP","potentialAction":[{"@type":"SearchAction","target":{"@type":"EntryPoint","urlTemplate":"https:\/\/anderskafka.cz\/eshop\/?s={search_term_string}"},"query-input":"required name=search_term_string"}],"inLanguage":"cs"},{"@type":"ImageObject","@id":"https:\/\/anderskafka.cz\/eshop\/produkt\/esencialni-olej-doterra-green-mandarin-15-ml\/#primaryimage","inLanguage":"cs","url":"https:\/\/anderskafka.cz\/eshop\/wp-content\/uploads\/sites\/3\/2025\/06\/DOTERRA_Zelena-mandarinka-15ml_AndersKafka.png","contentUrl":"https:\/\/anderskafka.cz\/eshop\/wp-content\/uploads\/sites\/3\/2025\/06\/DOTERRA_Zelena-mandarinka-15ml_AndersKafka.png","width":1485,"height":1485},{"@type":"WebPage","@id":"https:\/\/anderskafka.cz\/eshop\/produkt\/esencialni-olej-doterra-green-mandarin-15-ml\/#webpage","url":"https:\/\/anderskafka.cz\/eshop\/produkt\/esencialni-olej-doterra-green-mandarin-15-ml\/","name":"Esenci\u00e1ln\u00ed olej d\u014dTERRA\u2122 Green Mandarin 15 ml - Anders &amp; Kafka E-SHOP","isPartOf":{"@id":"https:\/\/anderskafka.cz\/eshop\/#website"},"primaryImageOfPage":{"@id":"https:\/\/anderskafka.cz\/eshop\/produkt\/esencialni-olej-doterra-green-mandarin-15-ml\/#primaryimage"},"datePublished":"2025-06-30T19:31:34+00:00","dateModified":"2026-04-14T09:03:21+00:00","description":"Esenci\u00e1ln\u00ed olej Zelen\u00e1 mandarinka spole\u010dnosti D\u014dTERRA\u2122 lisovan\u00fd z nezral\u00fdch plod\u016f mandarinkovn\u00edku, je jedine\u010dn\u00fd mezi citrusov\u00fdmi oleji d\u00edky sv\u00e9 chuti i zp\u016fsob\u016fm pou\u017eit\u00ed. P\u0159idejte p\u00e1r kapek do saunov\u00e9ho v\u011bdra s vodou a postupn\u011b nal\u00e9vejte na rozp\u00e1len\u00e9 saunov\u00e9 kameny. &nbsp;","breadcrumb":{"@id":"https:\/\/anderskafka.cz\/eshop\/produkt\/esencialni-olej-doterra-green-mandarin-15-ml\/#breadcrumb"},"inLanguage":"cs","potentialAction":[{"@type":"ReadAction","target":["https:\/\/anderskafka.cz\/eshop\/produkt\/esencialni-olej-doterra-green-mandarin-15-ml\/"]}]},{"@type":"BreadcrumbList","@id":"https:\/\/anderskafka.cz\/eshop\/produkt\/esencialni-olej-doterra-green-mandarin-15-ml\/#breadcrumb","itemListElement":[{"@type":"ListItem","position":1,"name":"Obchod","item":"https:\/\/anderskafka.cz\/eshop\/obchod\/"},{"@type":"ListItem","position":2,"name":"Esenci\u00e1ln\u00ed olej d\u014dTERRA\u2122 Green Mandarin 15 ml"}]}]}},"locations":[],"_links":{"self":[{"href":"https:\/\/anderskafka.cz\/eshop\/wp-json\/wp\/v2\/product\/10737"}],"collection":[{"href":"https:\/\/anderskafka.cz\/eshop\/wp-json\/wp\/v2\/product"}],"about":[{"href":"https:\/\/anderskafka.cz\/eshop\/wp-json\/wp\/v2\/types\/product"}],"replies":[{"embeddable":true,"href":"https:\/\/anderskafka.cz\/eshop\/wp-json\/wp\/v2\/comments?post=10737"}],"wp:featuredmedia":[{"embeddable":true,"href":"https:\/\/anderskafka.cz\/eshop\/wp-json\/wp\/v2\/media\/10740"}],"wp:attachment":[{"href":"https:\/\/anderskafka.cz\/eshop\/wp-json\/wp\/v2\/media?parent=10737"}],"wp:term":[{"taxonomy":"location","embeddable":true,"href":"https:\/\/anderskafka.cz\/eshop\/wp-json\/wp\/v2\/location?post=10737"},{"taxonomy":"product_cat","embeddable":true,"href":"https:\/\/anderskafka.cz\/eshop\/wp-json\/wp\/v2\/product_cat?post=10737"},{"taxonomy":"product_tag","embeddable":true,"href":"https:\/\/anderskafka.cz\/eshop\/wp-json\/wp\/v2\/product_tag?post=10737"}],"curies":[{"name":"wp","href":"https:\/\/api.w.org\/{rel}","templated":true}]}}