{"id":10798,"date":"2025-07-07T11:16:25","date_gmt":"2025-07-07T09:16:25","guid":{"rendered":"https:\/\/anderskafka.cz\/eshop\/?post_type=product&#038;p=10798"},"modified":"2025-12-04T20:58:24","modified_gmt":"2025-12-04T19:58:24","slug":"rento-saunove-bambusove-vedro-s-rukojeti-a-vnitrnim-kbelikem-tmave-hnede","status":"publish","type":"product","link":"https:\/\/anderskafka.cz\/eshop\/produkt\/rento-saunove-bambusove-vedro-s-rukojeti-a-vnitrnim-kbelikem-tmave-hnede\/","title":{"rendered":"RENTO saunov\u00e9 bambusov\u00e9 v\u011bdro s rukojet\u00ed a vnit\u0159n\u00edm kbel\u00edkem, tmav\u011b hn\u011bd\u00e9"},"content":{"rendered":"<p>V\u011bdro do sauny s praktickou rukojet\u00ed je vyrobeno z tepeln\u011b upraven\u00e9ho bambusu, d\u00edky \u010demu\u017e se p\u0159\u00edjemn\u011b dr\u017e\u00ed.<br \/>\nK v\u011bdru se velmi hod\u00ed designov\u00e1 nab\u011bra\u010dka stejn\u00e9 edice.<br \/>\nFinsk\u00e1 kvalita.<br \/>\nPo saunov\u00e1n\u00ed v\u017edy v\u011bdro vypr\u00e1zdn\u011bte a nenech\u00e1vejte jej vyschnout v hork\u00e9 a vlhk\u00e9 saun\u011b. Vnit\u0159n\u00ed plastov\u00fd kbel\u00edk usnad\u0148uje \u010di\u0161t\u011bn\u00ed a prodlu\u017euje jeho \u017eivotnost.<br \/>\nNab\u011bra\u010dka ani kart\u00e1\u010d nejsou sou\u010d\u00e1st\u00ed balen\u00ed.<\/p>\n","protected":false},"excerpt":{"rendered":"<p>Nad\u010dasov\u00fd design v kombinaci s u\u017eivatelsky p\u0159\u00edjemn\u00fdmi tvary. V\u011bdro do sauny s praktickou rukojet\u00ed je vyrobeno z tepeln\u011b upraven\u00e9ho bambusu, d\u00edky \u010demu\u017e se v\u011bdro p\u0159\u00edjemn\u011b dr\u017e\u00ed. \u00dadr\u017ebu usnad\u0148uje plastov\u00fd kbelik, kter\u00fd se vklad\u00e1 do bambusov\u00e9ho v\u011bdra.<br \/>\nInspirov\u00e1no p\u0159\u00edrodou. Navr\u017eeno ve Finsku, specialistou na saunov\u00e9 dopl\u0148ky spole\u010dnost\u00ed RENTO. Relaxujte a u\u017e\u00edvejte si harmonii z autentick\u00e9ho z\u00e1\u017eitku finsk\u00e9 sauny.<img loading=\"lazy\" class=\"wp-image-135 aligncenter\" src=\"https:\/\/anderskafka.cz\/eshop\/wp-content\/uploads\/sites\/3\/2022\/06\/DesignFromFinland_web-1-300x300.png\" alt=\"\" width=\"178\" height=\"178\" \/><\/p>\n","protected":false},"featured_media":10800,"comment_status":"open","ping_status":"closed","template":"","meta":{"site-sidebar-layout":"default","site-content-layout":"default","ast-main-header-display":"","ast-hfb-above-header-display":"","ast-hfb-below-header-display":"","ast-hfb-mobile-header-display":"","site-post-title":"","ast-breadcrumbs-content":"","ast-featured-img":"","footer-sml-layout":"","theme-transparent-header-meta":"","adv-header-id-meta":"","stick-header-meta":"","header-above-stick-meta":"","header-main-stick-meta":"","header-below-stick-meta":""},"location":[],"product_cat":[1640,101],"product_tag":[103],"yoast_head":"<!-- This site is optimized with the Yoast SEO plugin v18.5.1 - https:\/\/yoast.com\/wordpress\/plugins\/seo\/ -->\n<title>RENTO saunov\u00e9 bambusov\u00e9 v\u011bdro s rukojet\u00ed a vnit\u0159n\u00edm kbel\u00edkem, tmav\u011b hn\u011bd\u00e9 - Anders &amp; Kafka E-SHOP<\/title>\n<meta name=\"description\" content=\"Nad\u010dasov\u00fd design v kombinaci s u\u017eivatelsky p\u0159\u00edjemn\u00fdmi tvary. V\u011bdro do sauny s praktickou rukojet\u00ed je vyrobeno z tepeln\u011b upraven\u00e9ho bambusu, d\u00edky \u010demu\u017e se v\u011bdro p\u0159\u00edjemn\u011b dr\u017e\u00ed. \u00dadr\u017ebu usnad\u0148uje plastov\u00fd kbelik, kter\u00fd se vklad\u00e1 do bambusov\u00e9ho v\u011bdra. Inspirov\u00e1no p\u0159\u00edrodou. Navr\u017eeno ve Finsku, specialistou na saunov\u00e9 dopl\u0148ky spole\u010dnost\u00ed RENTO. Relaxujte a u\u017e\u00edvejte si harmonii z autentick\u00e9ho z\u00e1\u017eitku finsk\u00e9 sauny.\" \/>\n<meta name=\"robots\" content=\"index, follow, max-snippet:-1, max-image-preview:large, max-video-preview:-1\" \/>\n<link rel=\"canonical\" href=\"https:\/\/anderskafka.cz\/eshop\/produkt\/rento-saunove-bambusove-vedro-s-rukojeti-a-vnitrnim-kbelikem-tmave-hnede\/\" \/>\n<meta property=\"og:locale\" content=\"cs_CZ\" \/>\n<meta property=\"og:type\" content=\"article\" \/>\n<meta property=\"og:title\" content=\"RENTO saunov\u00e9 bambusov\u00e9 v\u011bdro s rukojet\u00ed a vnit\u0159n\u00edm kbel\u00edkem, tmav\u011b hn\u011bd\u00e9 - Anders &amp; Kafka E-SHOP\" \/>\n<meta property=\"og:description\" content=\"Nad\u010dasov\u00fd design v kombinaci s u\u017eivatelsky p\u0159\u00edjemn\u00fdmi tvary. V\u011bdro do sauny s praktickou rukojet\u00ed je vyrobeno z tepeln\u011b upraven\u00e9ho bambusu, d\u00edky \u010demu\u017e se v\u011bdro p\u0159\u00edjemn\u011b dr\u017e\u00ed. \u00dadr\u017ebu usnad\u0148uje plastov\u00fd kbelik, kter\u00fd se vklad\u00e1 do bambusov\u00e9ho v\u011bdra. Inspirov\u00e1no p\u0159\u00edrodou. Navr\u017eeno ve Finsku, specialistou na saunov\u00e9 dopl\u0148ky spole\u010dnost\u00ed RENTO. Relaxujte a u\u017e\u00edvejte si harmonii z autentick\u00e9ho z\u00e1\u017eitku finsk\u00e9 sauny.\" \/>\n<meta property=\"og:url\" content=\"https:\/\/anderskafka.cz\/eshop\/produkt\/rento-saunove-bambusove-vedro-s-rukojeti-a-vnitrnim-kbelikem-tmave-hnede\/\" \/>\n<meta property=\"og:site_name\" content=\"Anders &amp; Kafka E-SHOP\" \/>\n<meta property=\"article:modified_time\" content=\"2025-12-04T19:58:24+00:00\" \/>\n<meta name=\"twitter:card\" content=\"summary_large_image\" \/>\n<meta name=\"twitter:image\" content=\"https:\/\/anderskafka.cz\/eshop\/wp-content\/uploads\/sites\/3\/2025\/07\/RENTO_vedrobambustmave1_AndersKafka.webp\" \/>\n<meta name=\"twitter:label1\" content=\"Odhadovan\u00e1 doba \u010dten\u00ed\" \/>\n\t<meta name=\"twitter:data1\" content=\"1 minuta\" \/>\n<script type=\"application\/ld+json\" class=\"yoast-schema-graph\">{\"@context\":\"https:\/\/schema.org\",\"@graph\":[{\"@type\":\"WebSite\",\"@id\":\"https:\/\/anderskafka.cz\/eshop\/#website\",\"url\":\"https:\/\/anderskafka.cz\/eshop\/\",\"name\":\"Anders &amp; Kafka E-SHOP\",\"description\":\"Anders &amp; Kafka E-SHOP\",\"potentialAction\":[{\"@type\":\"SearchAction\",\"target\":{\"@type\":\"EntryPoint\",\"urlTemplate\":\"https:\/\/anderskafka.cz\/eshop\/?s={search_term_string}\"},\"query-input\":\"required name=search_term_string\"}],\"inLanguage\":\"cs\"},{\"@type\":\"ImageObject\",\"@id\":\"https:\/\/anderskafka.cz\/eshop\/produkt\/rento-saunove-bambusove-vedro-s-rukojeti-a-vnitrnim-kbelikem-tmave-hnede\/#primaryimage\",\"inLanguage\":\"cs\",\"url\":\"https:\/\/anderskafka.cz\/eshop\/wp-content\/uploads\/sites\/3\/2025\/07\/RENTO_vedrobambustmave1_AndersKafka.webp\",\"contentUrl\":\"https:\/\/anderskafka.cz\/eshop\/wp-content\/uploads\/sites\/3\/2025\/07\/RENTO_vedrobambustmave1_AndersKafka.webp\",\"width\":1500,\"height\":1500},{\"@type\":\"WebPage\",\"@id\":\"https:\/\/anderskafka.cz\/eshop\/produkt\/rento-saunove-bambusove-vedro-s-rukojeti-a-vnitrnim-kbelikem-tmave-hnede\/#webpage\",\"url\":\"https:\/\/anderskafka.cz\/eshop\/produkt\/rento-saunove-bambusove-vedro-s-rukojeti-a-vnitrnim-kbelikem-tmave-hnede\/\",\"name\":\"RENTO saunov\u00e9 bambusov\u00e9 v\u011bdro s rukojet\u00ed a vnit\u0159n\u00edm kbel\u00edkem, tmav\u011b hn\u011bd\u00e9 - Anders &amp; Kafka E-SHOP\",\"isPartOf\":{\"@id\":\"https:\/\/anderskafka.cz\/eshop\/#website\"},\"primaryImageOfPage\":{\"@id\":\"https:\/\/anderskafka.cz\/eshop\/produkt\/rento-saunove-bambusove-vedro-s-rukojeti-a-vnitrnim-kbelikem-tmave-hnede\/#primaryimage\"},\"datePublished\":\"2025-07-07T09:16:25+00:00\",\"dateModified\":\"2025-12-04T19:58:24+00:00\",\"description\":\"Nad\u010dasov\u00fd design v kombinaci s u\u017eivatelsky p\u0159\u00edjemn\u00fdmi tvary. V\u011bdro do sauny s praktickou rukojet\u00ed je vyrobeno z tepeln\u011b upraven\u00e9ho bambusu, d\u00edky \u010demu\u017e se v\u011bdro p\u0159\u00edjemn\u011b dr\u017e\u00ed. \u00dadr\u017ebu usnad\u0148uje plastov\u00fd kbelik, kter\u00fd se vklad\u00e1 do bambusov\u00e9ho v\u011bdra. Inspirov\u00e1no p\u0159\u00edrodou. Navr\u017eeno ve Finsku, specialistou na saunov\u00e9 dopl\u0148ky spole\u010dnost\u00ed RENTO. Relaxujte a u\u017e\u00edvejte si harmonii z autentick\u00e9ho z\u00e1\u017eitku finsk\u00e9 sauny.\",\"breadcrumb\":{\"@id\":\"https:\/\/anderskafka.cz\/eshop\/produkt\/rento-saunove-bambusove-vedro-s-rukojeti-a-vnitrnim-kbelikem-tmave-hnede\/#breadcrumb\"},\"inLanguage\":\"cs\",\"potentialAction\":[{\"@type\":\"ReadAction\",\"target\":[\"https:\/\/anderskafka.cz\/eshop\/produkt\/rento-saunove-bambusove-vedro-s-rukojeti-a-vnitrnim-kbelikem-tmave-hnede\/\"]}]},{\"@type\":\"BreadcrumbList\",\"@id\":\"https:\/\/anderskafka.cz\/eshop\/produkt\/rento-saunove-bambusove-vedro-s-rukojeti-a-vnitrnim-kbelikem-tmave-hnede\/#breadcrumb\",\"itemListElement\":[{\"@type\":\"ListItem\",\"position\":1,\"name\":\"Obchod\",\"item\":\"https:\/\/anderskafka.cz\/eshop\/obchod\/\"},{\"@type\":\"ListItem\",\"position\":2,\"name\":\"RENTO saunov\u00e9 bambusov\u00e9 v\u011bdro s rukojet\u00ed a vnit\u0159n\u00edm kbel\u00edkem, tmav\u011b hn\u011bd\u00e9\"}]}]}<\/script>\n<!-- \/ Yoast SEO plugin. -->","yoast_head_json":{"title":"RENTO saunov\u00e9 bambusov\u00e9 v\u011bdro s rukojet\u00ed a vnit\u0159n\u00edm kbel\u00edkem, tmav\u011b hn\u011bd\u00e9 - Anders &amp; Kafka E-SHOP","description":"Nad\u010dasov\u00fd design v kombinaci s u\u017eivatelsky p\u0159\u00edjemn\u00fdmi tvary. V\u011bdro do sauny s praktickou rukojet\u00ed je vyrobeno z tepeln\u011b upraven\u00e9ho bambusu, d\u00edky \u010demu\u017e se v\u011bdro p\u0159\u00edjemn\u011b dr\u017e\u00ed. \u00dadr\u017ebu usnad\u0148uje plastov\u00fd kbelik, kter\u00fd se vklad\u00e1 do bambusov\u00e9ho v\u011bdra. Inspirov\u00e1no p\u0159\u00edrodou. Navr\u017eeno ve Finsku, specialistou na saunov\u00e9 dopl\u0148ky spole\u010dnost\u00ed RENTO. Relaxujte a u\u017e\u00edvejte si harmonii z autentick\u00e9ho z\u00e1\u017eitku finsk\u00e9 sauny.","robots":{"index":"index","follow":"follow","max-snippet":"max-snippet:-1","max-image-preview":"max-image-preview:large","max-video-preview":"max-video-preview:-1"},"canonical":"https:\/\/anderskafka.cz\/eshop\/produkt\/rento-saunove-bambusove-vedro-s-rukojeti-a-vnitrnim-kbelikem-tmave-hnede\/","og_locale":"cs_CZ","og_type":"article","og_title":"RENTO saunov\u00e9 bambusov\u00e9 v\u011bdro s rukojet\u00ed a vnit\u0159n\u00edm kbel\u00edkem, tmav\u011b hn\u011bd\u00e9 - Anders &amp; Kafka E-SHOP","og_description":"Nad\u010dasov\u00fd design v kombinaci s u\u017eivatelsky p\u0159\u00edjemn\u00fdmi tvary. V\u011bdro do sauny s praktickou rukojet\u00ed je vyrobeno z tepeln\u011b upraven\u00e9ho bambusu, d\u00edky \u010demu\u017e se v\u011bdro p\u0159\u00edjemn\u011b dr\u017e\u00ed. \u00dadr\u017ebu usnad\u0148uje plastov\u00fd kbelik, kter\u00fd se vklad\u00e1 do bambusov\u00e9ho v\u011bdra. Inspirov\u00e1no p\u0159\u00edrodou. Navr\u017eeno ve Finsku, specialistou na saunov\u00e9 dopl\u0148ky spole\u010dnost\u00ed RENTO. Relaxujte a u\u017e\u00edvejte si harmonii z autentick\u00e9ho z\u00e1\u017eitku finsk\u00e9 sauny.","og_url":"https:\/\/anderskafka.cz\/eshop\/produkt\/rento-saunove-bambusove-vedro-s-rukojeti-a-vnitrnim-kbelikem-tmave-hnede\/","og_site_name":"Anders &amp; Kafka E-SHOP","article_modified_time":"2025-12-04T19:58:24+00:00","twitter_card":"summary_large_image","twitter_image":"https:\/\/anderskafka.cz\/eshop\/wp-content\/uploads\/sites\/3\/2025\/07\/RENTO_vedrobambustmave1_AndersKafka.webp","twitter_misc":{"Odhadovan\u00e1 doba \u010dten\u00ed":"1 minuta"},"schema":{"@context":"https:\/\/schema.org","@graph":[{"@type":"WebSite","@id":"https:\/\/anderskafka.cz\/eshop\/#website","url":"https:\/\/anderskafka.cz\/eshop\/","name":"Anders &amp; Kafka E-SHOP","description":"Anders &amp; Kafka E-SHOP","potentialAction":[{"@type":"SearchAction","target":{"@type":"EntryPoint","urlTemplate":"https:\/\/anderskafka.cz\/eshop\/?s={search_term_string}"},"query-input":"required name=search_term_string"}],"inLanguage":"cs"},{"@type":"ImageObject","@id":"https:\/\/anderskafka.cz\/eshop\/produkt\/rento-saunove-bambusove-vedro-s-rukojeti-a-vnitrnim-kbelikem-tmave-hnede\/#primaryimage","inLanguage":"cs","url":"https:\/\/anderskafka.cz\/eshop\/wp-content\/uploads\/sites\/3\/2025\/07\/RENTO_vedrobambustmave1_AndersKafka.webp","contentUrl":"https:\/\/anderskafka.cz\/eshop\/wp-content\/uploads\/sites\/3\/2025\/07\/RENTO_vedrobambustmave1_AndersKafka.webp","width":1500,"height":1500},{"@type":"WebPage","@id":"https:\/\/anderskafka.cz\/eshop\/produkt\/rento-saunove-bambusove-vedro-s-rukojeti-a-vnitrnim-kbelikem-tmave-hnede\/#webpage","url":"https:\/\/anderskafka.cz\/eshop\/produkt\/rento-saunove-bambusove-vedro-s-rukojeti-a-vnitrnim-kbelikem-tmave-hnede\/","name":"RENTO saunov\u00e9 bambusov\u00e9 v\u011bdro s rukojet\u00ed a vnit\u0159n\u00edm kbel\u00edkem, tmav\u011b hn\u011bd\u00e9 - Anders &amp; Kafka E-SHOP","isPartOf":{"@id":"https:\/\/anderskafka.cz\/eshop\/#website"},"primaryImageOfPage":{"@id":"https:\/\/anderskafka.cz\/eshop\/produkt\/rento-saunove-bambusove-vedro-s-rukojeti-a-vnitrnim-kbelikem-tmave-hnede\/#primaryimage"},"datePublished":"2025-07-07T09:16:25+00:00","dateModified":"2025-12-04T19:58:24+00:00","description":"Nad\u010dasov\u00fd design v kombinaci s u\u017eivatelsky p\u0159\u00edjemn\u00fdmi tvary. V\u011bdro do sauny s praktickou rukojet\u00ed je vyrobeno z tepeln\u011b upraven\u00e9ho bambusu, d\u00edky \u010demu\u017e se v\u011bdro p\u0159\u00edjemn\u011b dr\u017e\u00ed. \u00dadr\u017ebu usnad\u0148uje plastov\u00fd kbelik, kter\u00fd se vklad\u00e1 do bambusov\u00e9ho v\u011bdra. Inspirov\u00e1no p\u0159\u00edrodou. Navr\u017eeno ve Finsku, specialistou na saunov\u00e9 dopl\u0148ky spole\u010dnost\u00ed RENTO. Relaxujte a u\u017e\u00edvejte si harmonii z autentick\u00e9ho z\u00e1\u017eitku finsk\u00e9 sauny.","breadcrumb":{"@id":"https:\/\/anderskafka.cz\/eshop\/produkt\/rento-saunove-bambusove-vedro-s-rukojeti-a-vnitrnim-kbelikem-tmave-hnede\/#breadcrumb"},"inLanguage":"cs","potentialAction":[{"@type":"ReadAction","target":["https:\/\/anderskafka.cz\/eshop\/produkt\/rento-saunove-bambusove-vedro-s-rukojeti-a-vnitrnim-kbelikem-tmave-hnede\/"]}]},{"@type":"BreadcrumbList","@id":"https:\/\/anderskafka.cz\/eshop\/produkt\/rento-saunove-bambusove-vedro-s-rukojeti-a-vnitrnim-kbelikem-tmave-hnede\/#breadcrumb","itemListElement":[{"@type":"ListItem","position":1,"name":"Obchod","item":"https:\/\/anderskafka.cz\/eshop\/obchod\/"},{"@type":"ListItem","position":2,"name":"RENTO saunov\u00e9 bambusov\u00e9 v\u011bdro s rukojet\u00ed a vnit\u0159n\u00edm kbel\u00edkem, tmav\u011b hn\u011bd\u00e9"}]}]}},"locations":[],"_links":{"self":[{"href":"https:\/\/anderskafka.cz\/eshop\/wp-json\/wp\/v2\/product\/10798"}],"collection":[{"href":"https:\/\/anderskafka.cz\/eshop\/wp-json\/wp\/v2\/product"}],"about":[{"href":"https:\/\/anderskafka.cz\/eshop\/wp-json\/wp\/v2\/types\/product"}],"replies":[{"embeddable":true,"href":"https:\/\/anderskafka.cz\/eshop\/wp-json\/wp\/v2\/comments?post=10798"}],"wp:featuredmedia":[{"embeddable":true,"href":"https:\/\/anderskafka.cz\/eshop\/wp-json\/wp\/v2\/media\/10800"}],"wp:attachment":[{"href":"https:\/\/anderskafka.cz\/eshop\/wp-json\/wp\/v2\/media?parent=10798"}],"wp:term":[{"taxonomy":"location","embeddable":true,"href":"https:\/\/anderskafka.cz\/eshop\/wp-json\/wp\/v2\/location?post=10798"},{"taxonomy":"product_cat","embeddable":true,"href":"https:\/\/anderskafka.cz\/eshop\/wp-json\/wp\/v2\/product_cat?post=10798"},{"taxonomy":"product_tag","embeddable":true,"href":"https:\/\/anderskafka.cz\/eshop\/wp-json\/wp\/v2\/product_tag?post=10798"}],"curies":[{"name":"wp","href":"https:\/\/api.w.org\/{rel}","templated":true}]}}