{"id":11064,"date":"2025-07-24T20:52:30","date_gmt":"2025-07-24T18:52:30","guid":{"rendered":"https:\/\/anderskafka.cz\/eshop\/?post_type=product&#038;p=11064"},"modified":"2025-10-23T13:31:35","modified_gmt":"2025-10-23T11:31:35","slug":"chemoform-oxi-chlor-shock-granulat-1-kg","status":"publish","type":"product","link":"https:\/\/anderskafka.cz\/eshop\/produkt\/chemoform-oxi-chlor-shock-granulat-1-kg\/","title":{"rendered":"CHEMOFORM oxi chlor shock granul\u00e1t, 1 kg"},"content":{"rendered":"<div id=\"product-description\">\n<p>Tento p\u0159\u00edpravek m\u00e1 extr\u00e9mn\u011b siln\u00e9 dezinfek\u010dn\u00ed i oxida\u010dn\u00ed \u00fa\u010dinky, pom\u00e1h\u00e1 proto i v m\u00edstech, kde klasick\u00e9 metody selh\u00e1vaj\u00ed. Je vhodn\u00fd i pro p\u0159\u00edpady, kdy se ji\u017e v okol\u00ed baz\u00e9nu nebo whirlpoolu vytvo\u0159ily kolonie legionely \u010di pseudomon\u00e1dy. M\u016f\u017ee se vyu\u017e\u00edt i k odbour\u00e1n\u00ed v\u00e1zan\u00e9ho chl\u00f3ru, kde je \u00fa\u010dinn\u011bj\u0161\u00ed ne\u017e klasick\u00fd chl\u00f3r (chlorace do bodu zlomu &#8211; v\u00edce informac\u00ed v katalogu).<\/p>\n<p>Pozor! P\u0159\u00edpravek &#8220;mate&#8221; klasick\u00e9 DPD m\u011b\u0159en\u00ed hodnoty chl\u00f3ru &#8211; tzn. kr\u00e1tkodob\u011b po aplikaci V\u00e1m b\u011b\u017en\u00e9 testery uk\u00e1\u017e\u00ed v\u00edce chl\u00f3ru, ne\u017e je ve skute\u010dnosti v baz\u00e9nu obsa\u017eeno. Je to zp\u016fsobeno t\u00edm, \u017ee tester &#8220;p\u0159im\u011b\u0159uje &#8211; p\u0159i\u010d\u00edt\u00e1&#8221; i obsa\u017een\u00fd kysl\u00edk.<\/p>\n<p><strong style=\"font-size: 16px\">Pou\u017e\u00edvejte biocidn\u00ed p\u0159\u00edpravky bezpe\u010dn\u011b. P\u0159ed pou\u017eit\u00edm si v\u017edy p\u0159e\u010dt\u011bte \u00fadaje na obalu a p\u0159ipojen\u00e9 informace o v\u00fdrobku.<\/strong><\/p>\n<\/div>\n","protected":false},"excerpt":{"rendered":"<p>Unik\u00e1tn\u00ed kombinace kysl\u00edkov\u00e9 a chl\u00f3rov\u00e9 dezinfekce k extr\u00e9mn\u011b \u00fa\u010dinn\u00e9mu a rychl\u00e9mu \u0161okov\u00e9mu o\u0161et\u0159en\u00ed vody. Chl\u00f3r v tomto p\u0159\u00edpad\u011b dezinfikuje &#8211; hub\u00ed bakterie a kysl\u00edk okam\u017eit\u011b odbour\u00e1v\u00e1 molekuly v\u00e1zan\u00e9ho chl\u00f3ru. D\u00edky extr\u00e9mn\u011b rychl\u00e9 reakci m\u016f\u017eete baz\u00e9n pou\u017e\u00edvat velmi kr\u00e1tce po proveden\u00ed \u0161okov\u00e9ho o\u0161et\u0159en\u00ed.<\/p>\n","protected":false},"featured_media":11067,"comment_status":"open","ping_status":"closed","template":"","meta":{"site-sidebar-layout":"default","site-content-layout":"default","ast-main-header-display":"","ast-hfb-above-header-display":"","ast-hfb-below-header-display":"","ast-hfb-mobile-header-display":"disabled","site-post-title":"","ast-breadcrumbs-content":"","ast-featured-img":"","footer-sml-layout":"","theme-transparent-header-meta":"","adv-header-id-meta":"","stick-header-meta":"","header-above-stick-meta":"","header-main-stick-meta":"","header-below-stick-meta":""},"location":[],"product_cat":[1593],"product_tag":[1126],"yoast_head":"<!-- This site is optimized with the Yoast SEO plugin v18.5.1 - https:\/\/yoast.com\/wordpress\/plugins\/seo\/ -->\n<title>CHEMOFORM oxi chlor shock granul\u00e1t, 1 kg - Anders &amp; Kafka E-SHOP<\/title>\n<meta name=\"description\" content=\"Unik\u00e1tn\u00ed kombinace kysl\u00edkov\u00e9 a chl\u00f3rov\u00e9 dezinfekce k extr\u00e9mn\u011b \u00fa\u010dinn\u00e9mu a rychl\u00e9mu \u0161okov\u00e9mu o\u0161et\u0159en\u00ed vody. Chl\u00f3r v tomto p\u0159\u00edpad\u011b dezinfikuje - hub\u00ed bakterie a kysl\u00edk okam\u017eit\u011b odbour\u00e1v\u00e1 molekuly v\u00e1zan\u00e9ho chl\u00f3ru. D\u00edky extr\u00e9mn\u011b rychl\u00e9 reakci m\u016f\u017eete baz\u00e9n pou\u017e\u00edvat velmi kr\u00e1tce po proveden\u00ed \u0161okov\u00e9ho o\u0161et\u0159en\u00ed.\" \/>\n<meta name=\"robots\" content=\"index, follow, max-snippet:-1, max-image-preview:large, max-video-preview:-1\" \/>\n<link rel=\"canonical\" href=\"https:\/\/anderskafka.cz\/eshop\/produkt\/chemoform-oxi-chlor-shock-granulat-1-kg\/\" \/>\n<meta property=\"og:locale\" content=\"cs_CZ\" \/>\n<meta property=\"og:type\" content=\"article\" \/>\n<meta property=\"og:title\" content=\"CHEMOFORM oxi chlor shock granul\u00e1t, 1 kg - Anders &amp; Kafka E-SHOP\" \/>\n<meta property=\"og:description\" content=\"Unik\u00e1tn\u00ed kombinace kysl\u00edkov\u00e9 a chl\u00f3rov\u00e9 dezinfekce k extr\u00e9mn\u011b \u00fa\u010dinn\u00e9mu a rychl\u00e9mu \u0161okov\u00e9mu o\u0161et\u0159en\u00ed vody. Chl\u00f3r v tomto p\u0159\u00edpad\u011b dezinfikuje - hub\u00ed bakterie a kysl\u00edk okam\u017eit\u011b odbour\u00e1v\u00e1 molekuly v\u00e1zan\u00e9ho chl\u00f3ru. D\u00edky extr\u00e9mn\u011b rychl\u00e9 reakci m\u016f\u017eete baz\u00e9n pou\u017e\u00edvat velmi kr\u00e1tce po proveden\u00ed \u0161okov\u00e9ho o\u0161et\u0159en\u00ed.\" \/>\n<meta property=\"og:url\" content=\"https:\/\/anderskafka.cz\/eshop\/produkt\/chemoform-oxi-chlor-shock-granulat-1-kg\/\" \/>\n<meta property=\"og:site_name\" content=\"Anders &amp; Kafka E-SHOP\" \/>\n<meta property=\"article:modified_time\" content=\"2025-10-23T11:31:35+00:00\" \/>\n<meta name=\"twitter:card\" content=\"summary_large_image\" \/>\n<meta name=\"twitter:image\" content=\"https:\/\/anderskafka.cz\/eshop\/wp-content\/uploads\/sites\/3\/2025\/07\/CHEMOFORM_oxichlorshockgranulat_AndersKafka.webp\" \/>\n<meta name=\"twitter:label1\" content=\"Odhadovan\u00e1 doba \u010dten\u00ed\" \/>\n\t<meta name=\"twitter:data1\" content=\"1 minuta\" \/>\n<script type=\"application\/ld+json\" class=\"yoast-schema-graph\">{\"@context\":\"https:\/\/schema.org\",\"@graph\":[{\"@type\":\"WebSite\",\"@id\":\"https:\/\/anderskafka.cz\/eshop\/#website\",\"url\":\"https:\/\/anderskafka.cz\/eshop\/\",\"name\":\"Anders &amp; Kafka E-SHOP\",\"description\":\"Anders &amp; Kafka E-SHOP\",\"potentialAction\":[{\"@type\":\"SearchAction\",\"target\":{\"@type\":\"EntryPoint\",\"urlTemplate\":\"https:\/\/anderskafka.cz\/eshop\/?s={search_term_string}\"},\"query-input\":\"required name=search_term_string\"}],\"inLanguage\":\"cs\"},{\"@type\":\"ImageObject\",\"@id\":\"https:\/\/anderskafka.cz\/eshop\/produkt\/chemoform-oxi-chlor-shock-granulat-1-kg\/#primaryimage\",\"inLanguage\":\"cs\",\"url\":\"https:\/\/anderskafka.cz\/eshop\/wp-content\/uploads\/sites\/3\/2025\/07\/CHEMOFORM_oxichlorshockgranulat_AndersKafka.webp\",\"contentUrl\":\"https:\/\/anderskafka.cz\/eshop\/wp-content\/uploads\/sites\/3\/2025\/07\/CHEMOFORM_oxichlorshockgranulat_AndersKafka.webp\",\"width\":1500,\"height\":1500},{\"@type\":\"WebPage\",\"@id\":\"https:\/\/anderskafka.cz\/eshop\/produkt\/chemoform-oxi-chlor-shock-granulat-1-kg\/#webpage\",\"url\":\"https:\/\/anderskafka.cz\/eshop\/produkt\/chemoform-oxi-chlor-shock-granulat-1-kg\/\",\"name\":\"CHEMOFORM oxi chlor shock granul\u00e1t, 1 kg - Anders &amp; Kafka E-SHOP\",\"isPartOf\":{\"@id\":\"https:\/\/anderskafka.cz\/eshop\/#website\"},\"primaryImageOfPage\":{\"@id\":\"https:\/\/anderskafka.cz\/eshop\/produkt\/chemoform-oxi-chlor-shock-granulat-1-kg\/#primaryimage\"},\"datePublished\":\"2025-07-24T18:52:30+00:00\",\"dateModified\":\"2025-10-23T11:31:35+00:00\",\"description\":\"Unik\u00e1tn\u00ed kombinace kysl\u00edkov\u00e9 a chl\u00f3rov\u00e9 dezinfekce k extr\u00e9mn\u011b \u00fa\u010dinn\u00e9mu a rychl\u00e9mu \u0161okov\u00e9mu o\u0161et\u0159en\u00ed vody. Chl\u00f3r v tomto p\u0159\u00edpad\u011b dezinfikuje - hub\u00ed bakterie a kysl\u00edk okam\u017eit\u011b odbour\u00e1v\u00e1 molekuly v\u00e1zan\u00e9ho chl\u00f3ru. D\u00edky extr\u00e9mn\u011b rychl\u00e9 reakci m\u016f\u017eete baz\u00e9n pou\u017e\u00edvat velmi kr\u00e1tce po proveden\u00ed \u0161okov\u00e9ho o\u0161et\u0159en\u00ed.\",\"breadcrumb\":{\"@id\":\"https:\/\/anderskafka.cz\/eshop\/produkt\/chemoform-oxi-chlor-shock-granulat-1-kg\/#breadcrumb\"},\"inLanguage\":\"cs\",\"potentialAction\":[{\"@type\":\"ReadAction\",\"target\":[\"https:\/\/anderskafka.cz\/eshop\/produkt\/chemoform-oxi-chlor-shock-granulat-1-kg\/\"]}]},{\"@type\":\"BreadcrumbList\",\"@id\":\"https:\/\/anderskafka.cz\/eshop\/produkt\/chemoform-oxi-chlor-shock-granulat-1-kg\/#breadcrumb\",\"itemListElement\":[{\"@type\":\"ListItem\",\"position\":1,\"name\":\"Obchod\",\"item\":\"https:\/\/anderskafka.cz\/eshop\/obchod\/\"},{\"@type\":\"ListItem\",\"position\":2,\"name\":\"CHEMOFORM oxi chlor shock granul\u00e1t, 1 kg\"}]}]}<\/script>\n<!-- \/ Yoast SEO plugin. -->","yoast_head_json":{"title":"CHEMOFORM oxi chlor shock granul\u00e1t, 1 kg - Anders &amp; Kafka E-SHOP","description":"Unik\u00e1tn\u00ed kombinace kysl\u00edkov\u00e9 a chl\u00f3rov\u00e9 dezinfekce k extr\u00e9mn\u011b \u00fa\u010dinn\u00e9mu a rychl\u00e9mu \u0161okov\u00e9mu o\u0161et\u0159en\u00ed vody. Chl\u00f3r v tomto p\u0159\u00edpad\u011b dezinfikuje - hub\u00ed bakterie a kysl\u00edk okam\u017eit\u011b odbour\u00e1v\u00e1 molekuly v\u00e1zan\u00e9ho chl\u00f3ru. D\u00edky extr\u00e9mn\u011b rychl\u00e9 reakci m\u016f\u017eete baz\u00e9n pou\u017e\u00edvat velmi kr\u00e1tce po proveden\u00ed \u0161okov\u00e9ho o\u0161et\u0159en\u00ed.","robots":{"index":"index","follow":"follow","max-snippet":"max-snippet:-1","max-image-preview":"max-image-preview:large","max-video-preview":"max-video-preview:-1"},"canonical":"https:\/\/anderskafka.cz\/eshop\/produkt\/chemoform-oxi-chlor-shock-granulat-1-kg\/","og_locale":"cs_CZ","og_type":"article","og_title":"CHEMOFORM oxi chlor shock granul\u00e1t, 1 kg - Anders &amp; Kafka E-SHOP","og_description":"Unik\u00e1tn\u00ed kombinace kysl\u00edkov\u00e9 a chl\u00f3rov\u00e9 dezinfekce k extr\u00e9mn\u011b \u00fa\u010dinn\u00e9mu a rychl\u00e9mu \u0161okov\u00e9mu o\u0161et\u0159en\u00ed vody. Chl\u00f3r v tomto p\u0159\u00edpad\u011b dezinfikuje - hub\u00ed bakterie a kysl\u00edk okam\u017eit\u011b odbour\u00e1v\u00e1 molekuly v\u00e1zan\u00e9ho chl\u00f3ru. D\u00edky extr\u00e9mn\u011b rychl\u00e9 reakci m\u016f\u017eete baz\u00e9n pou\u017e\u00edvat velmi kr\u00e1tce po proveden\u00ed \u0161okov\u00e9ho o\u0161et\u0159en\u00ed.","og_url":"https:\/\/anderskafka.cz\/eshop\/produkt\/chemoform-oxi-chlor-shock-granulat-1-kg\/","og_site_name":"Anders &amp; Kafka E-SHOP","article_modified_time":"2025-10-23T11:31:35+00:00","twitter_card":"summary_large_image","twitter_image":"https:\/\/anderskafka.cz\/eshop\/wp-content\/uploads\/sites\/3\/2025\/07\/CHEMOFORM_oxichlorshockgranulat_AndersKafka.webp","twitter_misc":{"Odhadovan\u00e1 doba \u010dten\u00ed":"1 minuta"},"schema":{"@context":"https:\/\/schema.org","@graph":[{"@type":"WebSite","@id":"https:\/\/anderskafka.cz\/eshop\/#website","url":"https:\/\/anderskafka.cz\/eshop\/","name":"Anders &amp; Kafka E-SHOP","description":"Anders &amp; Kafka E-SHOP","potentialAction":[{"@type":"SearchAction","target":{"@type":"EntryPoint","urlTemplate":"https:\/\/anderskafka.cz\/eshop\/?s={search_term_string}"},"query-input":"required name=search_term_string"}],"inLanguage":"cs"},{"@type":"ImageObject","@id":"https:\/\/anderskafka.cz\/eshop\/produkt\/chemoform-oxi-chlor-shock-granulat-1-kg\/#primaryimage","inLanguage":"cs","url":"https:\/\/anderskafka.cz\/eshop\/wp-content\/uploads\/sites\/3\/2025\/07\/CHEMOFORM_oxichlorshockgranulat_AndersKafka.webp","contentUrl":"https:\/\/anderskafka.cz\/eshop\/wp-content\/uploads\/sites\/3\/2025\/07\/CHEMOFORM_oxichlorshockgranulat_AndersKafka.webp","width":1500,"height":1500},{"@type":"WebPage","@id":"https:\/\/anderskafka.cz\/eshop\/produkt\/chemoform-oxi-chlor-shock-granulat-1-kg\/#webpage","url":"https:\/\/anderskafka.cz\/eshop\/produkt\/chemoform-oxi-chlor-shock-granulat-1-kg\/","name":"CHEMOFORM oxi chlor shock granul\u00e1t, 1 kg - Anders &amp; Kafka E-SHOP","isPartOf":{"@id":"https:\/\/anderskafka.cz\/eshop\/#website"},"primaryImageOfPage":{"@id":"https:\/\/anderskafka.cz\/eshop\/produkt\/chemoform-oxi-chlor-shock-granulat-1-kg\/#primaryimage"},"datePublished":"2025-07-24T18:52:30+00:00","dateModified":"2025-10-23T11:31:35+00:00","description":"Unik\u00e1tn\u00ed kombinace kysl\u00edkov\u00e9 a chl\u00f3rov\u00e9 dezinfekce k extr\u00e9mn\u011b \u00fa\u010dinn\u00e9mu a rychl\u00e9mu \u0161okov\u00e9mu o\u0161et\u0159en\u00ed vody. Chl\u00f3r v tomto p\u0159\u00edpad\u011b dezinfikuje - hub\u00ed bakterie a kysl\u00edk okam\u017eit\u011b odbour\u00e1v\u00e1 molekuly v\u00e1zan\u00e9ho chl\u00f3ru. D\u00edky extr\u00e9mn\u011b rychl\u00e9 reakci m\u016f\u017eete baz\u00e9n pou\u017e\u00edvat velmi kr\u00e1tce po proveden\u00ed \u0161okov\u00e9ho o\u0161et\u0159en\u00ed.","breadcrumb":{"@id":"https:\/\/anderskafka.cz\/eshop\/produkt\/chemoform-oxi-chlor-shock-granulat-1-kg\/#breadcrumb"},"inLanguage":"cs","potentialAction":[{"@type":"ReadAction","target":["https:\/\/anderskafka.cz\/eshop\/produkt\/chemoform-oxi-chlor-shock-granulat-1-kg\/"]}]},{"@type":"BreadcrumbList","@id":"https:\/\/anderskafka.cz\/eshop\/produkt\/chemoform-oxi-chlor-shock-granulat-1-kg\/#breadcrumb","itemListElement":[{"@type":"ListItem","position":1,"name":"Obchod","item":"https:\/\/anderskafka.cz\/eshop\/obchod\/"},{"@type":"ListItem","position":2,"name":"CHEMOFORM oxi chlor shock granul\u00e1t, 1 kg"}]}]}},"locations":[],"_links":{"self":[{"href":"https:\/\/anderskafka.cz\/eshop\/wp-json\/wp\/v2\/product\/11064"}],"collection":[{"href":"https:\/\/anderskafka.cz\/eshop\/wp-json\/wp\/v2\/product"}],"about":[{"href":"https:\/\/anderskafka.cz\/eshop\/wp-json\/wp\/v2\/types\/product"}],"replies":[{"embeddable":true,"href":"https:\/\/anderskafka.cz\/eshop\/wp-json\/wp\/v2\/comments?post=11064"}],"wp:featuredmedia":[{"embeddable":true,"href":"https:\/\/anderskafka.cz\/eshop\/wp-json\/wp\/v2\/media\/11067"}],"wp:attachment":[{"href":"https:\/\/anderskafka.cz\/eshop\/wp-json\/wp\/v2\/media?parent=11064"}],"wp:term":[{"taxonomy":"location","embeddable":true,"href":"https:\/\/anderskafka.cz\/eshop\/wp-json\/wp\/v2\/location?post=11064"},{"taxonomy":"product_cat","embeddable":true,"href":"https:\/\/anderskafka.cz\/eshop\/wp-json\/wp\/v2\/product_cat?post=11064"},{"taxonomy":"product_tag","embeddable":true,"href":"https:\/\/anderskafka.cz\/eshop\/wp-json\/wp\/v2\/product_tag?post=11064"}],"curies":[{"name":"wp","href":"https:\/\/api.w.org\/{rel}","templated":true}]}}