{"id":11139,"date":"2025-07-30T17:04:25","date_gmt":"2025-07-30T15:04:25","guid":{"rendered":"https:\/\/anderskafka.cz\/eshop\/?post_type=product&#038;p=11139"},"modified":"2025-10-23T13:24:22","modified_gmt":"2025-10-23T11:24:22","slug":"chemoform-winterfit-zazimovaci-roztok-3-10-l","status":"publish","type":"product","link":"https:\/\/anderskafka.cz\/eshop\/produkt\/chemoform-winterfit-zazimovaci-roztok-3-10-l\/","title":{"rendered":"CHEMOFORM winterfit zazimovac\u00ed roztok, 3\/10 L"},"content":{"rendered":"<div id=\"product-description\">\n<p>Winterfit je algicidn\u00ed p\u0159\u00edpravek zabra\u0148uj\u00edc\u00ed v\u00fdskytu a mno\u017een\u00ed \u0159as b\u011bhem zimn\u00edho obdob\u00ed. Pom\u00e1h\u00e1 tak\u00e9 vysr\u00e1\u017eet ve vod\u011b v\u00e1pn\u00edk a zabra\u0148uje tak jeho usazov\u00e1n\u00ed na st\u011bn\u00e1ch a po obvodu baz\u00e9nu. Usnad\u0148uje jarn\u00ed uveden\u00ed baz\u00e9nu do provozu. P\u0159i zazimov\u00e1n\u00ed baz\u00e9nu je t\u0159eba na hladinu naskl\u00e1dat plov\u00e1ky, aby zabr\u00e1nily po\u0161kozen\u00ed baz\u00e9nu vlivem rozp\u00ednavosti ledu.<\/p>\n<p><strong style=\"font-size: 16px\">Pou\u017e\u00edvejte biocidn\u00ed p\u0159\u00edpravky bezpe\u010dn\u011b. P\u0159ed pou\u017eit\u00edm si v\u017edy p\u0159e\u010dt\u011bte \u00fadaje na obalu a p\u0159ipojen\u00e9 informace o v\u00fdrobku.<\/strong><\/p>\n<\/div>\n","protected":false},"excerpt":{"rendered":"<p>Prost\u0159edek zabra\u0148uje r\u016fstu \u0159as a pom\u00e1h\u00e1 k vysr\u00e1\u017een\u00ed v\u00e1pn\u00edku b\u011bhem zimn\u00edho obdob\u00ed.<\/p>\n","protected":false},"featured_media":11141,"comment_status":"open","ping_status":"closed","template":"","meta":{"site-sidebar-layout":"default","site-content-layout":"default","ast-main-header-display":"","ast-hfb-above-header-display":"","ast-hfb-below-header-display":"","ast-hfb-mobile-header-display":"disabled","site-post-title":"","ast-breadcrumbs-content":"","ast-featured-img":"","footer-sml-layout":"","theme-transparent-header-meta":"","adv-header-id-meta":"","stick-header-meta":"","header-above-stick-meta":"","header-main-stick-meta":"","header-below-stick-meta":""},"location":[],"product_cat":[1595],"product_tag":[1126],"yoast_head":"<!-- This site is optimized with the Yoast SEO plugin v18.5.1 - https:\/\/yoast.com\/wordpress\/plugins\/seo\/ -->\n<title>CHEMOFORM winterfit zazimovac\u00ed roztok, 3\/10 L - Anders &amp; Kafka E-SHOP<\/title>\n<meta name=\"description\" content=\"Prost\u0159edek zabra\u0148uje r\u016fstu \u0159as a pom\u00e1h\u00e1 k vysr\u00e1\u017een\u00ed v\u00e1pn\u00edku b\u011bhem zimn\u00edho obdob\u00ed.\" \/>\n<meta name=\"robots\" content=\"index, follow, max-snippet:-1, max-image-preview:large, max-video-preview:-1\" \/>\n<link rel=\"canonical\" href=\"https:\/\/anderskafka.cz\/eshop\/produkt\/chemoform-winterfit-zazimovaci-roztok-3-10-l\/\" \/>\n<meta property=\"og:locale\" content=\"cs_CZ\" \/>\n<meta property=\"og:type\" content=\"article\" \/>\n<meta property=\"og:title\" content=\"CHEMOFORM winterfit zazimovac\u00ed roztok, 3\/10 L - Anders &amp; Kafka E-SHOP\" \/>\n<meta property=\"og:description\" content=\"Prost\u0159edek zabra\u0148uje r\u016fstu \u0159as a pom\u00e1h\u00e1 k vysr\u00e1\u017een\u00ed v\u00e1pn\u00edku b\u011bhem zimn\u00edho obdob\u00ed.\" \/>\n<meta property=\"og:url\" content=\"https:\/\/anderskafka.cz\/eshop\/produkt\/chemoform-winterfit-zazimovaci-roztok-3-10-l\/\" \/>\n<meta property=\"og:site_name\" content=\"Anders &amp; Kafka E-SHOP\" \/>\n<meta property=\"article:modified_time\" content=\"2025-10-23T11:24:22+00:00\" \/>\n<meta name=\"twitter:card\" content=\"summary_large_image\" \/>\n<meta name=\"twitter:image\" content=\"https:\/\/anderskafka.cz\/eshop\/wp-content\/uploads\/sites\/3\/2025\/07\/CHEMOFORM_winterfit_AndersKafka.webp\" \/>\n<meta name=\"twitter:label1\" content=\"Odhadovan\u00e1 doba \u010dten\u00ed\" \/>\n\t<meta name=\"twitter:data1\" content=\"1 minuta\" \/>\n<script type=\"application\/ld+json\" class=\"yoast-schema-graph\">{\"@context\":\"https:\/\/schema.org\",\"@graph\":[{\"@type\":\"WebSite\",\"@id\":\"https:\/\/anderskafka.cz\/eshop\/#website\",\"url\":\"https:\/\/anderskafka.cz\/eshop\/\",\"name\":\"Anders &amp; Kafka E-SHOP\",\"description\":\"Anders &amp; Kafka E-SHOP\",\"potentialAction\":[{\"@type\":\"SearchAction\",\"target\":{\"@type\":\"EntryPoint\",\"urlTemplate\":\"https:\/\/anderskafka.cz\/eshop\/?s={search_term_string}\"},\"query-input\":\"required name=search_term_string\"}],\"inLanguage\":\"cs\"},{\"@type\":\"ImageObject\",\"@id\":\"https:\/\/anderskafka.cz\/eshop\/produkt\/chemoform-winterfit-zazimovaci-roztok-3-10-l\/#primaryimage\",\"inLanguage\":\"cs\",\"url\":\"https:\/\/anderskafka.cz\/eshop\/wp-content\/uploads\/sites\/3\/2025\/07\/CHEMOFORM_winterfit_AndersKafka.webp\",\"contentUrl\":\"https:\/\/anderskafka.cz\/eshop\/wp-content\/uploads\/sites\/3\/2025\/07\/CHEMOFORM_winterfit_AndersKafka.webp\",\"width\":1500,\"height\":1500},{\"@type\":\"WebPage\",\"@id\":\"https:\/\/anderskafka.cz\/eshop\/produkt\/chemoform-winterfit-zazimovaci-roztok-3-10-l\/#webpage\",\"url\":\"https:\/\/anderskafka.cz\/eshop\/produkt\/chemoform-winterfit-zazimovaci-roztok-3-10-l\/\",\"name\":\"CHEMOFORM winterfit zazimovac\u00ed roztok, 3\/10 L - Anders &amp; Kafka E-SHOP\",\"isPartOf\":{\"@id\":\"https:\/\/anderskafka.cz\/eshop\/#website\"},\"primaryImageOfPage\":{\"@id\":\"https:\/\/anderskafka.cz\/eshop\/produkt\/chemoform-winterfit-zazimovaci-roztok-3-10-l\/#primaryimage\"},\"datePublished\":\"2025-07-30T15:04:25+00:00\",\"dateModified\":\"2025-10-23T11:24:22+00:00\",\"description\":\"Prost\u0159edek zabra\u0148uje r\u016fstu \u0159as a pom\u00e1h\u00e1 k vysr\u00e1\u017een\u00ed v\u00e1pn\u00edku b\u011bhem zimn\u00edho obdob\u00ed.\",\"breadcrumb\":{\"@id\":\"https:\/\/anderskafka.cz\/eshop\/produkt\/chemoform-winterfit-zazimovaci-roztok-3-10-l\/#breadcrumb\"},\"inLanguage\":\"cs\",\"potentialAction\":[{\"@type\":\"ReadAction\",\"target\":[\"https:\/\/anderskafka.cz\/eshop\/produkt\/chemoform-winterfit-zazimovaci-roztok-3-10-l\/\"]}]},{\"@type\":\"BreadcrumbList\",\"@id\":\"https:\/\/anderskafka.cz\/eshop\/produkt\/chemoform-winterfit-zazimovaci-roztok-3-10-l\/#breadcrumb\",\"itemListElement\":[{\"@type\":\"ListItem\",\"position\":1,\"name\":\"Obchod\",\"item\":\"https:\/\/anderskafka.cz\/eshop\/obchod\/\"},{\"@type\":\"ListItem\",\"position\":2,\"name\":\"CHEMOFORM winterfit zazimovac\u00ed roztok, 3\/10 L\"}]}]}<\/script>\n<!-- \/ Yoast SEO plugin. -->","yoast_head_json":{"title":"CHEMOFORM winterfit zazimovac\u00ed roztok, 3\/10 L - Anders &amp; Kafka E-SHOP","description":"Prost\u0159edek zabra\u0148uje r\u016fstu \u0159as a pom\u00e1h\u00e1 k vysr\u00e1\u017een\u00ed v\u00e1pn\u00edku b\u011bhem zimn\u00edho obdob\u00ed.","robots":{"index":"index","follow":"follow","max-snippet":"max-snippet:-1","max-image-preview":"max-image-preview:large","max-video-preview":"max-video-preview:-1"},"canonical":"https:\/\/anderskafka.cz\/eshop\/produkt\/chemoform-winterfit-zazimovaci-roztok-3-10-l\/","og_locale":"cs_CZ","og_type":"article","og_title":"CHEMOFORM winterfit zazimovac\u00ed roztok, 3\/10 L - Anders &amp; Kafka E-SHOP","og_description":"Prost\u0159edek zabra\u0148uje r\u016fstu \u0159as a pom\u00e1h\u00e1 k vysr\u00e1\u017een\u00ed v\u00e1pn\u00edku b\u011bhem zimn\u00edho obdob\u00ed.","og_url":"https:\/\/anderskafka.cz\/eshop\/produkt\/chemoform-winterfit-zazimovaci-roztok-3-10-l\/","og_site_name":"Anders &amp; Kafka E-SHOP","article_modified_time":"2025-10-23T11:24:22+00:00","twitter_card":"summary_large_image","twitter_image":"https:\/\/anderskafka.cz\/eshop\/wp-content\/uploads\/sites\/3\/2025\/07\/CHEMOFORM_winterfit_AndersKafka.webp","twitter_misc":{"Odhadovan\u00e1 doba \u010dten\u00ed":"1 minuta"},"schema":{"@context":"https:\/\/schema.org","@graph":[{"@type":"WebSite","@id":"https:\/\/anderskafka.cz\/eshop\/#website","url":"https:\/\/anderskafka.cz\/eshop\/","name":"Anders &amp; Kafka E-SHOP","description":"Anders &amp; Kafka E-SHOP","potentialAction":[{"@type":"SearchAction","target":{"@type":"EntryPoint","urlTemplate":"https:\/\/anderskafka.cz\/eshop\/?s={search_term_string}"},"query-input":"required name=search_term_string"}],"inLanguage":"cs"},{"@type":"ImageObject","@id":"https:\/\/anderskafka.cz\/eshop\/produkt\/chemoform-winterfit-zazimovaci-roztok-3-10-l\/#primaryimage","inLanguage":"cs","url":"https:\/\/anderskafka.cz\/eshop\/wp-content\/uploads\/sites\/3\/2025\/07\/CHEMOFORM_winterfit_AndersKafka.webp","contentUrl":"https:\/\/anderskafka.cz\/eshop\/wp-content\/uploads\/sites\/3\/2025\/07\/CHEMOFORM_winterfit_AndersKafka.webp","width":1500,"height":1500},{"@type":"WebPage","@id":"https:\/\/anderskafka.cz\/eshop\/produkt\/chemoform-winterfit-zazimovaci-roztok-3-10-l\/#webpage","url":"https:\/\/anderskafka.cz\/eshop\/produkt\/chemoform-winterfit-zazimovaci-roztok-3-10-l\/","name":"CHEMOFORM winterfit zazimovac\u00ed roztok, 3\/10 L - Anders &amp; Kafka E-SHOP","isPartOf":{"@id":"https:\/\/anderskafka.cz\/eshop\/#website"},"primaryImageOfPage":{"@id":"https:\/\/anderskafka.cz\/eshop\/produkt\/chemoform-winterfit-zazimovaci-roztok-3-10-l\/#primaryimage"},"datePublished":"2025-07-30T15:04:25+00:00","dateModified":"2025-10-23T11:24:22+00:00","description":"Prost\u0159edek zabra\u0148uje r\u016fstu \u0159as a pom\u00e1h\u00e1 k vysr\u00e1\u017een\u00ed v\u00e1pn\u00edku b\u011bhem zimn\u00edho obdob\u00ed.","breadcrumb":{"@id":"https:\/\/anderskafka.cz\/eshop\/produkt\/chemoform-winterfit-zazimovaci-roztok-3-10-l\/#breadcrumb"},"inLanguage":"cs","potentialAction":[{"@type":"ReadAction","target":["https:\/\/anderskafka.cz\/eshop\/produkt\/chemoform-winterfit-zazimovaci-roztok-3-10-l\/"]}]},{"@type":"BreadcrumbList","@id":"https:\/\/anderskafka.cz\/eshop\/produkt\/chemoform-winterfit-zazimovaci-roztok-3-10-l\/#breadcrumb","itemListElement":[{"@type":"ListItem","position":1,"name":"Obchod","item":"https:\/\/anderskafka.cz\/eshop\/obchod\/"},{"@type":"ListItem","position":2,"name":"CHEMOFORM winterfit zazimovac\u00ed roztok, 3\/10 L"}]}]}},"locations":[],"_links":{"self":[{"href":"https:\/\/anderskafka.cz\/eshop\/wp-json\/wp\/v2\/product\/11139"}],"collection":[{"href":"https:\/\/anderskafka.cz\/eshop\/wp-json\/wp\/v2\/product"}],"about":[{"href":"https:\/\/anderskafka.cz\/eshop\/wp-json\/wp\/v2\/types\/product"}],"replies":[{"embeddable":true,"href":"https:\/\/anderskafka.cz\/eshop\/wp-json\/wp\/v2\/comments?post=11139"}],"wp:featuredmedia":[{"embeddable":true,"href":"https:\/\/anderskafka.cz\/eshop\/wp-json\/wp\/v2\/media\/11141"}],"wp:attachment":[{"href":"https:\/\/anderskafka.cz\/eshop\/wp-json\/wp\/v2\/media?parent=11139"}],"wp:term":[{"taxonomy":"location","embeddable":true,"href":"https:\/\/anderskafka.cz\/eshop\/wp-json\/wp\/v2\/location?post=11139"},{"taxonomy":"product_cat","embeddable":true,"href":"https:\/\/anderskafka.cz\/eshop\/wp-json\/wp\/v2\/product_cat?post=11139"},{"taxonomy":"product_tag","embeddable":true,"href":"https:\/\/anderskafka.cz\/eshop\/wp-json\/wp\/v2\/product_tag?post=11139"}],"curies":[{"name":"wp","href":"https:\/\/api.w.org\/{rel}","templated":true}]}}