{"id":11182,"date":"2025-08-04T22:09:41","date_gmt":"2025-08-04T20:09:41","guid":{"rendered":"https:\/\/anderskafka.cz\/eshop\/?post_type=product&#038;p=11182"},"modified":"2026-03-23T11:18:59","modified_gmt":"2026-03-23T10:18:59","slug":"moravska-venkovni-wellness-lavicka","status":"publish","type":"product","link":"https:\/\/anderskafka.cz\/eshop\/produkt\/moravska-venkovni-wellness-lavicka\/","title":{"rendered":"MORAVSK\u00c1 venkovn\u00ed wellness lavi\u010dka"},"content":{"rendered":"<p>Lavi\u010dka je 155cm \u0161irok\u00e1, pohodln\u011b se na ni vejdou 2-3 osoby. \u00a0Hlubok\u00e1 je 170cm, v\u00fd\u0161ka cca 150cm. D\u0159ev\u011bn\u00e9 prvky jsou ze sibi\u0159sk\u00e9ho mod\u0159\u00ednu o\u0161et\u0159en\u00e9 olejem Remers, konstrukce je z pozinkovan\u00e9 oceli s mo\u017enost\u00ed povrchov\u00e9 \u00fapravy \u010dernou barvou a spojovac\u00ed a kotv\u00edc\u00ed prvky z nerezov\u00e9 oceli. M\u016f\u017ee b\u00fdt celoro\u010dn\u011b um\u00edst\u011bna venku. \u00a0Vyzkou\u0161eno celoro\u010dn\u011b na h\u0159ebenech Krkono\u0161.<\/p>\n","protected":false},"excerpt":{"rendered":"<p>Kr\u00e1sn\u00e1 a pohodln\u00e1 wellness lavi\u010dka v\u00e1s okouzl\u00ed sv\u00fdm tvarem a jednoduchost\u00ed.<\/p>\n","protected":false},"featured_media":11185,"comment_status":"open","ping_status":"closed","template":"","meta":{"site-sidebar-layout":"default","site-content-layout":"default","ast-main-header-display":"","ast-hfb-above-header-display":"","ast-hfb-below-header-display":"","ast-hfb-mobile-header-display":"","site-post-title":"","ast-breadcrumbs-content":"","ast-featured-img":"","footer-sml-layout":"","theme-transparent-header-meta":"","adv-header-id-meta":"","stick-header-meta":"","header-above-stick-meta":"","header-main-stick-meta":"","header-below-stick-meta":""},"location":[],"product_cat":[901,1335,411],"product_tag":[1615],"yoast_head":"<!-- This site is optimized with the Yoast SEO plugin v18.5.1 - https:\/\/yoast.com\/wordpress\/plugins\/seo\/ -->\n<title>MORAVSK\u00c1 venkovn\u00ed wellness lavi\u010dka - Anders &amp; Kafka E-SHOP<\/title>\n<meta name=\"description\" content=\"Kr\u00e1sn\u00e1 a pohodln\u00e1 wellness lavi\u010dka v\u00e1s okouzl\u00ed sv\u00fdm tvarem a jednoduchost\u00ed.\" \/>\n<meta name=\"robots\" content=\"index, follow, max-snippet:-1, max-image-preview:large, max-video-preview:-1\" \/>\n<link rel=\"canonical\" href=\"https:\/\/anderskafka.cz\/eshop\/produkt\/moravska-venkovni-wellness-lavicka\/\" \/>\n<meta property=\"og:locale\" content=\"cs_CZ\" \/>\n<meta property=\"og:type\" content=\"article\" \/>\n<meta property=\"og:title\" content=\"MORAVSK\u00c1 venkovn\u00ed wellness lavi\u010dka - Anders &amp; Kafka E-SHOP\" \/>\n<meta property=\"og:description\" content=\"Kr\u00e1sn\u00e1 a pohodln\u00e1 wellness lavi\u010dka v\u00e1s okouzl\u00ed sv\u00fdm tvarem a jednoduchost\u00ed.\" \/>\n<meta property=\"og:url\" content=\"https:\/\/anderskafka.cz\/eshop\/produkt\/moravska-venkovni-wellness-lavicka\/\" \/>\n<meta property=\"og:site_name\" content=\"Anders &amp; Kafka E-SHOP\" \/>\n<meta property=\"article:modified_time\" content=\"2026-03-23T10:18:59+00:00\" \/>\n<meta property=\"og:image\" content=\"https:\/\/anderskafka.cz\/eshop\/wp-content\/uploads\/sites\/3\/2025\/08\/Moravska_wellness_lavicka_AndersKafka-1024x1024.png\" \/>\n\t<meta property=\"og:image:width\" content=\"1024\" \/>\n\t<meta property=\"og:image:height\" content=\"1024\" \/>\n\t<meta property=\"og:image:type\" content=\"image\/png\" \/>\n<meta name=\"twitter:card\" content=\"summary_large_image\" \/>\n<meta name=\"twitter:label1\" content=\"Odhadovan\u00e1 doba \u010dten\u00ed\" \/>\n\t<meta name=\"twitter:data1\" content=\"1 minuta\" \/>\n<script type=\"application\/ld+json\" class=\"yoast-schema-graph\">{\"@context\":\"https:\/\/schema.org\",\"@graph\":[{\"@type\":\"WebSite\",\"@id\":\"https:\/\/anderskafka.cz\/eshop\/#website\",\"url\":\"https:\/\/anderskafka.cz\/eshop\/\",\"name\":\"Anders &amp; Kafka E-SHOP\",\"description\":\"Anders &amp; Kafka E-SHOP\",\"potentialAction\":[{\"@type\":\"SearchAction\",\"target\":{\"@type\":\"EntryPoint\",\"urlTemplate\":\"https:\/\/anderskafka.cz\/eshop\/?s={search_term_string}\"},\"query-input\":\"required name=search_term_string\"}],\"inLanguage\":\"cs\"},{\"@type\":\"ImageObject\",\"@id\":\"https:\/\/anderskafka.cz\/eshop\/produkt\/moravska-venkovni-wellness-lavicka\/#primaryimage\",\"inLanguage\":\"cs\",\"url\":\"https:\/\/anderskafka.cz\/eshop\/wp-content\/uploads\/sites\/3\/2025\/08\/Moravska_wellness_lavicka_AndersKafka.png\",\"contentUrl\":\"https:\/\/anderskafka.cz\/eshop\/wp-content\/uploads\/sites\/3\/2025\/08\/Moravska_wellness_lavicka_AndersKafka.png\",\"width\":1485,\"height\":1485},{\"@type\":\"WebPage\",\"@id\":\"https:\/\/anderskafka.cz\/eshop\/produkt\/moravska-venkovni-wellness-lavicka\/#webpage\",\"url\":\"https:\/\/anderskafka.cz\/eshop\/produkt\/moravska-venkovni-wellness-lavicka\/\",\"name\":\"MORAVSK\u00c1 venkovn\u00ed wellness lavi\u010dka - Anders &amp; Kafka E-SHOP\",\"isPartOf\":{\"@id\":\"https:\/\/anderskafka.cz\/eshop\/#website\"},\"primaryImageOfPage\":{\"@id\":\"https:\/\/anderskafka.cz\/eshop\/produkt\/moravska-venkovni-wellness-lavicka\/#primaryimage\"},\"datePublished\":\"2025-08-04T20:09:41+00:00\",\"dateModified\":\"2026-03-23T10:18:59+00:00\",\"description\":\"Kr\u00e1sn\u00e1 a pohodln\u00e1 wellness lavi\u010dka v\u00e1s okouzl\u00ed sv\u00fdm tvarem a jednoduchost\u00ed.\",\"breadcrumb\":{\"@id\":\"https:\/\/anderskafka.cz\/eshop\/produkt\/moravska-venkovni-wellness-lavicka\/#breadcrumb\"},\"inLanguage\":\"cs\",\"potentialAction\":[{\"@type\":\"ReadAction\",\"target\":[\"https:\/\/anderskafka.cz\/eshop\/produkt\/moravska-venkovni-wellness-lavicka\/\"]}]},{\"@type\":\"BreadcrumbList\",\"@id\":\"https:\/\/anderskafka.cz\/eshop\/produkt\/moravska-venkovni-wellness-lavicka\/#breadcrumb\",\"itemListElement\":[{\"@type\":\"ListItem\",\"position\":1,\"name\":\"Obchod\",\"item\":\"https:\/\/anderskafka.cz\/eshop\/obchod\/\"},{\"@type\":\"ListItem\",\"position\":2,\"name\":\"MORAVSK\u00c1 venkovn\u00ed wellness lavi\u010dka\"}]}]}<\/script>\n<!-- \/ Yoast SEO plugin. -->","yoast_head_json":{"title":"MORAVSK\u00c1 venkovn\u00ed wellness lavi\u010dka - Anders &amp; Kafka E-SHOP","description":"Kr\u00e1sn\u00e1 a pohodln\u00e1 wellness lavi\u010dka v\u00e1s okouzl\u00ed sv\u00fdm tvarem a jednoduchost\u00ed.","robots":{"index":"index","follow":"follow","max-snippet":"max-snippet:-1","max-image-preview":"max-image-preview:large","max-video-preview":"max-video-preview:-1"},"canonical":"https:\/\/anderskafka.cz\/eshop\/produkt\/moravska-venkovni-wellness-lavicka\/","og_locale":"cs_CZ","og_type":"article","og_title":"MORAVSK\u00c1 venkovn\u00ed wellness lavi\u010dka - Anders &amp; Kafka E-SHOP","og_description":"Kr\u00e1sn\u00e1 a pohodln\u00e1 wellness lavi\u010dka v\u00e1s okouzl\u00ed sv\u00fdm tvarem a jednoduchost\u00ed.","og_url":"https:\/\/anderskafka.cz\/eshop\/produkt\/moravska-venkovni-wellness-lavicka\/","og_site_name":"Anders &amp; Kafka E-SHOP","article_modified_time":"2026-03-23T10:18:59+00:00","og_image":[{"width":1024,"height":1024,"url":"https:\/\/anderskafka.cz\/eshop\/wp-content\/uploads\/sites\/3\/2025\/08\/Moravska_wellness_lavicka_AndersKafka-1024x1024.png","type":"image\/png"}],"twitter_card":"summary_large_image","twitter_misc":{"Odhadovan\u00e1 doba \u010dten\u00ed":"1 minuta"},"schema":{"@context":"https:\/\/schema.org","@graph":[{"@type":"WebSite","@id":"https:\/\/anderskafka.cz\/eshop\/#website","url":"https:\/\/anderskafka.cz\/eshop\/","name":"Anders &amp; Kafka E-SHOP","description":"Anders &amp; Kafka E-SHOP","potentialAction":[{"@type":"SearchAction","target":{"@type":"EntryPoint","urlTemplate":"https:\/\/anderskafka.cz\/eshop\/?s={search_term_string}"},"query-input":"required name=search_term_string"}],"inLanguage":"cs"},{"@type":"ImageObject","@id":"https:\/\/anderskafka.cz\/eshop\/produkt\/moravska-venkovni-wellness-lavicka\/#primaryimage","inLanguage":"cs","url":"https:\/\/anderskafka.cz\/eshop\/wp-content\/uploads\/sites\/3\/2025\/08\/Moravska_wellness_lavicka_AndersKafka.png","contentUrl":"https:\/\/anderskafka.cz\/eshop\/wp-content\/uploads\/sites\/3\/2025\/08\/Moravska_wellness_lavicka_AndersKafka.png","width":1485,"height":1485},{"@type":"WebPage","@id":"https:\/\/anderskafka.cz\/eshop\/produkt\/moravska-venkovni-wellness-lavicka\/#webpage","url":"https:\/\/anderskafka.cz\/eshop\/produkt\/moravska-venkovni-wellness-lavicka\/","name":"MORAVSK\u00c1 venkovn\u00ed wellness lavi\u010dka - Anders &amp; Kafka E-SHOP","isPartOf":{"@id":"https:\/\/anderskafka.cz\/eshop\/#website"},"primaryImageOfPage":{"@id":"https:\/\/anderskafka.cz\/eshop\/produkt\/moravska-venkovni-wellness-lavicka\/#primaryimage"},"datePublished":"2025-08-04T20:09:41+00:00","dateModified":"2026-03-23T10:18:59+00:00","description":"Kr\u00e1sn\u00e1 a pohodln\u00e1 wellness lavi\u010dka v\u00e1s okouzl\u00ed sv\u00fdm tvarem a jednoduchost\u00ed.","breadcrumb":{"@id":"https:\/\/anderskafka.cz\/eshop\/produkt\/moravska-venkovni-wellness-lavicka\/#breadcrumb"},"inLanguage":"cs","potentialAction":[{"@type":"ReadAction","target":["https:\/\/anderskafka.cz\/eshop\/produkt\/moravska-venkovni-wellness-lavicka\/"]}]},{"@type":"BreadcrumbList","@id":"https:\/\/anderskafka.cz\/eshop\/produkt\/moravska-venkovni-wellness-lavicka\/#breadcrumb","itemListElement":[{"@type":"ListItem","position":1,"name":"Obchod","item":"https:\/\/anderskafka.cz\/eshop\/obchod\/"},{"@type":"ListItem","position":2,"name":"MORAVSK\u00c1 venkovn\u00ed wellness lavi\u010dka"}]}]}},"locations":[],"_links":{"self":[{"href":"https:\/\/anderskafka.cz\/eshop\/wp-json\/wp\/v2\/product\/11182"}],"collection":[{"href":"https:\/\/anderskafka.cz\/eshop\/wp-json\/wp\/v2\/product"}],"about":[{"href":"https:\/\/anderskafka.cz\/eshop\/wp-json\/wp\/v2\/types\/product"}],"replies":[{"embeddable":true,"href":"https:\/\/anderskafka.cz\/eshop\/wp-json\/wp\/v2\/comments?post=11182"}],"wp:featuredmedia":[{"embeddable":true,"href":"https:\/\/anderskafka.cz\/eshop\/wp-json\/wp\/v2\/media\/11185"}],"wp:attachment":[{"href":"https:\/\/anderskafka.cz\/eshop\/wp-json\/wp\/v2\/media?parent=11182"}],"wp:term":[{"taxonomy":"location","embeddable":true,"href":"https:\/\/anderskafka.cz\/eshop\/wp-json\/wp\/v2\/location?post=11182"},{"taxonomy":"product_cat","embeddable":true,"href":"https:\/\/anderskafka.cz\/eshop\/wp-json\/wp\/v2\/product_cat?post=11182"},{"taxonomy":"product_tag","embeddable":true,"href":"https:\/\/anderskafka.cz\/eshop\/wp-json\/wp\/v2\/product_tag?post=11182"}],"curies":[{"name":"wp","href":"https:\/\/api.w.org\/{rel}","templated":true}]}}