{"id":1120,"date":"2022-12-03T16:59:37","date_gmt":"2022-12-03T15:59:37","guid":{"rendered":"https:\/\/anderskafka.cz\/eshop\/?post_type=product&#038;p=1120"},"modified":"2025-11-30T19:10:48","modified_gmt":"2025-11-30T18:10:48","slug":"rento-kondicioner-na-vlasy-s-prirodni-vuni-arkticke-borovice-400-ml","status":"publish","type":"product","link":"https:\/\/anderskafka.cz\/eshop\/produkt\/rento-kondicioner-na-vlasy-s-prirodni-vuni-arkticke-borovice-400-ml\/","title":{"rendered":"RENTO kondicion\u00e9r na vlasy s p\u0159\u00edrodn\u00ed v\u016fn\u00ed arktick\u00e9 borovice, 400 ml"},"content":{"rendered":"<p>Luxusn\u00ed kondicion\u00e9r s dlouhotrvaj\u00edc\u00edm osv\u011b\u017euj\u00edc\u00edm a hydrata\u010dn\u00edm \u00fa\u010dinkem. Obsahuje extrakt z moru\u0161ky, kter\u00fd chr\u00e1n\u00ed vlasy a poko\u017eku hlavy. Zvy\u0161uje ovladatelnost vlas\u016f a sni\u017euje statickou elekt\u0159inu. Chr\u00e1n\u00ed p\u0159ed UV z\u00e1\u0159en\u00edm. Vhodn\u00e9 pro v\u0161echny typy vlas\u016f. V\u016fn\u011b obsahuje mlad\u00e9 jehli\u010d\u00ed, prysky\u0159ici a d\u0159evit\u00e9 v\u016fn\u011b, kter\u00e9 l\u00e1kaj\u00ed smysly. D\u016fkladn\u011b vlasy namydlete a\u017e ke ko\u0159\u00ednk\u016fm, nechte p\u016fsobit minim\u00e1ln\u011b 5 min a pot\u00e9 opl\u00e1chn\u011bte.<br \/>\nAplikace pomoc\u00ed jemn\u00e9ho mechanick\u00e9ho rozpra\u0161ova\u010de<br \/>\nFinsk\u00e1 kvalita.<\/p>\n","protected":false},"excerpt":{"rendered":"<p>Luxusn\u00ed kondicion\u00e9r s dlouhotrvaj\u00edc\u00edm osv\u011b\u017euj\u00edc\u00edm a hydrata\u010dn\u00edm \u00fa\u010dinkem. Obsahuje extrakt z moru\u0161ky, kter\u00fd chr\u00e1n\u00ed vlasy a poko\u017eku hlavy. Zvy\u0161uje ovladatelnost vlas\u016f a sni\u017euje statickou elekt\u0159inu. Chr\u00e1n\u00ed p\u0159ed UV z\u00e1\u0159en\u00edm. Vhodn\u00e9 pro v\u0161echny typy vlas\u016f. V\u016fn\u011b obsahuje mlad\u00e9 jehli\u010d\u00ed, prysky\u0159ici a d\u0159evit\u00e9 v\u016fn\u011b, kter\u00e9 l\u00e1kaj\u00ed smysly. Inspirov\u00e1no p\u0159\u00edrodou.<br \/>\nNavr\u017eeno a vyrobeno ve Finsku, specialistou na saunov\u00e9 dopl\u0148ky spole\u010dnost\u00ed RENTO. Relaxujte a u\u017e\u00edvejte si harmonii z autentick\u00e9ho z\u00e1\u017eitku finsk\u00e9 sauny.<\/p>\n<div style=\"text-align: center\">\n<p><img loading=\"lazy\" class=\"wp-image-1579\" style=\"margin-right: 25px\" src=\"https:\/\/anderskafka.cz\/eshop\/wp-content\/uploads\/sites\/3\/2022\/12\/MADEINFINNLAND-300x246.jpg\" alt=\"\" width=\"205\" height=\"168\" srcset=\"https:\/\/anderskafka.cz\/eshop\/wp-content\/uploads\/sites\/3\/2022\/12\/MADEINFINNLAND-300x246.jpg 300w, https:\/\/anderskafka.cz\/eshop\/wp-content\/uploads\/sites\/3\/2022\/12\/MADEINFINNLAND-64x52.jpg 64w, https:\/\/anderskafka.cz\/eshop\/wp-content\/uploads\/sites\/3\/2022\/12\/MADEINFINNLAND.jpg 500w\" sizes=\"(max-width: 205px) 100vw, 205px\" \/><img loading=\"lazy\" class=\"wp-image-135 \" src=\"https:\/\/anderskafka.cz\/eshop\/wp-content\/uploads\/sites\/3\/2022\/06\/DesignFromFinland_web-1-300x300.png\" alt=\"\" width=\"178\" height=\"178\" \/><\/p>\n<\/div>\n","protected":false},"featured_media":967,"comment_status":"open","ping_status":"closed","template":"","meta":{"site-sidebar-layout":"default","site-content-layout":"default","ast-main-header-display":"","ast-hfb-above-header-display":"","ast-hfb-below-header-display":"","ast-hfb-mobile-header-display":"","site-post-title":"","ast-breadcrumbs-content":"","ast-featured-img":"","footer-sml-layout":"","theme-transparent-header-meta":"","adv-header-id-meta":"","stick-header-meta":"","header-above-stick-meta":"","header-main-stick-meta":"","header-below-stick-meta":""},"location":[],"product_cat":[110,1640],"product_tag":[103],"yoast_head":"<!-- This site is optimized with the Yoast SEO plugin v18.5.1 - https:\/\/yoast.com\/wordpress\/plugins\/seo\/ -->\n<title>RENTO kondicion\u00e9r na vlasy s p\u0159\u00edrodn\u00ed v\u016fn\u00ed arktick\u00e9 borovice, 400 ml - Anders &amp; Kafka E-SHOP<\/title>\n<meta name=\"description\" content=\"Luxusn\u00ed kondicion\u00e9r s dlouhotrvaj\u00edc\u00edm osv\u011b\u017euj\u00edc\u00edm a hydrata\u010dn\u00edm \u00fa\u010dinkem. Obsahuje extrakt z moru\u0161ky, kter\u00fd chr\u00e1n\u00ed vlasy a poko\u017eku hlavy. Zvy\u0161uje ovladatelnost vlas\u016f a sni\u017euje statickou elekt\u0159inu. Chr\u00e1n\u00ed p\u0159ed UV z\u00e1\u0159en\u00edm. Vhodn\u00e9 pro v\u0161echny typy vlas\u016f. V\u016fn\u011b obsahuje mlad\u00e9 jehli\u010d\u00ed, prysky\u0159ici a d\u0159evit\u00e9 v\u016fn\u011b, kter\u00e9 l\u00e1kaj\u00ed smysly. Inspirov\u00e1no p\u0159\u00edrodou. Navr\u017eeno a vyrobeno ve Finsku, specialistou na saunov\u00e9 dopl\u0148ky spole\u010dnost\u00ed RENTO. Relaxujte a u\u017e\u00edvejte si harmonii z autentick\u00e9ho z\u00e1\u017eitku finsk\u00e9 sauny.\" \/>\n<meta name=\"robots\" content=\"index, follow, max-snippet:-1, max-image-preview:large, max-video-preview:-1\" \/>\n<link rel=\"canonical\" href=\"https:\/\/anderskafka.cz\/eshop\/produkt\/rento-kondicioner-na-vlasy-s-prirodni-vuni-arkticke-borovice-400-ml\/\" \/>\n<meta property=\"og:locale\" content=\"cs_CZ\" \/>\n<meta property=\"og:type\" content=\"article\" \/>\n<meta property=\"og:title\" content=\"RENTO kondicion\u00e9r na vlasy s p\u0159\u00edrodn\u00ed v\u016fn\u00ed arktick\u00e9 borovice, 400 ml - Anders &amp; Kafka E-SHOP\" \/>\n<meta property=\"og:description\" content=\"Luxusn\u00ed kondicion\u00e9r s dlouhotrvaj\u00edc\u00edm osv\u011b\u017euj\u00edc\u00edm a hydrata\u010dn\u00edm \u00fa\u010dinkem. Obsahuje extrakt z moru\u0161ky, kter\u00fd chr\u00e1n\u00ed vlasy a poko\u017eku hlavy. Zvy\u0161uje ovladatelnost vlas\u016f a sni\u017euje statickou elekt\u0159inu. Chr\u00e1n\u00ed p\u0159ed UV z\u00e1\u0159en\u00edm. Vhodn\u00e9 pro v\u0161echny typy vlas\u016f. V\u016fn\u011b obsahuje mlad\u00e9 jehli\u010d\u00ed, prysky\u0159ici a d\u0159evit\u00e9 v\u016fn\u011b, kter\u00e9 l\u00e1kaj\u00ed smysly. Inspirov\u00e1no p\u0159\u00edrodou. Navr\u017eeno a vyrobeno ve Finsku, specialistou na saunov\u00e9 dopl\u0148ky spole\u010dnost\u00ed RENTO. Relaxujte a u\u017e\u00edvejte si harmonii z autentick\u00e9ho z\u00e1\u017eitku finsk\u00e9 sauny.\" \/>\n<meta property=\"og:url\" content=\"https:\/\/anderskafka.cz\/eshop\/produkt\/rento-kondicioner-na-vlasy-s-prirodni-vuni-arkticke-borovice-400-ml\/\" \/>\n<meta property=\"og:site_name\" content=\"Anders &amp; Kafka E-SHOP\" \/>\n<meta property=\"article:modified_time\" content=\"2025-11-30T18:10:48+00:00\" \/>\n<meta property=\"og:image\" content=\"https:\/\/anderskafka.cz\/eshop\/wp-content\/uploads\/sites\/3\/2022\/12\/6410413175129_H_N.jpg\" \/>\n\t<meta property=\"og:image:width\" content=\"700\" \/>\n\t<meta property=\"og:image:height\" content=\"700\" \/>\n\t<meta property=\"og:image:type\" content=\"image\/jpeg\" \/>\n<meta name=\"twitter:card\" content=\"summary_large_image\" \/>\n<meta name=\"twitter:label1\" content=\"Odhadovan\u00e1 doba \u010dten\u00ed\" \/>\n\t<meta name=\"twitter:data1\" content=\"1 minuta\" \/>\n<script type=\"application\/ld+json\" class=\"yoast-schema-graph\">{\"@context\":\"https:\/\/schema.org\",\"@graph\":[{\"@type\":\"WebSite\",\"@id\":\"https:\/\/anderskafka.cz\/eshop\/#website\",\"url\":\"https:\/\/anderskafka.cz\/eshop\/\",\"name\":\"Anders &amp; Kafka E-SHOP\",\"description\":\"Anders &amp; Kafka E-SHOP\",\"potentialAction\":[{\"@type\":\"SearchAction\",\"target\":{\"@type\":\"EntryPoint\",\"urlTemplate\":\"https:\/\/anderskafka.cz\/eshop\/?s={search_term_string}\"},\"query-input\":\"required name=search_term_string\"}],\"inLanguage\":\"cs\"},{\"@type\":\"ImageObject\",\"@id\":\"https:\/\/anderskafka.cz\/eshop\/produkt\/rento-kondicioner-na-vlasy-s-prirodni-vuni-arkticke-borovice-400-ml\/#primaryimage\",\"inLanguage\":\"cs\",\"url\":\"https:\/\/anderskafka.cz\/eshop\/wp-content\/uploads\/sites\/3\/2022\/12\/6410413175129_H_N.jpg\",\"contentUrl\":\"https:\/\/anderskafka.cz\/eshop\/wp-content\/uploads\/sites\/3\/2022\/12\/6410413175129_H_N.jpg\",\"width\":700,\"height\":700},{\"@type\":\"WebPage\",\"@id\":\"https:\/\/anderskafka.cz\/eshop\/produkt\/rento-kondicioner-na-vlasy-s-prirodni-vuni-arkticke-borovice-400-ml\/#webpage\",\"url\":\"https:\/\/anderskafka.cz\/eshop\/produkt\/rento-kondicioner-na-vlasy-s-prirodni-vuni-arkticke-borovice-400-ml\/\",\"name\":\"RENTO kondicion\u00e9r na vlasy s p\u0159\u00edrodn\u00ed v\u016fn\u00ed arktick\u00e9 borovice, 400 ml - Anders &amp; Kafka E-SHOP\",\"isPartOf\":{\"@id\":\"https:\/\/anderskafka.cz\/eshop\/#website\"},\"primaryImageOfPage\":{\"@id\":\"https:\/\/anderskafka.cz\/eshop\/produkt\/rento-kondicioner-na-vlasy-s-prirodni-vuni-arkticke-borovice-400-ml\/#primaryimage\"},\"datePublished\":\"2022-12-03T15:59:37+00:00\",\"dateModified\":\"2025-11-30T18:10:48+00:00\",\"description\":\"Luxusn\u00ed kondicion\u00e9r s dlouhotrvaj\u00edc\u00edm osv\u011b\u017euj\u00edc\u00edm a hydrata\u010dn\u00edm \u00fa\u010dinkem. Obsahuje extrakt z moru\u0161ky, kter\u00fd chr\u00e1n\u00ed vlasy a poko\u017eku hlavy. Zvy\u0161uje ovladatelnost vlas\u016f a sni\u017euje statickou elekt\u0159inu. Chr\u00e1n\u00ed p\u0159ed UV z\u00e1\u0159en\u00edm. Vhodn\u00e9 pro v\u0161echny typy vlas\u016f. V\u016fn\u011b obsahuje mlad\u00e9 jehli\u010d\u00ed, prysky\u0159ici a d\u0159evit\u00e9 v\u016fn\u011b, kter\u00e9 l\u00e1kaj\u00ed smysly. Inspirov\u00e1no p\u0159\u00edrodou. Navr\u017eeno a vyrobeno ve Finsku, specialistou na saunov\u00e9 dopl\u0148ky spole\u010dnost\u00ed RENTO. Relaxujte a u\u017e\u00edvejte si harmonii z autentick\u00e9ho z\u00e1\u017eitku finsk\u00e9 sauny.\",\"breadcrumb\":{\"@id\":\"https:\/\/anderskafka.cz\/eshop\/produkt\/rento-kondicioner-na-vlasy-s-prirodni-vuni-arkticke-borovice-400-ml\/#breadcrumb\"},\"inLanguage\":\"cs\",\"potentialAction\":[{\"@type\":\"ReadAction\",\"target\":[\"https:\/\/anderskafka.cz\/eshop\/produkt\/rento-kondicioner-na-vlasy-s-prirodni-vuni-arkticke-borovice-400-ml\/\"]}]},{\"@type\":\"BreadcrumbList\",\"@id\":\"https:\/\/anderskafka.cz\/eshop\/produkt\/rento-kondicioner-na-vlasy-s-prirodni-vuni-arkticke-borovice-400-ml\/#breadcrumb\",\"itemListElement\":[{\"@type\":\"ListItem\",\"position\":1,\"name\":\"Obchod\",\"item\":\"https:\/\/anderskafka.cz\/eshop\/obchod\/\"},{\"@type\":\"ListItem\",\"position\":2,\"name\":\"RENTO kondicion\u00e9r na vlasy s p\u0159\u00edrodn\u00ed v\u016fn\u00ed arktick\u00e9 borovice, 400 ml\"}]}]}<\/script>\n<!-- \/ Yoast SEO plugin. -->","yoast_head_json":{"title":"RENTO kondicion\u00e9r na vlasy s p\u0159\u00edrodn\u00ed v\u016fn\u00ed arktick\u00e9 borovice, 400 ml - Anders &amp; Kafka E-SHOP","description":"Luxusn\u00ed kondicion\u00e9r s dlouhotrvaj\u00edc\u00edm osv\u011b\u017euj\u00edc\u00edm a hydrata\u010dn\u00edm \u00fa\u010dinkem. Obsahuje extrakt z moru\u0161ky, kter\u00fd chr\u00e1n\u00ed vlasy a poko\u017eku hlavy. Zvy\u0161uje ovladatelnost vlas\u016f a sni\u017euje statickou elekt\u0159inu. Chr\u00e1n\u00ed p\u0159ed UV z\u00e1\u0159en\u00edm. Vhodn\u00e9 pro v\u0161echny typy vlas\u016f. V\u016fn\u011b obsahuje mlad\u00e9 jehli\u010d\u00ed, prysky\u0159ici a d\u0159evit\u00e9 v\u016fn\u011b, kter\u00e9 l\u00e1kaj\u00ed smysly. Inspirov\u00e1no p\u0159\u00edrodou. Navr\u017eeno a vyrobeno ve Finsku, specialistou na saunov\u00e9 dopl\u0148ky spole\u010dnost\u00ed RENTO. Relaxujte a u\u017e\u00edvejte si harmonii z autentick\u00e9ho z\u00e1\u017eitku finsk\u00e9 sauny.","robots":{"index":"index","follow":"follow","max-snippet":"max-snippet:-1","max-image-preview":"max-image-preview:large","max-video-preview":"max-video-preview:-1"},"canonical":"https:\/\/anderskafka.cz\/eshop\/produkt\/rento-kondicioner-na-vlasy-s-prirodni-vuni-arkticke-borovice-400-ml\/","og_locale":"cs_CZ","og_type":"article","og_title":"RENTO kondicion\u00e9r na vlasy s p\u0159\u00edrodn\u00ed v\u016fn\u00ed arktick\u00e9 borovice, 400 ml - Anders &amp; Kafka E-SHOP","og_description":"Luxusn\u00ed kondicion\u00e9r s dlouhotrvaj\u00edc\u00edm osv\u011b\u017euj\u00edc\u00edm a hydrata\u010dn\u00edm \u00fa\u010dinkem. Obsahuje extrakt z moru\u0161ky, kter\u00fd chr\u00e1n\u00ed vlasy a poko\u017eku hlavy. Zvy\u0161uje ovladatelnost vlas\u016f a sni\u017euje statickou elekt\u0159inu. Chr\u00e1n\u00ed p\u0159ed UV z\u00e1\u0159en\u00edm. Vhodn\u00e9 pro v\u0161echny typy vlas\u016f. V\u016fn\u011b obsahuje mlad\u00e9 jehli\u010d\u00ed, prysky\u0159ici a d\u0159evit\u00e9 v\u016fn\u011b, kter\u00e9 l\u00e1kaj\u00ed smysly. Inspirov\u00e1no p\u0159\u00edrodou. Navr\u017eeno a vyrobeno ve Finsku, specialistou na saunov\u00e9 dopl\u0148ky spole\u010dnost\u00ed RENTO. Relaxujte a u\u017e\u00edvejte si harmonii z autentick\u00e9ho z\u00e1\u017eitku finsk\u00e9 sauny.","og_url":"https:\/\/anderskafka.cz\/eshop\/produkt\/rento-kondicioner-na-vlasy-s-prirodni-vuni-arkticke-borovice-400-ml\/","og_site_name":"Anders &amp; Kafka E-SHOP","article_modified_time":"2025-11-30T18:10:48+00:00","og_image":[{"width":700,"height":700,"url":"https:\/\/anderskafka.cz\/eshop\/wp-content\/uploads\/sites\/3\/2022\/12\/6410413175129_H_N.jpg","type":"image\/jpeg"}],"twitter_card":"summary_large_image","twitter_misc":{"Odhadovan\u00e1 doba \u010dten\u00ed":"1 minuta"},"schema":{"@context":"https:\/\/schema.org","@graph":[{"@type":"WebSite","@id":"https:\/\/anderskafka.cz\/eshop\/#website","url":"https:\/\/anderskafka.cz\/eshop\/","name":"Anders &amp; Kafka E-SHOP","description":"Anders &amp; Kafka E-SHOP","potentialAction":[{"@type":"SearchAction","target":{"@type":"EntryPoint","urlTemplate":"https:\/\/anderskafka.cz\/eshop\/?s={search_term_string}"},"query-input":"required name=search_term_string"}],"inLanguage":"cs"},{"@type":"ImageObject","@id":"https:\/\/anderskafka.cz\/eshop\/produkt\/rento-kondicioner-na-vlasy-s-prirodni-vuni-arkticke-borovice-400-ml\/#primaryimage","inLanguage":"cs","url":"https:\/\/anderskafka.cz\/eshop\/wp-content\/uploads\/sites\/3\/2022\/12\/6410413175129_H_N.jpg","contentUrl":"https:\/\/anderskafka.cz\/eshop\/wp-content\/uploads\/sites\/3\/2022\/12\/6410413175129_H_N.jpg","width":700,"height":700},{"@type":"WebPage","@id":"https:\/\/anderskafka.cz\/eshop\/produkt\/rento-kondicioner-na-vlasy-s-prirodni-vuni-arkticke-borovice-400-ml\/#webpage","url":"https:\/\/anderskafka.cz\/eshop\/produkt\/rento-kondicioner-na-vlasy-s-prirodni-vuni-arkticke-borovice-400-ml\/","name":"RENTO kondicion\u00e9r na vlasy s p\u0159\u00edrodn\u00ed v\u016fn\u00ed arktick\u00e9 borovice, 400 ml - Anders &amp; Kafka E-SHOP","isPartOf":{"@id":"https:\/\/anderskafka.cz\/eshop\/#website"},"primaryImageOfPage":{"@id":"https:\/\/anderskafka.cz\/eshop\/produkt\/rento-kondicioner-na-vlasy-s-prirodni-vuni-arkticke-borovice-400-ml\/#primaryimage"},"datePublished":"2022-12-03T15:59:37+00:00","dateModified":"2025-11-30T18:10:48+00:00","description":"Luxusn\u00ed kondicion\u00e9r s dlouhotrvaj\u00edc\u00edm osv\u011b\u017euj\u00edc\u00edm a hydrata\u010dn\u00edm \u00fa\u010dinkem. Obsahuje extrakt z moru\u0161ky, kter\u00fd chr\u00e1n\u00ed vlasy a poko\u017eku hlavy. Zvy\u0161uje ovladatelnost vlas\u016f a sni\u017euje statickou elekt\u0159inu. Chr\u00e1n\u00ed p\u0159ed UV z\u00e1\u0159en\u00edm. Vhodn\u00e9 pro v\u0161echny typy vlas\u016f. V\u016fn\u011b obsahuje mlad\u00e9 jehli\u010d\u00ed, prysky\u0159ici a d\u0159evit\u00e9 v\u016fn\u011b, kter\u00e9 l\u00e1kaj\u00ed smysly. Inspirov\u00e1no p\u0159\u00edrodou. Navr\u017eeno a vyrobeno ve Finsku, specialistou na saunov\u00e9 dopl\u0148ky spole\u010dnost\u00ed RENTO. Relaxujte a u\u017e\u00edvejte si harmonii z autentick\u00e9ho z\u00e1\u017eitku finsk\u00e9 sauny.","breadcrumb":{"@id":"https:\/\/anderskafka.cz\/eshop\/produkt\/rento-kondicioner-na-vlasy-s-prirodni-vuni-arkticke-borovice-400-ml\/#breadcrumb"},"inLanguage":"cs","potentialAction":[{"@type":"ReadAction","target":["https:\/\/anderskafka.cz\/eshop\/produkt\/rento-kondicioner-na-vlasy-s-prirodni-vuni-arkticke-borovice-400-ml\/"]}]},{"@type":"BreadcrumbList","@id":"https:\/\/anderskafka.cz\/eshop\/produkt\/rento-kondicioner-na-vlasy-s-prirodni-vuni-arkticke-borovice-400-ml\/#breadcrumb","itemListElement":[{"@type":"ListItem","position":1,"name":"Obchod","item":"https:\/\/anderskafka.cz\/eshop\/obchod\/"},{"@type":"ListItem","position":2,"name":"RENTO kondicion\u00e9r na vlasy s p\u0159\u00edrodn\u00ed v\u016fn\u00ed arktick\u00e9 borovice, 400 ml"}]}]}},"locations":[],"_links":{"self":[{"href":"https:\/\/anderskafka.cz\/eshop\/wp-json\/wp\/v2\/product\/1120"}],"collection":[{"href":"https:\/\/anderskafka.cz\/eshop\/wp-json\/wp\/v2\/product"}],"about":[{"href":"https:\/\/anderskafka.cz\/eshop\/wp-json\/wp\/v2\/types\/product"}],"replies":[{"embeddable":true,"href":"https:\/\/anderskafka.cz\/eshop\/wp-json\/wp\/v2\/comments?post=1120"}],"wp:featuredmedia":[{"embeddable":true,"href":"https:\/\/anderskafka.cz\/eshop\/wp-json\/wp\/v2\/media\/967"}],"wp:attachment":[{"href":"https:\/\/anderskafka.cz\/eshop\/wp-json\/wp\/v2\/media?parent=1120"}],"wp:term":[{"taxonomy":"location","embeddable":true,"href":"https:\/\/anderskafka.cz\/eshop\/wp-json\/wp\/v2\/location?post=1120"},{"taxonomy":"product_cat","embeddable":true,"href":"https:\/\/anderskafka.cz\/eshop\/wp-json\/wp\/v2\/product_cat?post=1120"},{"taxonomy":"product_tag","embeddable":true,"href":"https:\/\/anderskafka.cz\/eshop\/wp-json\/wp\/v2\/product_tag?post=1120"}],"curies":[{"name":"wp","href":"https:\/\/api.w.org\/{rel}","templated":true}]}}