{"id":11528,"date":"2025-09-10T08:23:47","date_gmt":"2025-09-10T06:23:47","guid":{"rendered":"https:\/\/anderskafka.cz\/eshop\/?post_type=product&#038;p=11528"},"modified":"2026-04-28T13:34:46","modified_gmt":"2026-04-28T11:34:46","slug":"skerjanc-wellnes-lehatko-lux-alu-antracit","status":"publish","type":"product","link":"https:\/\/anderskafka.cz\/eshop\/produkt\/skerjanc-wellnes-lehatko-lux-alu-antracit\/","title":{"rendered":"\u0160KERJANC wellnes leh\u00e1tko lux alu antracit"},"content":{"rendered":"<p>Pohodln\u00e9 wellnes leh\u00e1tko zaujme p\u0159edev\u0161\u00edm jednoduch\u00fdm designem. Lehk\u00fd hlin\u00edkov\u00fd r\u00e1m dopl\u0148uje \u010daloun\u011bn\u00fd sed\u00e1k a op\u011bradlo o tlou\u0161\u0165ce 2 mm.<br \/>\nLeh\u00e1tko je dlouh\u00e9 194 cm, \u0161irok\u00e9 67 cm. V\u00fd\u0161ka v\u010detn\u011b op\u011brky je 95 cm.<\/p>\n","protected":false},"excerpt":{"rendered":"<p>Pohodln\u00e9 wellnes leh\u00e1tko zaujme p\u0159edev\u0161\u00edm jednoduch\u00fdm designem. Lehk\u00fd hlin\u00edkov\u00fd r\u00e1m dopl\u0148uje \u010daloun\u011bn\u00fd sed\u00e1k a op\u011bradlo o tlou\u0161\u0165ce 2 mm.<\/p>\n<p>\u0160kerjanc, slovinsk\u00fd v\u00fdrobce n\u00e1bytku s rozmanitou nab\u00eddkou produkt\u016f vyroben\u00fdch z nejr\u016fzn\u011bj\u0161\u00edch materi\u00e1l\u016f.<\/p>\n","protected":false},"featured_media":11532,"comment_status":"open","ping_status":"closed","template":"","meta":{"site-sidebar-layout":"default","site-content-layout":"default","ast-main-header-display":"","ast-hfb-above-header-display":"","ast-hfb-below-header-display":"","ast-hfb-mobile-header-display":"","site-post-title":"","ast-breadcrumbs-content":"","ast-featured-img":"","footer-sml-layout":"","theme-transparent-header-meta":"","adv-header-id-meta":"","stick-header-meta":"","header-above-stick-meta":"","header-main-stick-meta":"","header-below-stick-meta":""},"location":[],"product_cat":[1133,901,1335,411],"product_tag":[1628],"yoast_head":"<!-- This site is optimized with the Yoast SEO plugin v18.5.1 - https:\/\/yoast.com\/wordpress\/plugins\/seo\/ -->\n<title>\u0160KERJANC wellnes leh\u00e1tko lux alu antracit - Anders &amp; Kafka E-SHOP<\/title>\n<meta name=\"description\" content=\"Pohodln\u00e9 wellnes leh\u00e1tko zaujme p\u0159edev\u0161\u00edm jednoduch\u00fdm designem. Lehk\u00fd hlin\u00edkov\u00fd r\u00e1m dopl\u0148uje \u010daloun\u011bn\u00fd sed\u00e1k a op\u011bradlo o tlou\u0161\u0165ce 2 mm.  \u0160kerjanc, slovinsk\u00fd v\u00fdrobce n\u00e1bytku s rozmanitou nab\u00eddkou produkt\u016f vyroben\u00fdch z nejr\u016fzn\u011bj\u0161\u00edch materi\u00e1l\u016f.\" \/>\n<meta name=\"robots\" content=\"index, follow, max-snippet:-1, max-image-preview:large, max-video-preview:-1\" \/>\n<link rel=\"canonical\" href=\"https:\/\/anderskafka.cz\/eshop\/produkt\/skerjanc-wellnes-lehatko-lux-alu-antracit\/\" \/>\n<meta property=\"og:locale\" content=\"cs_CZ\" \/>\n<meta property=\"og:type\" content=\"article\" \/>\n<meta property=\"og:title\" content=\"\u0160KERJANC wellnes leh\u00e1tko lux alu antracit - Anders &amp; Kafka E-SHOP\" \/>\n<meta property=\"og:description\" content=\"Pohodln\u00e9 wellnes leh\u00e1tko zaujme p\u0159edev\u0161\u00edm jednoduch\u00fdm designem. Lehk\u00fd hlin\u00edkov\u00fd r\u00e1m dopl\u0148uje \u010daloun\u011bn\u00fd sed\u00e1k a op\u011bradlo o tlou\u0161\u0165ce 2 mm.  \u0160kerjanc, slovinsk\u00fd v\u00fdrobce n\u00e1bytku s rozmanitou nab\u00eddkou produkt\u016f vyroben\u00fdch z nejr\u016fzn\u011bj\u0161\u00edch materi\u00e1l\u016f.\" \/>\n<meta property=\"og:url\" content=\"https:\/\/anderskafka.cz\/eshop\/produkt\/skerjanc-wellnes-lehatko-lux-alu-antracit\/\" \/>\n<meta property=\"og:site_name\" content=\"Anders &amp; Kafka E-SHOP\" \/>\n<meta property=\"article:modified_time\" content=\"2026-04-28T11:34:46+00:00\" \/>\n<meta name=\"twitter:card\" content=\"summary_large_image\" \/>\n<meta name=\"twitter:image\" content=\"https:\/\/anderskafka.cz\/eshop\/wp-content\/uploads\/sites\/3\/2025\/09\/SKERJANC_lehatkoLuxAluAntracit1_AndersKafka.webp\" \/>\n<meta name=\"twitter:label1\" content=\"Odhadovan\u00e1 doba \u010dten\u00ed\" \/>\n\t<meta name=\"twitter:data1\" content=\"1 minuta\" \/>\n<script type=\"application\/ld+json\" class=\"yoast-schema-graph\">{\"@context\":\"https:\/\/schema.org\",\"@graph\":[{\"@type\":\"WebSite\",\"@id\":\"https:\/\/anderskafka.cz\/eshop\/#website\",\"url\":\"https:\/\/anderskafka.cz\/eshop\/\",\"name\":\"Anders &amp; Kafka E-SHOP\",\"description\":\"Anders &amp; Kafka E-SHOP\",\"potentialAction\":[{\"@type\":\"SearchAction\",\"target\":{\"@type\":\"EntryPoint\",\"urlTemplate\":\"https:\/\/anderskafka.cz\/eshop\/?s={search_term_string}\"},\"query-input\":\"required name=search_term_string\"}],\"inLanguage\":\"cs\"},{\"@type\":\"ImageObject\",\"@id\":\"https:\/\/anderskafka.cz\/eshop\/produkt\/skerjanc-wellnes-lehatko-lux-alu-antracit\/#primaryimage\",\"inLanguage\":\"cs\",\"url\":\"https:\/\/anderskafka.cz\/eshop\/wp-content\/uploads\/sites\/3\/2025\/09\/SKERJANC_lehatkoLuxAluAntracit1_AndersKafka.webp\",\"contentUrl\":\"https:\/\/anderskafka.cz\/eshop\/wp-content\/uploads\/sites\/3\/2025\/09\/SKERJANC_lehatkoLuxAluAntracit1_AndersKafka.webp\",\"width\":1500,\"height\":1500},{\"@type\":\"WebPage\",\"@id\":\"https:\/\/anderskafka.cz\/eshop\/produkt\/skerjanc-wellnes-lehatko-lux-alu-antracit\/#webpage\",\"url\":\"https:\/\/anderskafka.cz\/eshop\/produkt\/skerjanc-wellnes-lehatko-lux-alu-antracit\/\",\"name\":\"\u0160KERJANC wellnes leh\u00e1tko lux alu antracit - Anders &amp; Kafka E-SHOP\",\"isPartOf\":{\"@id\":\"https:\/\/anderskafka.cz\/eshop\/#website\"},\"primaryImageOfPage\":{\"@id\":\"https:\/\/anderskafka.cz\/eshop\/produkt\/skerjanc-wellnes-lehatko-lux-alu-antracit\/#primaryimage\"},\"datePublished\":\"2025-09-10T06:23:47+00:00\",\"dateModified\":\"2026-04-28T11:34:46+00:00\",\"description\":\"Pohodln\u00e9 wellnes leh\u00e1tko zaujme p\u0159edev\u0161\u00edm jednoduch\u00fdm designem. Lehk\u00fd hlin\u00edkov\u00fd r\u00e1m dopl\u0148uje \u010daloun\u011bn\u00fd sed\u00e1k a op\u011bradlo o tlou\u0161\u0165ce 2 mm. \u0160kerjanc, slovinsk\u00fd v\u00fdrobce n\u00e1bytku s rozmanitou nab\u00eddkou produkt\u016f vyroben\u00fdch z nejr\u016fzn\u011bj\u0161\u00edch materi\u00e1l\u016f.\",\"breadcrumb\":{\"@id\":\"https:\/\/anderskafka.cz\/eshop\/produkt\/skerjanc-wellnes-lehatko-lux-alu-antracit\/#breadcrumb\"},\"inLanguage\":\"cs\",\"potentialAction\":[{\"@type\":\"ReadAction\",\"target\":[\"https:\/\/anderskafka.cz\/eshop\/produkt\/skerjanc-wellnes-lehatko-lux-alu-antracit\/\"]}]},{\"@type\":\"BreadcrumbList\",\"@id\":\"https:\/\/anderskafka.cz\/eshop\/produkt\/skerjanc-wellnes-lehatko-lux-alu-antracit\/#breadcrumb\",\"itemListElement\":[{\"@type\":\"ListItem\",\"position\":1,\"name\":\"Obchod\",\"item\":\"https:\/\/anderskafka.cz\/eshop\/obchod\/\"},{\"@type\":\"ListItem\",\"position\":2,\"name\":\"\u0160KERJANC wellnes leh\u00e1tko lux alu antracit\"}]}]}<\/script>\n<!-- \/ Yoast SEO plugin. -->","yoast_head_json":{"title":"\u0160KERJANC wellnes leh\u00e1tko lux alu antracit - Anders &amp; Kafka E-SHOP","description":"Pohodln\u00e9 wellnes leh\u00e1tko zaujme p\u0159edev\u0161\u00edm jednoduch\u00fdm designem. Lehk\u00fd hlin\u00edkov\u00fd r\u00e1m dopl\u0148uje \u010daloun\u011bn\u00fd sed\u00e1k a op\u011bradlo o tlou\u0161\u0165ce 2 mm.  \u0160kerjanc, slovinsk\u00fd v\u00fdrobce n\u00e1bytku s rozmanitou nab\u00eddkou produkt\u016f vyroben\u00fdch z nejr\u016fzn\u011bj\u0161\u00edch materi\u00e1l\u016f.","robots":{"index":"index","follow":"follow","max-snippet":"max-snippet:-1","max-image-preview":"max-image-preview:large","max-video-preview":"max-video-preview:-1"},"canonical":"https:\/\/anderskafka.cz\/eshop\/produkt\/skerjanc-wellnes-lehatko-lux-alu-antracit\/","og_locale":"cs_CZ","og_type":"article","og_title":"\u0160KERJANC wellnes leh\u00e1tko lux alu antracit - Anders &amp; Kafka E-SHOP","og_description":"Pohodln\u00e9 wellnes leh\u00e1tko zaujme p\u0159edev\u0161\u00edm jednoduch\u00fdm designem. Lehk\u00fd hlin\u00edkov\u00fd r\u00e1m dopl\u0148uje \u010daloun\u011bn\u00fd sed\u00e1k a op\u011bradlo o tlou\u0161\u0165ce 2 mm.  \u0160kerjanc, slovinsk\u00fd v\u00fdrobce n\u00e1bytku s rozmanitou nab\u00eddkou produkt\u016f vyroben\u00fdch z nejr\u016fzn\u011bj\u0161\u00edch materi\u00e1l\u016f.","og_url":"https:\/\/anderskafka.cz\/eshop\/produkt\/skerjanc-wellnes-lehatko-lux-alu-antracit\/","og_site_name":"Anders &amp; Kafka E-SHOP","article_modified_time":"2026-04-28T11:34:46+00:00","twitter_card":"summary_large_image","twitter_image":"https:\/\/anderskafka.cz\/eshop\/wp-content\/uploads\/sites\/3\/2025\/09\/SKERJANC_lehatkoLuxAluAntracit1_AndersKafka.webp","twitter_misc":{"Odhadovan\u00e1 doba \u010dten\u00ed":"1 minuta"},"schema":{"@context":"https:\/\/schema.org","@graph":[{"@type":"WebSite","@id":"https:\/\/anderskafka.cz\/eshop\/#website","url":"https:\/\/anderskafka.cz\/eshop\/","name":"Anders &amp; Kafka E-SHOP","description":"Anders &amp; Kafka E-SHOP","potentialAction":[{"@type":"SearchAction","target":{"@type":"EntryPoint","urlTemplate":"https:\/\/anderskafka.cz\/eshop\/?s={search_term_string}"},"query-input":"required name=search_term_string"}],"inLanguage":"cs"},{"@type":"ImageObject","@id":"https:\/\/anderskafka.cz\/eshop\/produkt\/skerjanc-wellnes-lehatko-lux-alu-antracit\/#primaryimage","inLanguage":"cs","url":"https:\/\/anderskafka.cz\/eshop\/wp-content\/uploads\/sites\/3\/2025\/09\/SKERJANC_lehatkoLuxAluAntracit1_AndersKafka.webp","contentUrl":"https:\/\/anderskafka.cz\/eshop\/wp-content\/uploads\/sites\/3\/2025\/09\/SKERJANC_lehatkoLuxAluAntracit1_AndersKafka.webp","width":1500,"height":1500},{"@type":"WebPage","@id":"https:\/\/anderskafka.cz\/eshop\/produkt\/skerjanc-wellnes-lehatko-lux-alu-antracit\/#webpage","url":"https:\/\/anderskafka.cz\/eshop\/produkt\/skerjanc-wellnes-lehatko-lux-alu-antracit\/","name":"\u0160KERJANC wellnes leh\u00e1tko lux alu antracit - Anders &amp; Kafka E-SHOP","isPartOf":{"@id":"https:\/\/anderskafka.cz\/eshop\/#website"},"primaryImageOfPage":{"@id":"https:\/\/anderskafka.cz\/eshop\/produkt\/skerjanc-wellnes-lehatko-lux-alu-antracit\/#primaryimage"},"datePublished":"2025-09-10T06:23:47+00:00","dateModified":"2026-04-28T11:34:46+00:00","description":"Pohodln\u00e9 wellnes leh\u00e1tko zaujme p\u0159edev\u0161\u00edm jednoduch\u00fdm designem. Lehk\u00fd hlin\u00edkov\u00fd r\u00e1m dopl\u0148uje \u010daloun\u011bn\u00fd sed\u00e1k a op\u011bradlo o tlou\u0161\u0165ce 2 mm. \u0160kerjanc, slovinsk\u00fd v\u00fdrobce n\u00e1bytku s rozmanitou nab\u00eddkou produkt\u016f vyroben\u00fdch z nejr\u016fzn\u011bj\u0161\u00edch materi\u00e1l\u016f.","breadcrumb":{"@id":"https:\/\/anderskafka.cz\/eshop\/produkt\/skerjanc-wellnes-lehatko-lux-alu-antracit\/#breadcrumb"},"inLanguage":"cs","potentialAction":[{"@type":"ReadAction","target":["https:\/\/anderskafka.cz\/eshop\/produkt\/skerjanc-wellnes-lehatko-lux-alu-antracit\/"]}]},{"@type":"BreadcrumbList","@id":"https:\/\/anderskafka.cz\/eshop\/produkt\/skerjanc-wellnes-lehatko-lux-alu-antracit\/#breadcrumb","itemListElement":[{"@type":"ListItem","position":1,"name":"Obchod","item":"https:\/\/anderskafka.cz\/eshop\/obchod\/"},{"@type":"ListItem","position":2,"name":"\u0160KERJANC wellnes leh\u00e1tko lux alu antracit"}]}]}},"locations":[],"_links":{"self":[{"href":"https:\/\/anderskafka.cz\/eshop\/wp-json\/wp\/v2\/product\/11528"}],"collection":[{"href":"https:\/\/anderskafka.cz\/eshop\/wp-json\/wp\/v2\/product"}],"about":[{"href":"https:\/\/anderskafka.cz\/eshop\/wp-json\/wp\/v2\/types\/product"}],"replies":[{"embeddable":true,"href":"https:\/\/anderskafka.cz\/eshop\/wp-json\/wp\/v2\/comments?post=11528"}],"wp:featuredmedia":[{"embeddable":true,"href":"https:\/\/anderskafka.cz\/eshop\/wp-json\/wp\/v2\/media\/11532"}],"wp:attachment":[{"href":"https:\/\/anderskafka.cz\/eshop\/wp-json\/wp\/v2\/media?parent=11528"}],"wp:term":[{"taxonomy":"location","embeddable":true,"href":"https:\/\/anderskafka.cz\/eshop\/wp-json\/wp\/v2\/location?post=11528"},{"taxonomy":"product_cat","embeddable":true,"href":"https:\/\/anderskafka.cz\/eshop\/wp-json\/wp\/v2\/product_cat?post=11528"},{"taxonomy":"product_tag","embeddable":true,"href":"https:\/\/anderskafka.cz\/eshop\/wp-json\/wp\/v2\/product_tag?post=11528"}],"curies":[{"name":"wp","href":"https:\/\/api.w.org\/{rel}","templated":true}]}}