{"id":11914,"date":"2025-09-25T08:07:52","date_gmt":"2025-09-25T06:07:52","guid":{"rendered":"https:\/\/anderskafka.cz\/eshop\/?post_type=product&#038;p=11914"},"modified":"2026-03-07T08:15:55","modified_gmt":"2026-03-07T07:15:55","slug":"liebenstein-premiovy-pansky-saunovy-kilt-antracitovy","status":"publish","type":"product","link":"https:\/\/anderskafka.cz\/eshop\/produkt\/liebenstein-premiovy-pansky-saunovy-kilt-antracitovy\/","title":{"rendered":"LIEBENSTEIN pr\u00e9miov\u00fd p\u00e1nsk\u00fd saunov\u00fd kilt, antracitov\u00fd"},"content":{"rendered":"<p>Pr\u00e9miov\u00fd p\u00e1nsk\u00fd kilt v antracitov\u00e9 barv\u011b je vyroben ze 100% nejjemn\u011bj\u0161\u00ed, sametov\u011b hebk\u00e9 pr\u00e9miov\u00e9 bavlny a d\u00edky modern\u00ed, na m\u00edru \u0161it\u00e9 technologii tkan\u00ed je mimo\u0159\u00e1dn\u011b objemn\u00fd a nad\u00fdchan\u00fd. Rozm\u011bry kiltu jsou 55 cm x 140 cm.<\/p>\n<p>Kilt &#8220;Made in Portugal&#8221; je vyroben z p\u0159\u00edrodn\u00edch surovin s certifik\u00e1tem OEKO-TEX\u00ae. Ide\u00e1ln\u011b se hod\u00ed k wellness procedur\u00e1m a zajist\u00ed dokonal\u00e9 chv\u00edle b\u011bhem va\u0161eho odpo\u010dinku pro t\u011blo i mysl.<\/p>\n<p>Saunov\u00fd kilt lze individu\u00e1ln\u011b upravit pomoc\u00ed patentek na p\u0159edn\u00ed stran\u011b a dokonale se p\u0159izp\u016fsob\u00ed r\u016fzn\u00fdm tvar\u016fm postavy. Elastick\u00fd p\u00e1sek na zadn\u00ed stran\u011b kiltu poskytuje dodate\u010dn\u00e9 pohodl\u00ed a flexibilitu. Zaru\u010den\u011b neklou\u017ee. S praktick\u00fdm poutkem k zav\u011b\u0161en\u00ed.<\/p>\n<p>Textiln\u00ed v\u00fdrobky Liebenstein perte maxim\u00e1ln\u011b na 60 stup\u0148\u016f. Po vypr\u00e1n\u00ed textilie vyklepejte do tvaru a su\u0161te je ide\u00e1ln\u011b na \u010derstv\u00e9m vzduchu nebo v su\u0161i\u010dce na st\u0159edn\u00ed teplotu. Su\u0161en\u00ed v bubnov\u00e9 su\u0161i\u010dce udr\u017euje frot\u00e9 v\u00fdrobky p\u011bkn\u00e9 a m\u011bkk\u00e9.<\/p>\n","protected":false},"excerpt":{"rendered":"<p>Pr\u00e9miov\u00fd p\u00e1nsk\u00fd kilt v antracitov\u00e9 barv\u011b je vyroben ze 100% pr\u00e9miov\u00e9 bavlny. Pru\u017en\u00fd lem a patentky zaru\u010duj\u00ed, \u017ee kilt skv\u011ble padne ka\u017ed\u00e9mu mu\u017ei. Rozm\u011bry kiltu jsou 55 cm x 140 cm.<\/p>\n<p>Kvalitn\u011b vyrobeno v Portugalsku.<\/p>\n<p><img loading=\"lazy\" class=\"size-medium wp-image-1482 aligncenter\" src=\"https:\/\/anderskafka.cz\/eshop\/wp-content\/uploads\/sites\/3\/2022\/12\/made-in-portugal-feito-em-portugal-map-icon-vector-26458680-300x150.jpg\" alt=\"\" width=\"300\" height=\"150\" srcset=\"https:\/\/anderskafka.cz\/eshop\/wp-content\/uploads\/sites\/3\/2022\/12\/made-in-portugal-feito-em-portugal-map-icon-vector-26458680-300x150.jpg 300w, https:\/\/anderskafka.cz\/eshop\/wp-content\/uploads\/sites\/3\/2022\/12\/made-in-portugal-feito-em-portugal-map-icon-vector-26458680-64x32.jpg 64w, https:\/\/anderskafka.cz\/eshop\/wp-content\/uploads\/sites\/3\/2022\/12\/made-in-portugal-feito-em-portugal-map-icon-vector-26458680.jpg 500w\" sizes=\"(max-width: 300px) 100vw, 300px\" \/><\/p>\n","protected":false},"featured_media":11917,"comment_status":"open","ping_status":"closed","template":"","meta":{"site-sidebar-layout":"default","site-content-layout":"default","ast-main-header-display":"","ast-hfb-above-header-display":"","ast-hfb-below-header-display":"","ast-hfb-mobile-header-display":"","site-post-title":"","ast-breadcrumbs-content":"","ast-featured-img":"","footer-sml-layout":"","theme-transparent-header-meta":"","adv-header-id-meta":"","stick-header-meta":"","header-above-stick-meta":"","header-main-stick-meta":"","header-below-stick-meta":""},"location":[],"product_cat":[33],"product_tag":[308],"yoast_head":"<!-- This site is optimized with the Yoast SEO plugin v18.5.1 - https:\/\/yoast.com\/wordpress\/plugins\/seo\/ -->\n<title>LIEBENSTEIN pr\u00e9miov\u00fd p\u00e1nsk\u00fd saunov\u00fd kilt, antracitov\u00fd - Anders &amp; Kafka E-SHOP<\/title>\n<meta name=\"description\" content=\"Pr\u00e9miov\u00fd p\u00e1nsk\u00fd kilt v antracitov\u00e9 barv\u011b je vyroben ze 100% pr\u00e9miov\u00e9 bavlny. Pru\u017en\u00fd lem a patentky zaru\u010duj\u00ed, \u017ee kilt skv\u011ble padne ka\u017ed\u00e9mu mu\u017ei. Rozm\u011bry kiltu jsou 55 cm x 140 cm.  Kvalitn\u011b vyrobeno v Portugalsku.\" \/>\n<meta name=\"robots\" content=\"index, follow, max-snippet:-1, max-image-preview:large, max-video-preview:-1\" \/>\n<link rel=\"canonical\" href=\"https:\/\/anderskafka.cz\/eshop\/produkt\/liebenstein-premiovy-pansky-saunovy-kilt-antracitovy\/\" \/>\n<meta property=\"og:locale\" content=\"cs_CZ\" \/>\n<meta property=\"og:type\" content=\"article\" \/>\n<meta property=\"og:title\" content=\"LIEBENSTEIN pr\u00e9miov\u00fd p\u00e1nsk\u00fd saunov\u00fd kilt, antracitov\u00fd - Anders &amp; Kafka E-SHOP\" \/>\n<meta property=\"og:description\" content=\"Pr\u00e9miov\u00fd p\u00e1nsk\u00fd kilt v antracitov\u00e9 barv\u011b je vyroben ze 100% pr\u00e9miov\u00e9 bavlny. Pru\u017en\u00fd lem a patentky zaru\u010duj\u00ed, \u017ee kilt skv\u011ble padne ka\u017ed\u00e9mu mu\u017ei. Rozm\u011bry kiltu jsou 55 cm x 140 cm.  Kvalitn\u011b vyrobeno v Portugalsku.\" \/>\n<meta property=\"og:url\" content=\"https:\/\/anderskafka.cz\/eshop\/produkt\/liebenstein-premiovy-pansky-saunovy-kilt-antracitovy\/\" \/>\n<meta property=\"og:site_name\" content=\"Anders &amp; Kafka E-SHOP\" \/>\n<meta property=\"article:modified_time\" content=\"2026-03-07T07:15:55+00:00\" \/>\n<meta name=\"twitter:card\" content=\"summary_large_image\" \/>\n<meta name=\"twitter:image\" content=\"https:\/\/anderskafka.cz\/eshop\/wp-content\/uploads\/sites\/3\/2025\/09\/LIEBENSTEIN_panskykiltantracit1_AndersKafka.webp\" \/>\n<meta name=\"twitter:label1\" content=\"Odhadovan\u00e1 doba \u010dten\u00ed\" \/>\n\t<meta name=\"twitter:data1\" content=\"1 minuta\" \/>\n<script type=\"application\/ld+json\" class=\"yoast-schema-graph\">{\"@context\":\"https:\/\/schema.org\",\"@graph\":[{\"@type\":\"WebSite\",\"@id\":\"https:\/\/anderskafka.cz\/eshop\/#website\",\"url\":\"https:\/\/anderskafka.cz\/eshop\/\",\"name\":\"Anders &amp; Kafka E-SHOP\",\"description\":\"Anders &amp; Kafka E-SHOP\",\"potentialAction\":[{\"@type\":\"SearchAction\",\"target\":{\"@type\":\"EntryPoint\",\"urlTemplate\":\"https:\/\/anderskafka.cz\/eshop\/?s={search_term_string}\"},\"query-input\":\"required name=search_term_string\"}],\"inLanguage\":\"cs\"},{\"@type\":\"ImageObject\",\"@id\":\"https:\/\/anderskafka.cz\/eshop\/produkt\/liebenstein-premiovy-pansky-saunovy-kilt-antracitovy\/#primaryimage\",\"inLanguage\":\"cs\",\"url\":\"https:\/\/anderskafka.cz\/eshop\/wp-content\/uploads\/sites\/3\/2025\/09\/LIEBENSTEIN_panskykiltantracit1_AndersKafka.webp\",\"contentUrl\":\"https:\/\/anderskafka.cz\/eshop\/wp-content\/uploads\/sites\/3\/2025\/09\/LIEBENSTEIN_panskykiltantracit1_AndersKafka.webp\",\"width\":1500,\"height\":1500},{\"@type\":\"WebPage\",\"@id\":\"https:\/\/anderskafka.cz\/eshop\/produkt\/liebenstein-premiovy-pansky-saunovy-kilt-antracitovy\/#webpage\",\"url\":\"https:\/\/anderskafka.cz\/eshop\/produkt\/liebenstein-premiovy-pansky-saunovy-kilt-antracitovy\/\",\"name\":\"LIEBENSTEIN pr\u00e9miov\u00fd p\u00e1nsk\u00fd saunov\u00fd kilt, antracitov\u00fd - Anders &amp; Kafka E-SHOP\",\"isPartOf\":{\"@id\":\"https:\/\/anderskafka.cz\/eshop\/#website\"},\"primaryImageOfPage\":{\"@id\":\"https:\/\/anderskafka.cz\/eshop\/produkt\/liebenstein-premiovy-pansky-saunovy-kilt-antracitovy\/#primaryimage\"},\"datePublished\":\"2025-09-25T06:07:52+00:00\",\"dateModified\":\"2026-03-07T07:15:55+00:00\",\"description\":\"Pr\u00e9miov\u00fd p\u00e1nsk\u00fd kilt v antracitov\u00e9 barv\u011b je vyroben ze 100% pr\u00e9miov\u00e9 bavlny. Pru\u017en\u00fd lem a patentky zaru\u010duj\u00ed, \u017ee kilt skv\u011ble padne ka\u017ed\u00e9mu mu\u017ei. Rozm\u011bry kiltu jsou 55 cm x 140 cm. Kvalitn\u011b vyrobeno v Portugalsku.\",\"breadcrumb\":{\"@id\":\"https:\/\/anderskafka.cz\/eshop\/produkt\/liebenstein-premiovy-pansky-saunovy-kilt-antracitovy\/#breadcrumb\"},\"inLanguage\":\"cs\",\"potentialAction\":[{\"@type\":\"ReadAction\",\"target\":[\"https:\/\/anderskafka.cz\/eshop\/produkt\/liebenstein-premiovy-pansky-saunovy-kilt-antracitovy\/\"]}]},{\"@type\":\"BreadcrumbList\",\"@id\":\"https:\/\/anderskafka.cz\/eshop\/produkt\/liebenstein-premiovy-pansky-saunovy-kilt-antracitovy\/#breadcrumb\",\"itemListElement\":[{\"@type\":\"ListItem\",\"position\":1,\"name\":\"Obchod\",\"item\":\"https:\/\/anderskafka.cz\/eshop\/obchod\/\"},{\"@type\":\"ListItem\",\"position\":2,\"name\":\"LIEBENSTEIN pr\u00e9miov\u00fd p\u00e1nsk\u00fd saunov\u00fd kilt, antracitov\u00fd\"}]}]}<\/script>\n<!-- \/ Yoast SEO plugin. -->","yoast_head_json":{"title":"LIEBENSTEIN pr\u00e9miov\u00fd p\u00e1nsk\u00fd saunov\u00fd kilt, antracitov\u00fd - Anders &amp; Kafka E-SHOP","description":"Pr\u00e9miov\u00fd p\u00e1nsk\u00fd kilt v antracitov\u00e9 barv\u011b je vyroben ze 100% pr\u00e9miov\u00e9 bavlny. Pru\u017en\u00fd lem a patentky zaru\u010duj\u00ed, \u017ee kilt skv\u011ble padne ka\u017ed\u00e9mu mu\u017ei. Rozm\u011bry kiltu jsou 55 cm x 140 cm.  Kvalitn\u011b vyrobeno v Portugalsku.","robots":{"index":"index","follow":"follow","max-snippet":"max-snippet:-1","max-image-preview":"max-image-preview:large","max-video-preview":"max-video-preview:-1"},"canonical":"https:\/\/anderskafka.cz\/eshop\/produkt\/liebenstein-premiovy-pansky-saunovy-kilt-antracitovy\/","og_locale":"cs_CZ","og_type":"article","og_title":"LIEBENSTEIN pr\u00e9miov\u00fd p\u00e1nsk\u00fd saunov\u00fd kilt, antracitov\u00fd - Anders &amp; Kafka E-SHOP","og_description":"Pr\u00e9miov\u00fd p\u00e1nsk\u00fd kilt v antracitov\u00e9 barv\u011b je vyroben ze 100% pr\u00e9miov\u00e9 bavlny. Pru\u017en\u00fd lem a patentky zaru\u010duj\u00ed, \u017ee kilt skv\u011ble padne ka\u017ed\u00e9mu mu\u017ei. Rozm\u011bry kiltu jsou 55 cm x 140 cm.  Kvalitn\u011b vyrobeno v Portugalsku.","og_url":"https:\/\/anderskafka.cz\/eshop\/produkt\/liebenstein-premiovy-pansky-saunovy-kilt-antracitovy\/","og_site_name":"Anders &amp; Kafka E-SHOP","article_modified_time":"2026-03-07T07:15:55+00:00","twitter_card":"summary_large_image","twitter_image":"https:\/\/anderskafka.cz\/eshop\/wp-content\/uploads\/sites\/3\/2025\/09\/LIEBENSTEIN_panskykiltantracit1_AndersKafka.webp","twitter_misc":{"Odhadovan\u00e1 doba \u010dten\u00ed":"1 minuta"},"schema":{"@context":"https:\/\/schema.org","@graph":[{"@type":"WebSite","@id":"https:\/\/anderskafka.cz\/eshop\/#website","url":"https:\/\/anderskafka.cz\/eshop\/","name":"Anders &amp; Kafka E-SHOP","description":"Anders &amp; Kafka E-SHOP","potentialAction":[{"@type":"SearchAction","target":{"@type":"EntryPoint","urlTemplate":"https:\/\/anderskafka.cz\/eshop\/?s={search_term_string}"},"query-input":"required name=search_term_string"}],"inLanguage":"cs"},{"@type":"ImageObject","@id":"https:\/\/anderskafka.cz\/eshop\/produkt\/liebenstein-premiovy-pansky-saunovy-kilt-antracitovy\/#primaryimage","inLanguage":"cs","url":"https:\/\/anderskafka.cz\/eshop\/wp-content\/uploads\/sites\/3\/2025\/09\/LIEBENSTEIN_panskykiltantracit1_AndersKafka.webp","contentUrl":"https:\/\/anderskafka.cz\/eshop\/wp-content\/uploads\/sites\/3\/2025\/09\/LIEBENSTEIN_panskykiltantracit1_AndersKafka.webp","width":1500,"height":1500},{"@type":"WebPage","@id":"https:\/\/anderskafka.cz\/eshop\/produkt\/liebenstein-premiovy-pansky-saunovy-kilt-antracitovy\/#webpage","url":"https:\/\/anderskafka.cz\/eshop\/produkt\/liebenstein-premiovy-pansky-saunovy-kilt-antracitovy\/","name":"LIEBENSTEIN pr\u00e9miov\u00fd p\u00e1nsk\u00fd saunov\u00fd kilt, antracitov\u00fd - Anders &amp; Kafka E-SHOP","isPartOf":{"@id":"https:\/\/anderskafka.cz\/eshop\/#website"},"primaryImageOfPage":{"@id":"https:\/\/anderskafka.cz\/eshop\/produkt\/liebenstein-premiovy-pansky-saunovy-kilt-antracitovy\/#primaryimage"},"datePublished":"2025-09-25T06:07:52+00:00","dateModified":"2026-03-07T07:15:55+00:00","description":"Pr\u00e9miov\u00fd p\u00e1nsk\u00fd kilt v antracitov\u00e9 barv\u011b je vyroben ze 100% pr\u00e9miov\u00e9 bavlny. Pru\u017en\u00fd lem a patentky zaru\u010duj\u00ed, \u017ee kilt skv\u011ble padne ka\u017ed\u00e9mu mu\u017ei. Rozm\u011bry kiltu jsou 55 cm x 140 cm. Kvalitn\u011b vyrobeno v Portugalsku.","breadcrumb":{"@id":"https:\/\/anderskafka.cz\/eshop\/produkt\/liebenstein-premiovy-pansky-saunovy-kilt-antracitovy\/#breadcrumb"},"inLanguage":"cs","potentialAction":[{"@type":"ReadAction","target":["https:\/\/anderskafka.cz\/eshop\/produkt\/liebenstein-premiovy-pansky-saunovy-kilt-antracitovy\/"]}]},{"@type":"BreadcrumbList","@id":"https:\/\/anderskafka.cz\/eshop\/produkt\/liebenstein-premiovy-pansky-saunovy-kilt-antracitovy\/#breadcrumb","itemListElement":[{"@type":"ListItem","position":1,"name":"Obchod","item":"https:\/\/anderskafka.cz\/eshop\/obchod\/"},{"@type":"ListItem","position":2,"name":"LIEBENSTEIN pr\u00e9miov\u00fd p\u00e1nsk\u00fd saunov\u00fd kilt, antracitov\u00fd"}]}]}},"locations":[],"_links":{"self":[{"href":"https:\/\/anderskafka.cz\/eshop\/wp-json\/wp\/v2\/product\/11914"}],"collection":[{"href":"https:\/\/anderskafka.cz\/eshop\/wp-json\/wp\/v2\/product"}],"about":[{"href":"https:\/\/anderskafka.cz\/eshop\/wp-json\/wp\/v2\/types\/product"}],"replies":[{"embeddable":true,"href":"https:\/\/anderskafka.cz\/eshop\/wp-json\/wp\/v2\/comments?post=11914"}],"wp:featuredmedia":[{"embeddable":true,"href":"https:\/\/anderskafka.cz\/eshop\/wp-json\/wp\/v2\/media\/11917"}],"wp:attachment":[{"href":"https:\/\/anderskafka.cz\/eshop\/wp-json\/wp\/v2\/media?parent=11914"}],"wp:term":[{"taxonomy":"location","embeddable":true,"href":"https:\/\/anderskafka.cz\/eshop\/wp-json\/wp\/v2\/location?post=11914"},{"taxonomy":"product_cat","embeddable":true,"href":"https:\/\/anderskafka.cz\/eshop\/wp-json\/wp\/v2\/product_cat?post=11914"},{"taxonomy":"product_tag","embeddable":true,"href":"https:\/\/anderskafka.cz\/eshop\/wp-json\/wp\/v2\/product_tag?post=11914"}],"curies":[{"name":"wp","href":"https:\/\/api.w.org\/{rel}","templated":true}]}}