{"id":1221,"date":"2022-12-09T14:22:40","date_gmt":"2022-12-09T13:22:40","guid":{"rendered":"https:\/\/anderskafka.cz\/eshop\/?post_type=product&#038;p=1221"},"modified":"2026-03-24T11:45:22","modified_gmt":"2026-03-24T10:45:22","slug":"liebenstein-bio-saunova-vonna-esence-extrakt-z-eukalyptu-horske-borovice-a-maty-100ml","status":"publish","type":"product","link":"https:\/\/anderskafka.cz\/eshop\/produkt\/liebenstein-bio-saunova-vonna-esence-extrakt-z-eukalyptu-horske-borovice-a-maty-100ml\/","title":{"rendered":"LIEBENSTEIN bio saunov\u00e1 vonn\u00e1 esence, extrakt z eukalyptu, horsk\u00e9 borovice a m\u00e1ty 100ml"},"content":{"rendered":"<p>Bio pr\u00e9miov\u00e1 kvalita, 100% p\u0159\u00edrodn\u00ed bio saunov\u00e9 vonn\u00e9 esence s vysoce kvalitn\u00edmi esenci\u00e1ln\u00edmi oleji z kontrolovan\u00e9ho ekologick\u00e9ho p\u011bstov\u00e1n\u00ed (kbA). V saunov\u00e9 esenci najdou sv\u00e9 vybran\u00e9 m\u00edsto pouze ty nejkvalitn\u011bj\u0161\u00ed suroviny &#8211; pro nejlep\u0161\u00ed mo\u017enou kvalitu v ka\u017ed\u00e9m t\u00f3nu, ka\u017ed\u00e9 nuanci, v ka\u017ed\u00e9m okam\u017eiku.<br \/>\nV\u016fn\u011b do sauny jsou vyvinuty ve Schwarzwaldu, obsahuj\u00ed tu nejlep\u0161\u00ed pramenitou vodu Schwarzwaldu a jsou vyr\u00e1b\u011bny a baleny spole\u010dn\u011b s region\u00e1ln\u00edmi partnery. Obaly jsou 100% udr\u017eiteln\u00e9. Pou\u017e\u00edv\u00e1me d\u0159ev\u011bn\u00e9 v\u00edko z p\u0159\u00edrodn\u00edho buku, recyklovan\u00fd pap\u00edr na etiketu. Vysoce kvalitn\u00ed l\u00e1hev z fialov\u00e9ho skla ide\u00e1ln\u011b chr\u00e1n\u00ed bio saunovou esenci p\u0159ed UV z\u00e1\u0159en\u00edm a je vizu\u00e1ln\u00edm pouta\u010dem pro ka\u017edou o\u00e1zu klidu. Ide\u00e1ln\u00ed tak\u00e9 jako d\u00e1rek nejen pro milovn\u00edky saunov\u00e1n\u00ed.<br \/>\nDoporu\u010den\u00e9 d\u00e1vkov\u00e1n\u00ed: 5-8 v\u00fd\u010dek na litr.<\/p>\n","protected":false},"excerpt":{"rendered":"<p>BIO PR\u00c9MIOV\u00c1 KVALITA 100% p\u0159\u00edrodn\u00ed bio saunov\u00e9 vonn\u00e9 esence s vysoce kvalitn\u00edmi esenci\u00e1ln\u00edmi oleji z kontrolovan\u00e9ho ekologick\u00e9ho p\u011bstov\u00e1n\u00ed (kbA). V saunov\u00e9 esenci najdou sv\u00e9 vybran\u00e9 m\u00edsto pouze ty nejkvalitn\u011bj\u0161\u00ed suroviny &#8211; pro nejlep\u0161\u00ed mo\u017enou kvalitu v ka\u017ed\u00e9m t\u00f3nu, ka\u017ed\u00e9 nuanci a v ka\u017ed\u00e9m okam\u017eiku.<br \/>\nVyr\u00e1b\u011bn\u00e9 region\u00e1ln\u011b a udr\u017eiteln\u00fdm zp\u016fsobem, Va\u0161e bio saunov\u00e1 esence ze Schwarzwaldu pro intenzivn\u00ed v\u016fni.<br \/>\nTato v\u016fn\u011b do sauny umoc\u0148uje blahod\u00e1rn\u00fd \u00fa\u010dinek sauny. D\u00edky vybran\u00fdm ingredienc\u00edm vznik\u00e1 jemn\u00e1 a p\u0159\u00edjemn\u00e1 v\u016fn\u011b, kter\u00e1 akcentuje v\u016fn\u011b horsk\u00e9 borovicov\u00e9, eukalyptu a m\u00e1ty.<\/p>\n<p><img loading=\"lazy\" class=\"size-full wp-image-1483 aligncenter\" src=\"https:\/\/anderskafka.cz\/eshop\/wp-content\/uploads\/sites\/3\/2022\/12\/made-in-germany-logo-design-template-vector-34550195.jpg\" alt=\"\" width=\"250\" height=\"250\" srcset=\"https:\/\/anderskafka.cz\/eshop\/wp-content\/uploads\/sites\/3\/2022\/12\/made-in-germany-logo-design-template-vector-34550195.jpg 250w, https:\/\/anderskafka.cz\/eshop\/wp-content\/uploads\/sites\/3\/2022\/12\/made-in-germany-logo-design-template-vector-34550195-150x150.jpg 150w, https:\/\/anderskafka.cz\/eshop\/wp-content\/uploads\/sites\/3\/2022\/12\/made-in-germany-logo-design-template-vector-34550195-100x100.jpg 100w, https:\/\/anderskafka.cz\/eshop\/wp-content\/uploads\/sites\/3\/2022\/12\/made-in-germany-logo-design-template-vector-34550195-64x64.jpg 64w\" sizes=\"(max-width: 250px) 100vw, 250px\" \/><\/p>\n","protected":false},"featured_media":1206,"comment_status":"open","ping_status":"closed","template":"","meta":{"site-sidebar-layout":"default","site-content-layout":"default","ast-main-header-display":"","ast-hfb-above-header-display":"","ast-hfb-below-header-display":"","ast-hfb-mobile-header-display":"","site-post-title":"","ast-breadcrumbs-content":"","ast-featured-img":"","footer-sml-layout":"","theme-transparent-header-meta":"","adv-header-id-meta":"","stick-header-meta":"","header-above-stick-meta":"","header-main-stick-meta":"","header-below-stick-meta":""},"location":[],"product_cat":[302],"product_tag":[308],"yoast_head":"<!-- This site is optimized with the Yoast SEO plugin v18.5.1 - https:\/\/yoast.com\/wordpress\/plugins\/seo\/ -->\n<title>LIEBENSTEIN bio saunov\u00e1 vonn\u00e1 esence, extrakt z eukalyptu, horsk\u00e9 borovice a m\u00e1ty 100ml - Anders &amp; Kafka E-SHOP<\/title>\n<meta name=\"description\" content=\"BIO PR\u00c9MIOV\u00c1 KVALITA 100% p\u0159\u00edrodn\u00ed bio saunov\u00e9 vonn\u00e9 esence s vysoce kvalitn\u00edmi esenci\u00e1ln\u00edmi oleji z kontrolovan\u00e9ho ekologick\u00e9ho p\u011bstov\u00e1n\u00ed (kbA). V saunov\u00e9 esenci najdou sv\u00e9 vybran\u00e9 m\u00edsto pouze ty nejkvalitn\u011bj\u0161\u00ed suroviny - pro nejlep\u0161\u00ed mo\u017enou kvalitu v ka\u017ed\u00e9m t\u00f3nu, ka\u017ed\u00e9 nuanci a v ka\u017ed\u00e9m okam\u017eiku. Vyr\u00e1b\u011bn\u00e9 region\u00e1ln\u011b a udr\u017eiteln\u00fdm zp\u016fsobem, Va\u0161e bio saunov\u00e1 esence ze Schwarzwaldu pro intenzivn\u00ed v\u016fni. Tato v\u016fn\u011b do sauny umoc\u0148uje blahod\u00e1rn\u00fd \u00fa\u010dinek sauny. D\u00edky vybran\u00fdm ingredienc\u00edm vznik\u00e1 jemn\u00e1 a p\u0159\u00edjemn\u00e1 v\u016fn\u011b, kter\u00e1 akcentuje v\u016fn\u011b horsk\u00e9 borovicov\u00e9, eukalyptu a m\u00e1ty.\" \/>\n<meta name=\"robots\" content=\"index, follow, max-snippet:-1, max-image-preview:large, max-video-preview:-1\" \/>\n<link rel=\"canonical\" href=\"https:\/\/anderskafka.cz\/eshop\/produkt\/liebenstein-bio-saunova-vonna-esence-extrakt-z-eukalyptu-horske-borovice-a-maty-100ml\/\" \/>\n<meta property=\"og:locale\" content=\"cs_CZ\" \/>\n<meta property=\"og:type\" content=\"article\" \/>\n<meta property=\"og:title\" content=\"LIEBENSTEIN bio saunov\u00e1 vonn\u00e1 esence, extrakt z eukalyptu, horsk\u00e9 borovice a m\u00e1ty 100ml - Anders &amp; Kafka E-SHOP\" \/>\n<meta property=\"og:description\" content=\"BIO PR\u00c9MIOV\u00c1 KVALITA 100% p\u0159\u00edrodn\u00ed bio saunov\u00e9 vonn\u00e9 esence s vysoce kvalitn\u00edmi esenci\u00e1ln\u00edmi oleji z kontrolovan\u00e9ho ekologick\u00e9ho p\u011bstov\u00e1n\u00ed (kbA). V saunov\u00e9 esenci najdou sv\u00e9 vybran\u00e9 m\u00edsto pouze ty nejkvalitn\u011bj\u0161\u00ed suroviny - pro nejlep\u0161\u00ed mo\u017enou kvalitu v ka\u017ed\u00e9m t\u00f3nu, ka\u017ed\u00e9 nuanci a v ka\u017ed\u00e9m okam\u017eiku. Vyr\u00e1b\u011bn\u00e9 region\u00e1ln\u011b a udr\u017eiteln\u00fdm zp\u016fsobem, Va\u0161e bio saunov\u00e1 esence ze Schwarzwaldu pro intenzivn\u00ed v\u016fni. Tato v\u016fn\u011b do sauny umoc\u0148uje blahod\u00e1rn\u00fd \u00fa\u010dinek sauny. D\u00edky vybran\u00fdm ingredienc\u00edm vznik\u00e1 jemn\u00e1 a p\u0159\u00edjemn\u00e1 v\u016fn\u011b, kter\u00e1 akcentuje v\u016fn\u011b horsk\u00e9 borovicov\u00e9, eukalyptu a m\u00e1ty.\" \/>\n<meta property=\"og:url\" content=\"https:\/\/anderskafka.cz\/eshop\/produkt\/liebenstein-bio-saunova-vonna-esence-extrakt-z-eukalyptu-horske-borovice-a-maty-100ml\/\" \/>\n<meta property=\"og:site_name\" content=\"Anders &amp; Kafka E-SHOP\" \/>\n<meta property=\"article:modified_time\" content=\"2026-03-24T10:45:22+00:00\" \/>\n<meta property=\"og:image\" content=\"https:\/\/anderskafka.cz\/eshop\/wp-content\/uploads\/sites\/3\/2022\/12\/LB-BSE100-ATEMFREI_H.jpg\" \/>\n\t<meta property=\"og:image:width\" content=\"700\" \/>\n\t<meta property=\"og:image:height\" content=\"700\" \/>\n\t<meta property=\"og:image:type\" content=\"image\/jpeg\" \/>\n<meta name=\"twitter:card\" content=\"summary_large_image\" \/>\n<meta name=\"twitter:label1\" content=\"Odhadovan\u00e1 doba \u010dten\u00ed\" \/>\n\t<meta name=\"twitter:data1\" content=\"1 minuta\" \/>\n<script type=\"application\/ld+json\" class=\"yoast-schema-graph\">{\"@context\":\"https:\/\/schema.org\",\"@graph\":[{\"@type\":\"WebSite\",\"@id\":\"https:\/\/anderskafka.cz\/eshop\/#website\",\"url\":\"https:\/\/anderskafka.cz\/eshop\/\",\"name\":\"Anders &amp; Kafka E-SHOP\",\"description\":\"Anders &amp; Kafka E-SHOP\",\"potentialAction\":[{\"@type\":\"SearchAction\",\"target\":{\"@type\":\"EntryPoint\",\"urlTemplate\":\"https:\/\/anderskafka.cz\/eshop\/?s={search_term_string}\"},\"query-input\":\"required name=search_term_string\"}],\"inLanguage\":\"cs\"},{\"@type\":\"ImageObject\",\"@id\":\"https:\/\/anderskafka.cz\/eshop\/produkt\/liebenstein-bio-saunova-vonna-esence-extrakt-z-eukalyptu-horske-borovice-a-maty-100ml\/#primaryimage\",\"inLanguage\":\"cs\",\"url\":\"https:\/\/anderskafka.cz\/eshop\/wp-content\/uploads\/sites\/3\/2022\/12\/LB-BSE100-ATEMFREI_H.jpg\",\"contentUrl\":\"https:\/\/anderskafka.cz\/eshop\/wp-content\/uploads\/sites\/3\/2022\/12\/LB-BSE100-ATEMFREI_H.jpg\",\"width\":700,\"height\":700},{\"@type\":\"WebPage\",\"@id\":\"https:\/\/anderskafka.cz\/eshop\/produkt\/liebenstein-bio-saunova-vonna-esence-extrakt-z-eukalyptu-horske-borovice-a-maty-100ml\/#webpage\",\"url\":\"https:\/\/anderskafka.cz\/eshop\/produkt\/liebenstein-bio-saunova-vonna-esence-extrakt-z-eukalyptu-horske-borovice-a-maty-100ml\/\",\"name\":\"LIEBENSTEIN bio saunov\u00e1 vonn\u00e1 esence, extrakt z eukalyptu, horsk\u00e9 borovice a m\u00e1ty 100ml - Anders &amp; Kafka E-SHOP\",\"isPartOf\":{\"@id\":\"https:\/\/anderskafka.cz\/eshop\/#website\"},\"primaryImageOfPage\":{\"@id\":\"https:\/\/anderskafka.cz\/eshop\/produkt\/liebenstein-bio-saunova-vonna-esence-extrakt-z-eukalyptu-horske-borovice-a-maty-100ml\/#primaryimage\"},\"datePublished\":\"2022-12-09T13:22:40+00:00\",\"dateModified\":\"2026-03-24T10:45:22+00:00\",\"description\":\"BIO PR\u00c9MIOV\u00c1 KVALITA 100% p\u0159\u00edrodn\u00ed bio saunov\u00e9 vonn\u00e9 esence s vysoce kvalitn\u00edmi esenci\u00e1ln\u00edmi oleji z kontrolovan\u00e9ho ekologick\u00e9ho p\u011bstov\u00e1n\u00ed (kbA). V saunov\u00e9 esenci najdou sv\u00e9 vybran\u00e9 m\u00edsto pouze ty nejkvalitn\u011bj\u0161\u00ed suroviny - pro nejlep\u0161\u00ed mo\u017enou kvalitu v ka\u017ed\u00e9m t\u00f3nu, ka\u017ed\u00e9 nuanci a v ka\u017ed\u00e9m okam\u017eiku. Vyr\u00e1b\u011bn\u00e9 region\u00e1ln\u011b a udr\u017eiteln\u00fdm zp\u016fsobem, Va\u0161e bio saunov\u00e1 esence ze Schwarzwaldu pro intenzivn\u00ed v\u016fni. Tato v\u016fn\u011b do sauny umoc\u0148uje blahod\u00e1rn\u00fd \u00fa\u010dinek sauny. D\u00edky vybran\u00fdm ingredienc\u00edm vznik\u00e1 jemn\u00e1 a p\u0159\u00edjemn\u00e1 v\u016fn\u011b, kter\u00e1 akcentuje v\u016fn\u011b horsk\u00e9 borovicov\u00e9, eukalyptu a m\u00e1ty.\",\"breadcrumb\":{\"@id\":\"https:\/\/anderskafka.cz\/eshop\/produkt\/liebenstein-bio-saunova-vonna-esence-extrakt-z-eukalyptu-horske-borovice-a-maty-100ml\/#breadcrumb\"},\"inLanguage\":\"cs\",\"potentialAction\":[{\"@type\":\"ReadAction\",\"target\":[\"https:\/\/anderskafka.cz\/eshop\/produkt\/liebenstein-bio-saunova-vonna-esence-extrakt-z-eukalyptu-horske-borovice-a-maty-100ml\/\"]}]},{\"@type\":\"BreadcrumbList\",\"@id\":\"https:\/\/anderskafka.cz\/eshop\/produkt\/liebenstein-bio-saunova-vonna-esence-extrakt-z-eukalyptu-horske-borovice-a-maty-100ml\/#breadcrumb\",\"itemListElement\":[{\"@type\":\"ListItem\",\"position\":1,\"name\":\"Obchod\",\"item\":\"https:\/\/anderskafka.cz\/eshop\/obchod\/\"},{\"@type\":\"ListItem\",\"position\":2,\"name\":\"LIEBENSTEIN bio saunov\u00e1 vonn\u00e1 esence, extrakt z eukalyptu, horsk\u00e9 borovice a m\u00e1ty 100ml\"}]}]}<\/script>\n<!-- \/ Yoast SEO plugin. -->","yoast_head_json":{"title":"LIEBENSTEIN bio saunov\u00e1 vonn\u00e1 esence, extrakt z eukalyptu, horsk\u00e9 borovice a m\u00e1ty 100ml - Anders &amp; Kafka E-SHOP","description":"BIO PR\u00c9MIOV\u00c1 KVALITA 100% p\u0159\u00edrodn\u00ed bio saunov\u00e9 vonn\u00e9 esence s vysoce kvalitn\u00edmi esenci\u00e1ln\u00edmi oleji z kontrolovan\u00e9ho ekologick\u00e9ho p\u011bstov\u00e1n\u00ed (kbA). V saunov\u00e9 esenci najdou sv\u00e9 vybran\u00e9 m\u00edsto pouze ty nejkvalitn\u011bj\u0161\u00ed suroviny - pro nejlep\u0161\u00ed mo\u017enou kvalitu v ka\u017ed\u00e9m t\u00f3nu, ka\u017ed\u00e9 nuanci a v ka\u017ed\u00e9m okam\u017eiku. Vyr\u00e1b\u011bn\u00e9 region\u00e1ln\u011b a udr\u017eiteln\u00fdm zp\u016fsobem, Va\u0161e bio saunov\u00e1 esence ze Schwarzwaldu pro intenzivn\u00ed v\u016fni. Tato v\u016fn\u011b do sauny umoc\u0148uje blahod\u00e1rn\u00fd \u00fa\u010dinek sauny. D\u00edky vybran\u00fdm ingredienc\u00edm vznik\u00e1 jemn\u00e1 a p\u0159\u00edjemn\u00e1 v\u016fn\u011b, kter\u00e1 akcentuje v\u016fn\u011b horsk\u00e9 borovicov\u00e9, eukalyptu a m\u00e1ty.","robots":{"index":"index","follow":"follow","max-snippet":"max-snippet:-1","max-image-preview":"max-image-preview:large","max-video-preview":"max-video-preview:-1"},"canonical":"https:\/\/anderskafka.cz\/eshop\/produkt\/liebenstein-bio-saunova-vonna-esence-extrakt-z-eukalyptu-horske-borovice-a-maty-100ml\/","og_locale":"cs_CZ","og_type":"article","og_title":"LIEBENSTEIN bio saunov\u00e1 vonn\u00e1 esence, extrakt z eukalyptu, horsk\u00e9 borovice a m\u00e1ty 100ml - Anders &amp; Kafka E-SHOP","og_description":"BIO PR\u00c9MIOV\u00c1 KVALITA 100% p\u0159\u00edrodn\u00ed bio saunov\u00e9 vonn\u00e9 esence s vysoce kvalitn\u00edmi esenci\u00e1ln\u00edmi oleji z kontrolovan\u00e9ho ekologick\u00e9ho p\u011bstov\u00e1n\u00ed (kbA). V saunov\u00e9 esenci najdou sv\u00e9 vybran\u00e9 m\u00edsto pouze ty nejkvalitn\u011bj\u0161\u00ed suroviny - pro nejlep\u0161\u00ed mo\u017enou kvalitu v ka\u017ed\u00e9m t\u00f3nu, ka\u017ed\u00e9 nuanci a v ka\u017ed\u00e9m okam\u017eiku. Vyr\u00e1b\u011bn\u00e9 region\u00e1ln\u011b a udr\u017eiteln\u00fdm zp\u016fsobem, Va\u0161e bio saunov\u00e1 esence ze Schwarzwaldu pro intenzivn\u00ed v\u016fni. Tato v\u016fn\u011b do sauny umoc\u0148uje blahod\u00e1rn\u00fd \u00fa\u010dinek sauny. D\u00edky vybran\u00fdm ingredienc\u00edm vznik\u00e1 jemn\u00e1 a p\u0159\u00edjemn\u00e1 v\u016fn\u011b, kter\u00e1 akcentuje v\u016fn\u011b horsk\u00e9 borovicov\u00e9, eukalyptu a m\u00e1ty.","og_url":"https:\/\/anderskafka.cz\/eshop\/produkt\/liebenstein-bio-saunova-vonna-esence-extrakt-z-eukalyptu-horske-borovice-a-maty-100ml\/","og_site_name":"Anders &amp; Kafka E-SHOP","article_modified_time":"2026-03-24T10:45:22+00:00","og_image":[{"width":700,"height":700,"url":"https:\/\/anderskafka.cz\/eshop\/wp-content\/uploads\/sites\/3\/2022\/12\/LB-BSE100-ATEMFREI_H.jpg","type":"image\/jpeg"}],"twitter_card":"summary_large_image","twitter_misc":{"Odhadovan\u00e1 doba \u010dten\u00ed":"1 minuta"},"schema":{"@context":"https:\/\/schema.org","@graph":[{"@type":"WebSite","@id":"https:\/\/anderskafka.cz\/eshop\/#website","url":"https:\/\/anderskafka.cz\/eshop\/","name":"Anders &amp; Kafka E-SHOP","description":"Anders &amp; Kafka E-SHOP","potentialAction":[{"@type":"SearchAction","target":{"@type":"EntryPoint","urlTemplate":"https:\/\/anderskafka.cz\/eshop\/?s={search_term_string}"},"query-input":"required name=search_term_string"}],"inLanguage":"cs"},{"@type":"ImageObject","@id":"https:\/\/anderskafka.cz\/eshop\/produkt\/liebenstein-bio-saunova-vonna-esence-extrakt-z-eukalyptu-horske-borovice-a-maty-100ml\/#primaryimage","inLanguage":"cs","url":"https:\/\/anderskafka.cz\/eshop\/wp-content\/uploads\/sites\/3\/2022\/12\/LB-BSE100-ATEMFREI_H.jpg","contentUrl":"https:\/\/anderskafka.cz\/eshop\/wp-content\/uploads\/sites\/3\/2022\/12\/LB-BSE100-ATEMFREI_H.jpg","width":700,"height":700},{"@type":"WebPage","@id":"https:\/\/anderskafka.cz\/eshop\/produkt\/liebenstein-bio-saunova-vonna-esence-extrakt-z-eukalyptu-horske-borovice-a-maty-100ml\/#webpage","url":"https:\/\/anderskafka.cz\/eshop\/produkt\/liebenstein-bio-saunova-vonna-esence-extrakt-z-eukalyptu-horske-borovice-a-maty-100ml\/","name":"LIEBENSTEIN bio saunov\u00e1 vonn\u00e1 esence, extrakt z eukalyptu, horsk\u00e9 borovice a m\u00e1ty 100ml - Anders &amp; Kafka E-SHOP","isPartOf":{"@id":"https:\/\/anderskafka.cz\/eshop\/#website"},"primaryImageOfPage":{"@id":"https:\/\/anderskafka.cz\/eshop\/produkt\/liebenstein-bio-saunova-vonna-esence-extrakt-z-eukalyptu-horske-borovice-a-maty-100ml\/#primaryimage"},"datePublished":"2022-12-09T13:22:40+00:00","dateModified":"2026-03-24T10:45:22+00:00","description":"BIO PR\u00c9MIOV\u00c1 KVALITA 100% p\u0159\u00edrodn\u00ed bio saunov\u00e9 vonn\u00e9 esence s vysoce kvalitn\u00edmi esenci\u00e1ln\u00edmi oleji z kontrolovan\u00e9ho ekologick\u00e9ho p\u011bstov\u00e1n\u00ed (kbA). V saunov\u00e9 esenci najdou sv\u00e9 vybran\u00e9 m\u00edsto pouze ty nejkvalitn\u011bj\u0161\u00ed suroviny - pro nejlep\u0161\u00ed mo\u017enou kvalitu v ka\u017ed\u00e9m t\u00f3nu, ka\u017ed\u00e9 nuanci a v ka\u017ed\u00e9m okam\u017eiku. Vyr\u00e1b\u011bn\u00e9 region\u00e1ln\u011b a udr\u017eiteln\u00fdm zp\u016fsobem, Va\u0161e bio saunov\u00e1 esence ze Schwarzwaldu pro intenzivn\u00ed v\u016fni. Tato v\u016fn\u011b do sauny umoc\u0148uje blahod\u00e1rn\u00fd \u00fa\u010dinek sauny. D\u00edky vybran\u00fdm ingredienc\u00edm vznik\u00e1 jemn\u00e1 a p\u0159\u00edjemn\u00e1 v\u016fn\u011b, kter\u00e1 akcentuje v\u016fn\u011b horsk\u00e9 borovicov\u00e9, eukalyptu a m\u00e1ty.","breadcrumb":{"@id":"https:\/\/anderskafka.cz\/eshop\/produkt\/liebenstein-bio-saunova-vonna-esence-extrakt-z-eukalyptu-horske-borovice-a-maty-100ml\/#breadcrumb"},"inLanguage":"cs","potentialAction":[{"@type":"ReadAction","target":["https:\/\/anderskafka.cz\/eshop\/produkt\/liebenstein-bio-saunova-vonna-esence-extrakt-z-eukalyptu-horske-borovice-a-maty-100ml\/"]}]},{"@type":"BreadcrumbList","@id":"https:\/\/anderskafka.cz\/eshop\/produkt\/liebenstein-bio-saunova-vonna-esence-extrakt-z-eukalyptu-horske-borovice-a-maty-100ml\/#breadcrumb","itemListElement":[{"@type":"ListItem","position":1,"name":"Obchod","item":"https:\/\/anderskafka.cz\/eshop\/obchod\/"},{"@type":"ListItem","position":2,"name":"LIEBENSTEIN bio saunov\u00e1 vonn\u00e1 esence, extrakt z eukalyptu, horsk\u00e9 borovice a m\u00e1ty 100ml"}]}]}},"locations":[],"_links":{"self":[{"href":"https:\/\/anderskafka.cz\/eshop\/wp-json\/wp\/v2\/product\/1221"}],"collection":[{"href":"https:\/\/anderskafka.cz\/eshop\/wp-json\/wp\/v2\/product"}],"about":[{"href":"https:\/\/anderskafka.cz\/eshop\/wp-json\/wp\/v2\/types\/product"}],"replies":[{"embeddable":true,"href":"https:\/\/anderskafka.cz\/eshop\/wp-json\/wp\/v2\/comments?post=1221"}],"wp:featuredmedia":[{"embeddable":true,"href":"https:\/\/anderskafka.cz\/eshop\/wp-json\/wp\/v2\/media\/1206"}],"wp:attachment":[{"href":"https:\/\/anderskafka.cz\/eshop\/wp-json\/wp\/v2\/media?parent=1221"}],"wp:term":[{"taxonomy":"location","embeddable":true,"href":"https:\/\/anderskafka.cz\/eshop\/wp-json\/wp\/v2\/location?post=1221"},{"taxonomy":"product_cat","embeddable":true,"href":"https:\/\/anderskafka.cz\/eshop\/wp-json\/wp\/v2\/product_cat?post=1221"},{"taxonomy":"product_tag","embeddable":true,"href":"https:\/\/anderskafka.cz\/eshop\/wp-json\/wp\/v2\/product_tag?post=1221"}],"curies":[{"name":"wp","href":"https:\/\/api.w.org\/{rel}","templated":true}]}}