{"id":1224,"date":"2022-12-09T14:22:43","date_gmt":"2022-12-09T13:22:43","guid":{"rendered":"https:\/\/anderskafka.cz\/eshop\/?post_type=product&#038;p=1224"},"modified":"2026-05-01T11:27:05","modified_gmt":"2026-05-01T09:27:05","slug":"liebenstein-bio-mentolove-krystaly-do-sauny-100g","status":"publish","type":"product","link":"https:\/\/anderskafka.cz\/eshop\/produkt\/liebenstein-bio-mentolove-krystaly-do-sauny-100g\/","title":{"rendered":"LIEBENSTEIN bio mentolov\u00e9 krystaly do sauny 100g"},"content":{"rendered":"<p>Bio pr\u00e9miov\u00e1 kvalita, 100% p\u0159\u00edrodn\u00ed organick\u00e9 mentolov\u00e9 krystaly poch\u00e1zej\u00ed z kontrolovan\u00e9ho organick\u00e9ho p\u011bstov\u00e1n\u00ed (kbA), tj. jsou p\u0159\u00edrodn\u00ed z neupraven\u00e9 m\u00e1ty, zpracovan\u00e9 podle nejnov\u011bj\u0161\u00edch standard\u016f, analogie EC Organic Basic Regulation \u010d. 834\/2007 to jest bez um\u011bl\u00fdch p\u0159\u00edsad. Saunov\u00e9 krystaly zaji\u0161\u0165uj\u00ed dlouhotrvaj\u00edc\u00ed, osv\u011b\u017euj\u00edc\u00ed a uklid\u0148uj\u00edc\u00ed aroma. U\u017e v mal\u00fdch d\u00e1vk\u00e1ch uvol\u0148uj\u00ed d\u00fdchac\u00ed cesty a krom\u011b z\u00e1\u017eitku z v\u016fn\u011b maj\u00ed na poko\u017eku i p\u0159\u00edjemn\u011b chladiv\u00fd \u00fa\u010dinek.<br \/>\nPomoc\u00ed d\u0159ev\u011bn\u00e9 d\u00e1vkovac\u00ed l\u017e\u00edce, kter\u00e1 je sou\u010d\u00e1st\u00ed balen\u00ed lze dokonale d\u00e1vkovat saunov\u00e9 krystaly. Plechovka mentolov\u00fdch krystal\u016f vysta\u010d\u00ed na v\u00edce jak 50 saunov\u00e1n\u00ed a je tedy velmi hospod\u00e1rn\u00e1. Ide\u00e1ln\u00ed dopln\u011bk sauny. V z\u00e1vislosti na velikosti sauny um\u00edst\u011bte do saunov\u00e9ho v\u011bdra s vodou n\u011bkolik st\u0159edn\u011b velk\u00fdch krystal\u016f. Pot\u00e9 nab\u011bra\u010dkou pomalu a opatrn\u011b v\u011bdro vypr\u00e1zd\u0148ujte pol\u00edv\u00e1n\u00edm saunov\u00fdch kamen\u016f, jako u b\u011b\u017en\u00e9 vonn\u00e9 esence. V p\u0159\u00edpad\u011b pot\u0159eby zvy\u0161ujte d\u00e1vku pomalu.<\/p>\n","protected":false},"excerpt":{"rendered":"<p>BIO PR\u00c9MIOV\u00c1 KVALITA, 100% p\u0159\u00edrodn\u00ed organick\u00e9 mentolov\u00e9 krystaly poch\u00e1zej\u00ed z kontrolovan\u00e9ho organick\u00e9ho p\u011bstov\u00e1n\u00ed (kbA), tj. jsou p\u0159\u00edrodn\u00ed a z neupraven\u00e9 m\u00e1ty, zpracovan\u00e9 podle nejnov\u011bj\u0161\u00edch standard\u016f &#8211; analogie EC Organic Basic Regulation \u010d. 834\/2007, to jest bez um\u011bl\u00fdch p\u0159\u00edsad.<br \/>\nSaunov\u00e9 krystaly zaji\u0161\u0165uj\u00ed dlouhotrvaj\u00edc\u00ed, osv\u011b\u017euj\u00edc\u00ed a uklid\u0148uj\u00edc\u00ed aroma. U\u017e v mal\u00fdch d\u00e1vk\u00e1ch uvol\u0148uj\u00ed d\u00fdchac\u00ed cesty a krom\u011b z\u00e1\u017eitku z v\u016fn\u011b maj\u00ed na poko\u017eku i p\u0159\u00edjemn\u011b chladiv\u00fd \u00fa\u010dinek.<br \/>\nJak p\u011bstov\u00e1n\u00ed ve spolupr\u00e1ci s drobn\u00fdmi zem\u011bd\u011blci, tak dal\u0161\u00ed zpracov\u00e1n\u00ed v ji\u017en\u00edm N\u011bmecku jsou realizov\u00e1ny za nejvy\u0161\u0161\u00edch standard\u016f kvality.<\/p>\n<p><img loading=\"lazy\" class=\"wp-image-1491 alignleft\" src=\"https:\/\/anderskafka.cz\/eshop\/wp-content\/uploads\/sites\/3\/2022\/12\/image006-150x150.png\" alt=\"\" width=\"113\" height=\"113\" srcset=\"https:\/\/anderskafka.cz\/eshop\/wp-content\/uploads\/sites\/3\/2022\/12\/image006-150x150.png 150w, https:\/\/anderskafka.cz\/eshop\/wp-content\/uploads\/sites\/3\/2022\/12\/image006-300x300.png 300w, https:\/\/anderskafka.cz\/eshop\/wp-content\/uploads\/sites\/3\/2022\/12\/image006-100x100.png 100w, https:\/\/anderskafka.cz\/eshop\/wp-content\/uploads\/sites\/3\/2022\/12\/image006-64x64.png 64w, https:\/\/anderskafka.cz\/eshop\/wp-content\/uploads\/sites\/3\/2022\/12\/image006.png 362w\" sizes=\"(max-width: 113px) 100vw, 113px\" \/><img loading=\"lazy\" class=\"wp-image-1495 alignnone\" src=\"https:\/\/anderskafka.cz\/eshop\/wp-content\/uploads\/sites\/3\/2022\/12\/image003-150x150.png\" alt=\"\" width=\"116\" height=\"116\" srcset=\"https:\/\/anderskafka.cz\/eshop\/wp-content\/uploads\/sites\/3\/2022\/12\/image003-150x150.png 150w, https:\/\/anderskafka.cz\/eshop\/wp-content\/uploads\/sites\/3\/2022\/12\/image003-300x300.png 300w, https:\/\/anderskafka.cz\/eshop\/wp-content\/uploads\/sites\/3\/2022\/12\/image003-100x100.png 100w\" sizes=\"(max-width: 116px) 100vw, 116px\" \/><img loading=\"lazy\" class=\"alignnone size-thumbnail wp-image-1483\" src=\"https:\/\/anderskafka.cz\/eshop\/wp-content\/uploads\/sites\/3\/2022\/12\/made-in-germany-logo-design-template-vector-34550195-150x150.jpg\" alt=\"\" width=\"150\" height=\"150\" srcset=\"https:\/\/anderskafka.cz\/eshop\/wp-content\/uploads\/sites\/3\/2022\/12\/made-in-germany-logo-design-template-vector-34550195-150x150.jpg 150w, https:\/\/anderskafka.cz\/eshop\/wp-content\/uploads\/sites\/3\/2022\/12\/made-in-germany-logo-design-template-vector-34550195-100x100.jpg 100w, https:\/\/anderskafka.cz\/eshop\/wp-content\/uploads\/sites\/3\/2022\/12\/made-in-germany-logo-design-template-vector-34550195-64x64.jpg 64w, https:\/\/anderskafka.cz\/eshop\/wp-content\/uploads\/sites\/3\/2022\/12\/made-in-germany-logo-design-template-vector-34550195.jpg 250w\" sizes=\"(max-width: 150px) 100vw, 150px\" \/><\/p>\n","protected":false},"featured_media":1219,"comment_status":"open","ping_status":"closed","template":"","meta":{"site-sidebar-layout":"default","site-content-layout":"default","ast-main-header-display":"","ast-hfb-above-header-display":"","ast-hfb-below-header-display":"","ast-hfb-mobile-header-display":"","site-post-title":"","ast-breadcrumbs-content":"","ast-featured-img":"","footer-sml-layout":"","theme-transparent-header-meta":"","adv-header-id-meta":"","stick-header-meta":"","header-above-stick-meta":"","header-main-stick-meta":"","header-below-stick-meta":""},"location":[],"product_cat":[1764,1673,302],"product_tag":[308],"yoast_head":"<!-- This site is optimized with the Yoast SEO plugin v18.5.1 - https:\/\/yoast.com\/wordpress\/plugins\/seo\/ -->\n<title>LIEBENSTEIN bio mentolov\u00e9 krystaly do sauny 100g - Anders &amp; Kafka E-SHOP<\/title>\n<meta name=\"description\" content=\"BIO PR\u00c9MIOV\u00c1 KVALITA, 100% p\u0159\u00edrodn\u00ed organick\u00e9 mentolov\u00e9 krystaly poch\u00e1zej\u00ed z kontrolovan\u00e9ho organick\u00e9ho p\u011bstov\u00e1n\u00ed (kbA), tj. jsou p\u0159\u00edrodn\u00ed a z neupraven\u00e9 m\u00e1ty, zpracovan\u00e9 podle nejnov\u011bj\u0161\u00edch standard\u016f - analogie EC Organic Basic Regulation \u010d. 834\/2007, to jest bez um\u011bl\u00fdch p\u0159\u00edsad. Saunov\u00e9 krystaly zaji\u0161\u0165uj\u00ed dlouhotrvaj\u00edc\u00ed, osv\u011b\u017euj\u00edc\u00ed a uklid\u0148uj\u00edc\u00ed aroma. U\u017e v mal\u00fdch d\u00e1vk\u00e1ch uvol\u0148uj\u00ed d\u00fdchac\u00ed cesty a krom\u011b z\u00e1\u017eitku z v\u016fn\u011b maj\u00ed na poko\u017eku i p\u0159\u00edjemn\u011b chladiv\u00fd \u00fa\u010dinek. Jak p\u011bstov\u00e1n\u00ed ve spolupr\u00e1ci s drobn\u00fdmi zem\u011bd\u011blci, tak dal\u0161\u00ed zpracov\u00e1n\u00ed v ji\u017en\u00edm N\u011bmecku jsou realizov\u00e1ny za nejvy\u0161\u0161\u00edch standard\u016f kvality.\" \/>\n<meta name=\"robots\" content=\"index, follow, max-snippet:-1, max-image-preview:large, max-video-preview:-1\" \/>\n<link rel=\"canonical\" href=\"https:\/\/anderskafka.cz\/eshop\/produkt\/liebenstein-bio-mentolove-krystaly-do-sauny-100g\/\" \/>\n<meta property=\"og:locale\" content=\"cs_CZ\" \/>\n<meta property=\"og:type\" content=\"article\" \/>\n<meta property=\"og:title\" content=\"LIEBENSTEIN bio mentolov\u00e9 krystaly do sauny 100g - Anders &amp; Kafka E-SHOP\" \/>\n<meta property=\"og:description\" content=\"BIO PR\u00c9MIOV\u00c1 KVALITA, 100% p\u0159\u00edrodn\u00ed organick\u00e9 mentolov\u00e9 krystaly poch\u00e1zej\u00ed z kontrolovan\u00e9ho organick\u00e9ho p\u011bstov\u00e1n\u00ed (kbA), tj. jsou p\u0159\u00edrodn\u00ed a z neupraven\u00e9 m\u00e1ty, zpracovan\u00e9 podle nejnov\u011bj\u0161\u00edch standard\u016f - analogie EC Organic Basic Regulation \u010d. 834\/2007, to jest bez um\u011bl\u00fdch p\u0159\u00edsad. Saunov\u00e9 krystaly zaji\u0161\u0165uj\u00ed dlouhotrvaj\u00edc\u00ed, osv\u011b\u017euj\u00edc\u00ed a uklid\u0148uj\u00edc\u00ed aroma. U\u017e v mal\u00fdch d\u00e1vk\u00e1ch uvol\u0148uj\u00ed d\u00fdchac\u00ed cesty a krom\u011b z\u00e1\u017eitku z v\u016fn\u011b maj\u00ed na poko\u017eku i p\u0159\u00edjemn\u011b chladiv\u00fd \u00fa\u010dinek. Jak p\u011bstov\u00e1n\u00ed ve spolupr\u00e1ci s drobn\u00fdmi zem\u011bd\u011blci, tak dal\u0161\u00ed zpracov\u00e1n\u00ed v ji\u017en\u00edm N\u011bmecku jsou realizov\u00e1ny za nejvy\u0161\u0161\u00edch standard\u016f kvality.\" \/>\n<meta property=\"og:url\" content=\"https:\/\/anderskafka.cz\/eshop\/produkt\/liebenstein-bio-mentolove-krystaly-do-sauny-100g\/\" \/>\n<meta property=\"og:site_name\" content=\"Anders &amp; Kafka E-SHOP\" \/>\n<meta property=\"article:modified_time\" content=\"2026-05-01T09:27:05+00:00\" \/>\n<meta property=\"og:image\" content=\"https:\/\/anderskafka.cz\/eshop\/wp-content\/uploads\/sites\/3\/2022\/12\/LB-CRYSTAL-MENTOL_H.jpg\" \/>\n\t<meta property=\"og:image:width\" content=\"700\" \/>\n\t<meta property=\"og:image:height\" content=\"700\" \/>\n\t<meta property=\"og:image:type\" content=\"image\/jpeg\" \/>\n<meta name=\"twitter:card\" content=\"summary_large_image\" \/>\n<meta name=\"twitter:label1\" content=\"Odhadovan\u00e1 doba \u010dten\u00ed\" \/>\n\t<meta name=\"twitter:data1\" content=\"1 minuta\" \/>\n<script type=\"application\/ld+json\" class=\"yoast-schema-graph\">{\"@context\":\"https:\/\/schema.org\",\"@graph\":[{\"@type\":\"WebSite\",\"@id\":\"https:\/\/anderskafka.cz\/eshop\/#website\",\"url\":\"https:\/\/anderskafka.cz\/eshop\/\",\"name\":\"Anders &amp; Kafka E-SHOP\",\"description\":\"Anders &amp; Kafka E-SHOP\",\"potentialAction\":[{\"@type\":\"SearchAction\",\"target\":{\"@type\":\"EntryPoint\",\"urlTemplate\":\"https:\/\/anderskafka.cz\/eshop\/?s={search_term_string}\"},\"query-input\":\"required name=search_term_string\"}],\"inLanguage\":\"cs\"},{\"@type\":\"ImageObject\",\"@id\":\"https:\/\/anderskafka.cz\/eshop\/produkt\/liebenstein-bio-mentolove-krystaly-do-sauny-100g\/#primaryimage\",\"inLanguage\":\"cs\",\"url\":\"https:\/\/anderskafka.cz\/eshop\/wp-content\/uploads\/sites\/3\/2022\/12\/LB-CRYSTAL-MENTOL_H.jpg\",\"contentUrl\":\"https:\/\/anderskafka.cz\/eshop\/wp-content\/uploads\/sites\/3\/2022\/12\/LB-CRYSTAL-MENTOL_H.jpg\",\"width\":700,\"height\":700},{\"@type\":\"WebPage\",\"@id\":\"https:\/\/anderskafka.cz\/eshop\/produkt\/liebenstein-bio-mentolove-krystaly-do-sauny-100g\/#webpage\",\"url\":\"https:\/\/anderskafka.cz\/eshop\/produkt\/liebenstein-bio-mentolove-krystaly-do-sauny-100g\/\",\"name\":\"LIEBENSTEIN bio mentolov\u00e9 krystaly do sauny 100g - Anders &amp; Kafka E-SHOP\",\"isPartOf\":{\"@id\":\"https:\/\/anderskafka.cz\/eshop\/#website\"},\"primaryImageOfPage\":{\"@id\":\"https:\/\/anderskafka.cz\/eshop\/produkt\/liebenstein-bio-mentolove-krystaly-do-sauny-100g\/#primaryimage\"},\"datePublished\":\"2022-12-09T13:22:43+00:00\",\"dateModified\":\"2026-05-01T09:27:05+00:00\",\"description\":\"BIO PR\u00c9MIOV\u00c1 KVALITA, 100% p\u0159\u00edrodn\u00ed organick\u00e9 mentolov\u00e9 krystaly poch\u00e1zej\u00ed z kontrolovan\u00e9ho organick\u00e9ho p\u011bstov\u00e1n\u00ed (kbA), tj. jsou p\u0159\u00edrodn\u00ed a z neupraven\u00e9 m\u00e1ty, zpracovan\u00e9 podle nejnov\u011bj\u0161\u00edch standard\u016f - analogie EC Organic Basic Regulation \u010d. 834\/2007, to jest bez um\u011bl\u00fdch p\u0159\u00edsad. Saunov\u00e9 krystaly zaji\u0161\u0165uj\u00ed dlouhotrvaj\u00edc\u00ed, osv\u011b\u017euj\u00edc\u00ed a uklid\u0148uj\u00edc\u00ed aroma. U\u017e v mal\u00fdch d\u00e1vk\u00e1ch uvol\u0148uj\u00ed d\u00fdchac\u00ed cesty a krom\u011b z\u00e1\u017eitku z v\u016fn\u011b maj\u00ed na poko\u017eku i p\u0159\u00edjemn\u011b chladiv\u00fd \u00fa\u010dinek. Jak p\u011bstov\u00e1n\u00ed ve spolupr\u00e1ci s drobn\u00fdmi zem\u011bd\u011blci, tak dal\u0161\u00ed zpracov\u00e1n\u00ed v ji\u017en\u00edm N\u011bmecku jsou realizov\u00e1ny za nejvy\u0161\u0161\u00edch standard\u016f kvality.\",\"breadcrumb\":{\"@id\":\"https:\/\/anderskafka.cz\/eshop\/produkt\/liebenstein-bio-mentolove-krystaly-do-sauny-100g\/#breadcrumb\"},\"inLanguage\":\"cs\",\"potentialAction\":[{\"@type\":\"ReadAction\",\"target\":[\"https:\/\/anderskafka.cz\/eshop\/produkt\/liebenstein-bio-mentolove-krystaly-do-sauny-100g\/\"]}]},{\"@type\":\"BreadcrumbList\",\"@id\":\"https:\/\/anderskafka.cz\/eshop\/produkt\/liebenstein-bio-mentolove-krystaly-do-sauny-100g\/#breadcrumb\",\"itemListElement\":[{\"@type\":\"ListItem\",\"position\":1,\"name\":\"Obchod\",\"item\":\"https:\/\/anderskafka.cz\/eshop\/obchod\/\"},{\"@type\":\"ListItem\",\"position\":2,\"name\":\"LIEBENSTEIN bio mentolov\u00e9 krystaly do sauny 100g\"}]}]}<\/script>\n<!-- \/ Yoast SEO plugin. -->","yoast_head_json":{"title":"LIEBENSTEIN bio mentolov\u00e9 krystaly do sauny 100g - Anders &amp; Kafka E-SHOP","description":"BIO PR\u00c9MIOV\u00c1 KVALITA, 100% p\u0159\u00edrodn\u00ed organick\u00e9 mentolov\u00e9 krystaly poch\u00e1zej\u00ed z kontrolovan\u00e9ho organick\u00e9ho p\u011bstov\u00e1n\u00ed (kbA), tj. jsou p\u0159\u00edrodn\u00ed a z neupraven\u00e9 m\u00e1ty, zpracovan\u00e9 podle nejnov\u011bj\u0161\u00edch standard\u016f - analogie EC Organic Basic Regulation \u010d. 834\/2007, to jest bez um\u011bl\u00fdch p\u0159\u00edsad. Saunov\u00e9 krystaly zaji\u0161\u0165uj\u00ed dlouhotrvaj\u00edc\u00ed, osv\u011b\u017euj\u00edc\u00ed a uklid\u0148uj\u00edc\u00ed aroma. U\u017e v mal\u00fdch d\u00e1vk\u00e1ch uvol\u0148uj\u00ed d\u00fdchac\u00ed cesty a krom\u011b z\u00e1\u017eitku z v\u016fn\u011b maj\u00ed na poko\u017eku i p\u0159\u00edjemn\u011b chladiv\u00fd \u00fa\u010dinek. Jak p\u011bstov\u00e1n\u00ed ve spolupr\u00e1ci s drobn\u00fdmi zem\u011bd\u011blci, tak dal\u0161\u00ed zpracov\u00e1n\u00ed v ji\u017en\u00edm N\u011bmecku jsou realizov\u00e1ny za nejvy\u0161\u0161\u00edch standard\u016f kvality.","robots":{"index":"index","follow":"follow","max-snippet":"max-snippet:-1","max-image-preview":"max-image-preview:large","max-video-preview":"max-video-preview:-1"},"canonical":"https:\/\/anderskafka.cz\/eshop\/produkt\/liebenstein-bio-mentolove-krystaly-do-sauny-100g\/","og_locale":"cs_CZ","og_type":"article","og_title":"LIEBENSTEIN bio mentolov\u00e9 krystaly do sauny 100g - Anders &amp; Kafka E-SHOP","og_description":"BIO PR\u00c9MIOV\u00c1 KVALITA, 100% p\u0159\u00edrodn\u00ed organick\u00e9 mentolov\u00e9 krystaly poch\u00e1zej\u00ed z kontrolovan\u00e9ho organick\u00e9ho p\u011bstov\u00e1n\u00ed (kbA), tj. jsou p\u0159\u00edrodn\u00ed a z neupraven\u00e9 m\u00e1ty, zpracovan\u00e9 podle nejnov\u011bj\u0161\u00edch standard\u016f - analogie EC Organic Basic Regulation \u010d. 834\/2007, to jest bez um\u011bl\u00fdch p\u0159\u00edsad. Saunov\u00e9 krystaly zaji\u0161\u0165uj\u00ed dlouhotrvaj\u00edc\u00ed, osv\u011b\u017euj\u00edc\u00ed a uklid\u0148uj\u00edc\u00ed aroma. U\u017e v mal\u00fdch d\u00e1vk\u00e1ch uvol\u0148uj\u00ed d\u00fdchac\u00ed cesty a krom\u011b z\u00e1\u017eitku z v\u016fn\u011b maj\u00ed na poko\u017eku i p\u0159\u00edjemn\u011b chladiv\u00fd \u00fa\u010dinek. Jak p\u011bstov\u00e1n\u00ed ve spolupr\u00e1ci s drobn\u00fdmi zem\u011bd\u011blci, tak dal\u0161\u00ed zpracov\u00e1n\u00ed v ji\u017en\u00edm N\u011bmecku jsou realizov\u00e1ny za nejvy\u0161\u0161\u00edch standard\u016f kvality.","og_url":"https:\/\/anderskafka.cz\/eshop\/produkt\/liebenstein-bio-mentolove-krystaly-do-sauny-100g\/","og_site_name":"Anders &amp; Kafka E-SHOP","article_modified_time":"2026-05-01T09:27:05+00:00","og_image":[{"width":700,"height":700,"url":"https:\/\/anderskafka.cz\/eshop\/wp-content\/uploads\/sites\/3\/2022\/12\/LB-CRYSTAL-MENTOL_H.jpg","type":"image\/jpeg"}],"twitter_card":"summary_large_image","twitter_misc":{"Odhadovan\u00e1 doba \u010dten\u00ed":"1 minuta"},"schema":{"@context":"https:\/\/schema.org","@graph":[{"@type":"WebSite","@id":"https:\/\/anderskafka.cz\/eshop\/#website","url":"https:\/\/anderskafka.cz\/eshop\/","name":"Anders &amp; Kafka E-SHOP","description":"Anders &amp; Kafka E-SHOP","potentialAction":[{"@type":"SearchAction","target":{"@type":"EntryPoint","urlTemplate":"https:\/\/anderskafka.cz\/eshop\/?s={search_term_string}"},"query-input":"required name=search_term_string"}],"inLanguage":"cs"},{"@type":"ImageObject","@id":"https:\/\/anderskafka.cz\/eshop\/produkt\/liebenstein-bio-mentolove-krystaly-do-sauny-100g\/#primaryimage","inLanguage":"cs","url":"https:\/\/anderskafka.cz\/eshop\/wp-content\/uploads\/sites\/3\/2022\/12\/LB-CRYSTAL-MENTOL_H.jpg","contentUrl":"https:\/\/anderskafka.cz\/eshop\/wp-content\/uploads\/sites\/3\/2022\/12\/LB-CRYSTAL-MENTOL_H.jpg","width":700,"height":700},{"@type":"WebPage","@id":"https:\/\/anderskafka.cz\/eshop\/produkt\/liebenstein-bio-mentolove-krystaly-do-sauny-100g\/#webpage","url":"https:\/\/anderskafka.cz\/eshop\/produkt\/liebenstein-bio-mentolove-krystaly-do-sauny-100g\/","name":"LIEBENSTEIN bio mentolov\u00e9 krystaly do sauny 100g - Anders &amp; Kafka E-SHOP","isPartOf":{"@id":"https:\/\/anderskafka.cz\/eshop\/#website"},"primaryImageOfPage":{"@id":"https:\/\/anderskafka.cz\/eshop\/produkt\/liebenstein-bio-mentolove-krystaly-do-sauny-100g\/#primaryimage"},"datePublished":"2022-12-09T13:22:43+00:00","dateModified":"2026-05-01T09:27:05+00:00","description":"BIO PR\u00c9MIOV\u00c1 KVALITA, 100% p\u0159\u00edrodn\u00ed organick\u00e9 mentolov\u00e9 krystaly poch\u00e1zej\u00ed z kontrolovan\u00e9ho organick\u00e9ho p\u011bstov\u00e1n\u00ed (kbA), tj. jsou p\u0159\u00edrodn\u00ed a z neupraven\u00e9 m\u00e1ty, zpracovan\u00e9 podle nejnov\u011bj\u0161\u00edch standard\u016f - analogie EC Organic Basic Regulation \u010d. 834\/2007, to jest bez um\u011bl\u00fdch p\u0159\u00edsad. Saunov\u00e9 krystaly zaji\u0161\u0165uj\u00ed dlouhotrvaj\u00edc\u00ed, osv\u011b\u017euj\u00edc\u00ed a uklid\u0148uj\u00edc\u00ed aroma. U\u017e v mal\u00fdch d\u00e1vk\u00e1ch uvol\u0148uj\u00ed d\u00fdchac\u00ed cesty a krom\u011b z\u00e1\u017eitku z v\u016fn\u011b maj\u00ed na poko\u017eku i p\u0159\u00edjemn\u011b chladiv\u00fd \u00fa\u010dinek. Jak p\u011bstov\u00e1n\u00ed ve spolupr\u00e1ci s drobn\u00fdmi zem\u011bd\u011blci, tak dal\u0161\u00ed zpracov\u00e1n\u00ed v ji\u017en\u00edm N\u011bmecku jsou realizov\u00e1ny za nejvy\u0161\u0161\u00edch standard\u016f kvality.","breadcrumb":{"@id":"https:\/\/anderskafka.cz\/eshop\/produkt\/liebenstein-bio-mentolove-krystaly-do-sauny-100g\/#breadcrumb"},"inLanguage":"cs","potentialAction":[{"@type":"ReadAction","target":["https:\/\/anderskafka.cz\/eshop\/produkt\/liebenstein-bio-mentolove-krystaly-do-sauny-100g\/"]}]},{"@type":"BreadcrumbList","@id":"https:\/\/anderskafka.cz\/eshop\/produkt\/liebenstein-bio-mentolove-krystaly-do-sauny-100g\/#breadcrumb","itemListElement":[{"@type":"ListItem","position":1,"name":"Obchod","item":"https:\/\/anderskafka.cz\/eshop\/obchod\/"},{"@type":"ListItem","position":2,"name":"LIEBENSTEIN bio mentolov\u00e9 krystaly do sauny 100g"}]}]}},"locations":[],"_links":{"self":[{"href":"https:\/\/anderskafka.cz\/eshop\/wp-json\/wp\/v2\/product\/1224"}],"collection":[{"href":"https:\/\/anderskafka.cz\/eshop\/wp-json\/wp\/v2\/product"}],"about":[{"href":"https:\/\/anderskafka.cz\/eshop\/wp-json\/wp\/v2\/types\/product"}],"replies":[{"embeddable":true,"href":"https:\/\/anderskafka.cz\/eshop\/wp-json\/wp\/v2\/comments?post=1224"}],"wp:featuredmedia":[{"embeddable":true,"href":"https:\/\/anderskafka.cz\/eshop\/wp-json\/wp\/v2\/media\/1219"}],"wp:attachment":[{"href":"https:\/\/anderskafka.cz\/eshop\/wp-json\/wp\/v2\/media?parent=1224"}],"wp:term":[{"taxonomy":"location","embeddable":true,"href":"https:\/\/anderskafka.cz\/eshop\/wp-json\/wp\/v2\/location?post=1224"},{"taxonomy":"product_cat","embeddable":true,"href":"https:\/\/anderskafka.cz\/eshop\/wp-json\/wp\/v2\/product_cat?post=1224"},{"taxonomy":"product_tag","embeddable":true,"href":"https:\/\/anderskafka.cz\/eshop\/wp-json\/wp\/v2\/product_tag?post=1224"}],"curies":[{"name":"wp","href":"https:\/\/api.w.org\/{rel}","templated":true}]}}