{"id":14035,"date":"2026-01-06T08:22:25","date_gmt":"2026-01-06T07:22:25","guid":{"rendered":"https:\/\/anderskafka.cz\/eshop\/?post_type=product&#038;p=14035"},"modified":"2026-02-24T08:11:10","modified_gmt":"2026-02-24T07:11:10","slug":"harvia-austria-pro-d3i-inteligentni-ridici-jednotka-pro-bio-saunu-v-modernim-cernem-provedeni","status":"publish","type":"product","link":"https:\/\/anderskafka.cz\/eshop\/produkt\/harvia-austria-pro-d3i-inteligentni-ridici-jednotka-pro-bio-saunu-v-modernim-cernem-provedeni\/","title":{"rendered":"HARVIA AUSTRIA PRO D3I \u2013 inteligentn\u00ed \u0159\u00eddic\u00ed jednotka pro bio a infra saunu v modern\u00edm \u010dern\u00e9m proveden\u00ed"},"content":{"rendered":"<p style=\"font-weight: 400\"><strong style=\"font-size: 16px\">Inteligentn\u00ed \u0159i\u0301dici\u0301 jednotka sauny PRO D3i\u00a0 je vybavena na\u0301sleduji\u0301ci\u0301mi funkcemi:<\/strong><\/p>\n<p style=\"font-weight: 400\"><span style=\"font-size: 16px\">Regulace bio saunovy\u0301ch kamen o topne\u0301m vy\u0301konu do 10,5 kW a vy\u0301konu odpar\u030cova\u0301ni\u0301 az\u030c 3,5 kW v rozsahu teplot 30 \u00b0C az\u030c 110 \u00b0C a v rozsahu vlhkosti 0 az\u030c 100 %.<br \/>\n<\/span><span style=\"font-size: 16px\">Regulace infra panel\u016f.<br \/>\nDi\u0301ky pr\u030ci\u0301davne\u0301mu vy\u0301konove\u0301mu modulu lze zvy\u0301s\u030cit maxima\u0301lni\u0301 spi\u0301naci\u0301 vy\u0301kon z 10,5 kW na 18 kW nebo 30 kW.<br \/>\n<\/span><span style=\"font-size: 16px\">Dodate\u010dn\u00fd v\u00fdstup p\u0159ep\u00ednateln\u00fd a\u017e do 3,5 kW nebo 500 W stm\u00edvateln\u00fd (nap\u0159\u00edklad pro infra\u010derven\u00e9 topen\u00ed nebo infra\u010derven\u00e9 topn\u00e9 panely)<br \/>\n<\/span><span style=\"font-size: 16px\">Volitelne\u0301 ztlumeni\u0301 nebo rozsvi\u0301ceni\u0301 osve\u030ctleni\u0301 v kabine\u030c (az\u030c 100 W).<br \/>\n<\/span><span style=\"font-size: 16px\">Volitelne\u0301 ztlumeni\u0301 nebo zapnuti\u0301 ventila\u0301toru (az\u030c 100 W).<br \/>\n<\/span><span style=\"font-size: 16px\">Funkce da\u0301lkove\u0301ho zapnuti\u0301.<br \/>\n<\/span><span style=\"font-size: 16px\">Stavovy\u0301 vy\u0301stup.<br \/>\n<\/span><span style=\"font-size: 16px\">Funkce pr\u030cednastaveni\u0301 c\u030casu (do 6 hodin).<br \/>\n<\/span><span style=\"font-size: 16px\">Pomoci\u0301 uz\u030civatelsky\u0301ch programu\u030a lze ukla\u0301dat a ope\u030ct vyvola\u0301vat upr\u030cednostne\u030cna\u0301 nastaveni\u0301 sauny. K dispozici je 5 pr\u030cednastaveny\u0301ch uz\u030civatelsky\u0301ch programu\u030a, ktere\u0301 lze me\u030cnit podle pr\u030cednastaveni\u0301 uz\u030civatele.<br \/>\n<\/span><span style=\"font-size: 16px\">R\u030ci\u0301dici\u0301 jednotka sauny se z bezpec\u030cnostni\u0301ch du\u030avodu\u030a po uplynuti\u0301 maxima\u0301lni\u0301 doby topeni\u0301 automaticky vypne. Maxima\u0301lni\u0301 dobu topeni\u0301 lze nastavit na 6 h, 12 h, 18 h nebo 24 h.<br \/>\n<\/span><span style=\"font-size: 16px\">Po ukonc\u030ceni\u0301 bio provozu dojde k automaticke\u0301mu spus\u030cte\u030cni\u0301 programu vysous\u030ceni\u0301, ktery\u0301 zabra\u0301ni\u0301 ru\u030astu pli\u0301sni\u0301 a hniloby v saunovaci\u0301 kabine\u030c. Pr\u030citom je saunovaci\u0301 kabina zahr\u030ci\u0301va\u0301na pr\u030ci zapnute\u0301m ventila\u0301toru po dobu 30 minut na teplotu 80 \u00b0C.<br \/>\n<\/span><span style=\"font-size: 16px\">Pojistka proti pr\u030cehr\u030ci\u0301va\u0301ni\u0301 je umi\u0301ste\u030cna v krytu c\u030cidla kamen. V pr\u030ci\u0301pade\u030c, z\u030ce saunova\u0301 kamna na\u0301sledkem za\u0301vady topi\u0301 i nada\u0301le po dosaz\u030ceni\u0301 poz\u030cadovane\u0301 teploty, vypne pojistka proti pr\u030cehr\u030ci\u0301va\u0301ni\u0301 saunova\u0301 kamna automaticky pr\u030ci teplote\u030c cca 139 \u00b0C.<\/span><\/p>\n<p style=\"font-weight: 400\"><strong style=\"font-size: 16px\">Rozsah doda\u0301vky:<\/strong><\/p>\n<p style=\"font-weight: 400\"><span style=\"font-size: 16px\">Ovladac\u030c &#8211; PRO D3i<br \/>\n<\/span><span style=\"font-size: 16px\">Vy\u0301konovy\u0301 prvek<br \/>\n<\/span><span style=\"font-size: 16px\">Teplotn\u00ed \u010didlo topidla F 1 s integrovanou pojistkou proti pr\u030cehr\u030ci\u0301va\u0301ni\u0301<br \/>\n<\/span><span style=\"font-size: 16px\">Vodic\u030ce c\u030cidla<br \/>\n<\/span><span style=\"font-size: 16px\">Monta\u0301z\u030cni\u0301 materi\u00e1l<br \/>\n<\/span><span style=\"font-size: 16px\">Dra\u0301tovy\u0301 mu\u030astek k pr\u030cemoste\u030cni\u0301 svorek V1 a Wm pro kombinovana\u0301 kamna bez vypnuti\u0301 v pr\u030ci\u0301pade\u030c nedostatku vody<\/span><\/p>\n<p style=\"font-weight: 400\"><span style=\"font-size: 16px\">\u010cidlo pro sn\u00edm\u00e1n\u00ed teploty a vlhkosti FTS2 je nutno objednat zvl\u00e1\u0161\u0165. Bez \u010didla FTS2 nelze regulovat vlhkost.<\/span><\/p>\n","protected":false},"excerpt":{"rendered":"<div>\n<p>Inteligentn\u00ed \u0159\u00eddic\u00ed jednotka s patentovanou, inovativn\u00ed technologi\u00ed a intuitivn\u00edm ovl\u00e1d\u00e1n\u00edm je ur\u010dena pro elektrick\u00e1 topidla pro bio saunu s v\u00fdkonem topidla do 10,5 KW a \u0159\u00edzen\u00edm rozsahu teplot 30 \u00b0C az\u030c 110 \u00b0C a pro regulaci infra panel\u016f. P\u0159i pou\u017eit\u00ed <span style=\"font-size: 16px\">pr\u030ci\u0301davne\u0301ho vy\u0301konove\u0301ho modulu a\u017e do v\u00fdkonu topidla 30 kW.<\/span> \u0158\u00eddic\u00ed jednotka je schopna ovl\u00e1dat odpar\u030cova\u0301ni\u0301 az\u030c do vy\u0301konu 3,5 kW v rozsahu vlhkosti 0 az\u030c 100 %. <span style=\"font-size: 16px\">S mo\u017enost\u00ed nastaven\u00ed u\u017eivatelsk\u00fdch profil\u016f a digit\u00e1ln\u00edm \u0159\u00edzen\u00edm \u010das\u016f a teplot. Jednotka je vybavena e<\/span><span style=\"font-size: 16px;font-style: normal\">nergeticky \u00faspornou elektronikou s mo\u017enost\u00ed instalace uvnit\u0159 i vn\u011b sauny a s mo\u017enost\u00ed ovl\u00e1d\u00e1n\u00ed pomoc\u00ed chytr\u00e9 aplikace z mobiln\u00edho za\u0159\u00edzen\u00ed.<\/span><\/p>\n<\/div>\n<div>\n<p>Spole\u010dnost HARVIA AUSTRIA vyv\u00edj\u00ed a vyr\u00e1b\u00ed kvalitn\u00ed a inovativn\u00ed produkty ur\u010den\u00e9 k tomu, aby Va\u0161e chv\u00edle str\u00e1ven\u00e9 v saun\u011b byly co nejv\u00edce relaxuj\u00edc\u00ed.<br \/>\n<img loading=\"lazy\" class=\"alignnone size-full wp-image-1323 aligncenter\" src=\"https:\/\/anderskafka.cz\/eshop\/wp-content\/uploads\/sites\/3\/2022\/12\/logoHarvia.png\" alt=\"\" width=\"102\" height=\"102\" srcset=\"https:\/\/anderskafka.cz\/eshop\/wp-content\/uploads\/sites\/3\/2022\/12\/logoHarvia.png 102w, https:\/\/anderskafka.cz\/eshop\/wp-content\/uploads\/sites\/3\/2022\/12\/logoHarvia-100x100.png 100w, https:\/\/anderskafka.cz\/eshop\/wp-content\/uploads\/sites\/3\/2022\/12\/logoHarvia-64x64.png 64w\" sizes=\"(max-width: 102px) 100vw, 102px\" \/><\/p>\n<\/div>\n","protected":false},"featured_media":14039,"comment_status":"open","ping_status":"closed","template":"","meta":{"site-sidebar-layout":"default","site-content-layout":"default","ast-main-header-display":"","ast-hfb-above-header-display":"","ast-hfb-below-header-display":"","ast-hfb-mobile-header-display":"","site-post-title":"","ast-breadcrumbs-content":"","ast-featured-img":"","footer-sml-layout":"","theme-transparent-header-meta":"","adv-header-id-meta":"","stick-header-meta":"","header-above-stick-meta":"","header-main-stick-meta":"","header-below-stick-meta":""},"location":[],"product_cat":[544,545],"product_tag":[324],"yoast_head":"<!-- This site is optimized with the Yoast SEO plugin v18.5.1 - https:\/\/yoast.com\/wordpress\/plugins\/seo\/ -->\n<title>HARVIA AUSTRIA PRO D3I \u2013 inteligentn\u00ed \u0159\u00eddic\u00ed jednotka pro bio a infra saunu v modern\u00edm \u010dern\u00e9m proveden\u00ed - Anders &amp; Kafka E-SHOP<\/title>\n<meta name=\"description\" content=\"Inteligentn\u00ed \u0159\u00eddic\u00ed jednotka s patentovanou, inovativn\u00ed technologi\u00ed a intuitivn\u00edm ovl\u00e1d\u00e1n\u00edm je ur\u010dena pro elektrick\u00e1 topidla pro bio saunu s v\u00fdkonem topidla do 10,5 KW a \u0159\u00edzen\u00edm rozsahu teplot 30 \u00b0C az\u030c 110 \u00b0C a pro regulaci infra panel\u016f. P\u0159i pou\u017eit\u00ed pr\u030ci\u0301davne\u0301ho vy\u0301konove\u0301ho modulu a\u017e do v\u00fdkonu topidla 30 kW. \u0158\u00eddic\u00ed jednotka je schopna ovl\u00e1dat odpar\u030cova\u0301ni\u0301 az\u030c do vy\u0301konu 3,5 kW v rozsahu vlhkosti 0 az\u030c 100 %. S mo\u017enost\u00ed nastaven\u00ed u\u017eivatelsk\u00fdch profil\u016f a digit\u00e1ln\u00edm \u0159\u00edzen\u00edm \u010das\u016f a teplot. Jednotka je vybavena energeticky \u00faspornou elektronikou s mo\u017enost\u00ed instalace uvnit\u0159 i vn\u011b sauny a s mo\u017enost\u00ed ovl\u00e1d\u00e1n\u00ed pomoc\u00ed chytr\u00e9 aplikace z mobiln\u00edho za\u0159\u00edzen\u00ed.     Spole\u010dnost HARVIA AUSTRIA vyv\u00edj\u00ed a vyr\u00e1b\u00ed kvalitn\u00ed a inovativn\u00ed produkty ur\u010den\u00e9 k tomu, aby Va\u0161e chv\u00edle str\u00e1ven\u00e9 v saun\u011b byly co nejv\u00edce relaxuj\u00edc\u00ed.\" \/>\n<meta name=\"robots\" content=\"index, follow, max-snippet:-1, max-image-preview:large, max-video-preview:-1\" \/>\n<link rel=\"canonical\" href=\"https:\/\/anderskafka.cz\/eshop\/produkt\/harvia-austria-pro-d3i-inteligentni-ridici-jednotka-pro-bio-saunu-v-modernim-cernem-provedeni\/\" \/>\n<meta property=\"og:locale\" content=\"cs_CZ\" \/>\n<meta property=\"og:type\" content=\"article\" \/>\n<meta property=\"og:title\" content=\"HARVIA AUSTRIA PRO D3I \u2013 inteligentn\u00ed \u0159\u00eddic\u00ed jednotka pro bio a infra saunu v modern\u00edm \u010dern\u00e9m proveden\u00ed - Anders &amp; Kafka E-SHOP\" \/>\n<meta property=\"og:description\" content=\"Inteligentn\u00ed \u0159\u00eddic\u00ed jednotka s patentovanou, inovativn\u00ed technologi\u00ed a intuitivn\u00edm ovl\u00e1d\u00e1n\u00edm je ur\u010dena pro elektrick\u00e1 topidla pro bio saunu s v\u00fdkonem topidla do 10,5 KW a \u0159\u00edzen\u00edm rozsahu teplot 30 \u00b0C az\u030c 110 \u00b0C a pro regulaci infra panel\u016f. P\u0159i pou\u017eit\u00ed pr\u030ci\u0301davne\u0301ho vy\u0301konove\u0301ho modulu a\u017e do v\u00fdkonu topidla 30 kW. \u0158\u00eddic\u00ed jednotka je schopna ovl\u00e1dat odpar\u030cova\u0301ni\u0301 az\u030c do vy\u0301konu 3,5 kW v rozsahu vlhkosti 0 az\u030c 100 %. S mo\u017enost\u00ed nastaven\u00ed u\u017eivatelsk\u00fdch profil\u016f a digit\u00e1ln\u00edm \u0159\u00edzen\u00edm \u010das\u016f a teplot. Jednotka je vybavena energeticky \u00faspornou elektronikou s mo\u017enost\u00ed instalace uvnit\u0159 i vn\u011b sauny a s mo\u017enost\u00ed ovl\u00e1d\u00e1n\u00ed pomoc\u00ed chytr\u00e9 aplikace z mobiln\u00edho za\u0159\u00edzen\u00ed.     Spole\u010dnost HARVIA AUSTRIA vyv\u00edj\u00ed a vyr\u00e1b\u00ed kvalitn\u00ed a inovativn\u00ed produkty ur\u010den\u00e9 k tomu, aby Va\u0161e chv\u00edle str\u00e1ven\u00e9 v saun\u011b byly co nejv\u00edce relaxuj\u00edc\u00ed.\" \/>\n<meta property=\"og:url\" content=\"https:\/\/anderskafka.cz\/eshop\/produkt\/harvia-austria-pro-d3i-inteligentni-ridici-jednotka-pro-bio-saunu-v-modernim-cernem-provedeni\/\" \/>\n<meta property=\"og:site_name\" content=\"Anders &amp; Kafka E-SHOP\" \/>\n<meta property=\"article:modified_time\" content=\"2026-02-24T07:11:10+00:00\" \/>\n<meta property=\"og:image\" content=\"https:\/\/anderskafka.cz\/eshop\/wp-content\/uploads\/sites\/3\/2026\/01\/Harvia_PRO-D3I_PRO-D3I-CU_p1.jpg\" \/>\n\t<meta property=\"og:image:width\" content=\"1500\" \/>\n\t<meta property=\"og:image:height\" content=\"1334\" \/>\n\t<meta property=\"og:image:type\" content=\"image\/jpeg\" \/>\n<meta name=\"twitter:card\" content=\"summary_large_image\" \/>\n<meta name=\"twitter:label1\" content=\"Odhadovan\u00e1 doba \u010dten\u00ed\" \/>\n\t<meta name=\"twitter:data1\" content=\"2 minuty\" \/>\n<script type=\"application\/ld+json\" class=\"yoast-schema-graph\">{\"@context\":\"https:\/\/schema.org\",\"@graph\":[{\"@type\":\"WebSite\",\"@id\":\"https:\/\/anderskafka.cz\/eshop\/#website\",\"url\":\"https:\/\/anderskafka.cz\/eshop\/\",\"name\":\"Anders &amp; Kafka E-SHOP\",\"description\":\"Anders &amp; Kafka E-SHOP\",\"potentialAction\":[{\"@type\":\"SearchAction\",\"target\":{\"@type\":\"EntryPoint\",\"urlTemplate\":\"https:\/\/anderskafka.cz\/eshop\/?s={search_term_string}\"},\"query-input\":\"required name=search_term_string\"}],\"inLanguage\":\"cs\"},{\"@type\":\"ImageObject\",\"@id\":\"https:\/\/anderskafka.cz\/eshop\/produkt\/harvia-austria-pro-d3i-inteligentni-ridici-jednotka-pro-bio-saunu-v-modernim-cernem-provedeni\/#primaryimage\",\"inLanguage\":\"cs\",\"url\":\"https:\/\/anderskafka.cz\/eshop\/wp-content\/uploads\/sites\/3\/2026\/01\/Harvia_PRO-D3I_PRO-D3I-CU_p1.jpg\",\"contentUrl\":\"https:\/\/anderskafka.cz\/eshop\/wp-content\/uploads\/sites\/3\/2026\/01\/Harvia_PRO-D3I_PRO-D3I-CU_p1.jpg\",\"width\":1500,\"height\":1334},{\"@type\":\"WebPage\",\"@id\":\"https:\/\/anderskafka.cz\/eshop\/produkt\/harvia-austria-pro-d3i-inteligentni-ridici-jednotka-pro-bio-saunu-v-modernim-cernem-provedeni\/#webpage\",\"url\":\"https:\/\/anderskafka.cz\/eshop\/produkt\/harvia-austria-pro-d3i-inteligentni-ridici-jednotka-pro-bio-saunu-v-modernim-cernem-provedeni\/\",\"name\":\"HARVIA AUSTRIA PRO D3I \u2013 inteligentn\u00ed \u0159\u00eddic\u00ed jednotka pro bio a infra saunu v modern\u00edm \u010dern\u00e9m proveden\u00ed - Anders &amp; Kafka E-SHOP\",\"isPartOf\":{\"@id\":\"https:\/\/anderskafka.cz\/eshop\/#website\"},\"primaryImageOfPage\":{\"@id\":\"https:\/\/anderskafka.cz\/eshop\/produkt\/harvia-austria-pro-d3i-inteligentni-ridici-jednotka-pro-bio-saunu-v-modernim-cernem-provedeni\/#primaryimage\"},\"datePublished\":\"2026-01-06T07:22:25+00:00\",\"dateModified\":\"2026-02-24T07:11:10+00:00\",\"description\":\"Inteligentn\u00ed \u0159\u00eddic\u00ed jednotka s patentovanou, inovativn\u00ed technologi\u00ed a intuitivn\u00edm ovl\u00e1d\u00e1n\u00edm je ur\u010dena pro elektrick\u00e1 topidla pro bio saunu s v\u00fdkonem topidla do 10,5 KW a \u0159\u00edzen\u00edm rozsahu teplot 30 \u00b0C az\u030c 110 \u00b0C a pro regulaci infra panel\u016f. P\u0159i pou\u017eit\u00ed pr\u030ci\u0301davne\u0301ho vy\u0301konove\u0301ho modulu a\u017e do v\u00fdkonu topidla 30 kW. \u0158\u00eddic\u00ed jednotka je schopna ovl\u00e1dat odpar\u030cova\u0301ni\u0301 az\u030c do vy\u0301konu 3,5 kW v rozsahu vlhkosti 0 az\u030c 100 %. S mo\u017enost\u00ed nastaven\u00ed u\u017eivatelsk\u00fdch profil\u016f a digit\u00e1ln\u00edm \u0159\u00edzen\u00edm \u010das\u016f a teplot. Jednotka je vybavena energeticky \u00faspornou elektronikou s mo\u017enost\u00ed instalace uvnit\u0159 i vn\u011b sauny a s mo\u017enost\u00ed ovl\u00e1d\u00e1n\u00ed pomoc\u00ed chytr\u00e9 aplikace z mobiln\u00edho za\u0159\u00edzen\u00ed. Spole\u010dnost HARVIA AUSTRIA vyv\u00edj\u00ed a vyr\u00e1b\u00ed kvalitn\u00ed a inovativn\u00ed produkty ur\u010den\u00e9 k tomu, aby Va\u0161e chv\u00edle str\u00e1ven\u00e9 v saun\u011b byly co nejv\u00edce relaxuj\u00edc\u00ed.\",\"breadcrumb\":{\"@id\":\"https:\/\/anderskafka.cz\/eshop\/produkt\/harvia-austria-pro-d3i-inteligentni-ridici-jednotka-pro-bio-saunu-v-modernim-cernem-provedeni\/#breadcrumb\"},\"inLanguage\":\"cs\",\"potentialAction\":[{\"@type\":\"ReadAction\",\"target\":[\"https:\/\/anderskafka.cz\/eshop\/produkt\/harvia-austria-pro-d3i-inteligentni-ridici-jednotka-pro-bio-saunu-v-modernim-cernem-provedeni\/\"]}]},{\"@type\":\"BreadcrumbList\",\"@id\":\"https:\/\/anderskafka.cz\/eshop\/produkt\/harvia-austria-pro-d3i-inteligentni-ridici-jednotka-pro-bio-saunu-v-modernim-cernem-provedeni\/#breadcrumb\",\"itemListElement\":[{\"@type\":\"ListItem\",\"position\":1,\"name\":\"Obchod\",\"item\":\"https:\/\/anderskafka.cz\/eshop\/obchod\/\"},{\"@type\":\"ListItem\",\"position\":2,\"name\":\"HARVIA AUSTRIA PRO D3I \u2013 inteligentn\u00ed \u0159\u00eddic\u00ed jednotka pro bio a infra saunu v modern\u00edm \u010dern\u00e9m proveden\u00ed\"}]}]}<\/script>\n<!-- \/ Yoast SEO plugin. -->","yoast_head_json":{"title":"HARVIA AUSTRIA PRO D3I \u2013 inteligentn\u00ed \u0159\u00eddic\u00ed jednotka pro bio a infra saunu v modern\u00edm \u010dern\u00e9m proveden\u00ed - Anders &amp; Kafka E-SHOP","description":"Inteligentn\u00ed \u0159\u00eddic\u00ed jednotka s patentovanou, inovativn\u00ed technologi\u00ed a intuitivn\u00edm ovl\u00e1d\u00e1n\u00edm je ur\u010dena pro elektrick\u00e1 topidla pro bio saunu s v\u00fdkonem topidla do 10,5 KW a \u0159\u00edzen\u00edm rozsahu teplot 30 \u00b0C az\u030c 110 \u00b0C a pro regulaci infra panel\u016f. P\u0159i pou\u017eit\u00ed pr\u030ci\u0301davne\u0301ho vy\u0301konove\u0301ho modulu a\u017e do v\u00fdkonu topidla 30 kW. \u0158\u00eddic\u00ed jednotka je schopna ovl\u00e1dat odpar\u030cova\u0301ni\u0301 az\u030c do vy\u0301konu 3,5 kW v rozsahu vlhkosti 0 az\u030c 100 %. S mo\u017enost\u00ed nastaven\u00ed u\u017eivatelsk\u00fdch profil\u016f a digit\u00e1ln\u00edm \u0159\u00edzen\u00edm \u010das\u016f a teplot. Jednotka je vybavena energeticky \u00faspornou elektronikou s mo\u017enost\u00ed instalace uvnit\u0159 i vn\u011b sauny a s mo\u017enost\u00ed ovl\u00e1d\u00e1n\u00ed pomoc\u00ed chytr\u00e9 aplikace z mobiln\u00edho za\u0159\u00edzen\u00ed.     Spole\u010dnost HARVIA AUSTRIA vyv\u00edj\u00ed a vyr\u00e1b\u00ed kvalitn\u00ed a inovativn\u00ed produkty ur\u010den\u00e9 k tomu, aby Va\u0161e chv\u00edle str\u00e1ven\u00e9 v saun\u011b byly co nejv\u00edce relaxuj\u00edc\u00ed.","robots":{"index":"index","follow":"follow","max-snippet":"max-snippet:-1","max-image-preview":"max-image-preview:large","max-video-preview":"max-video-preview:-1"},"canonical":"https:\/\/anderskafka.cz\/eshop\/produkt\/harvia-austria-pro-d3i-inteligentni-ridici-jednotka-pro-bio-saunu-v-modernim-cernem-provedeni\/","og_locale":"cs_CZ","og_type":"article","og_title":"HARVIA AUSTRIA PRO D3I \u2013 inteligentn\u00ed \u0159\u00eddic\u00ed jednotka pro bio a infra saunu v modern\u00edm \u010dern\u00e9m proveden\u00ed - Anders &amp; Kafka E-SHOP","og_description":"Inteligentn\u00ed \u0159\u00eddic\u00ed jednotka s patentovanou, inovativn\u00ed technologi\u00ed a intuitivn\u00edm ovl\u00e1d\u00e1n\u00edm je ur\u010dena pro elektrick\u00e1 topidla pro bio saunu s v\u00fdkonem topidla do 10,5 KW a \u0159\u00edzen\u00edm rozsahu teplot 30 \u00b0C az\u030c 110 \u00b0C a pro regulaci infra panel\u016f. P\u0159i pou\u017eit\u00ed pr\u030ci\u0301davne\u0301ho vy\u0301konove\u0301ho modulu a\u017e do v\u00fdkonu topidla 30 kW. \u0158\u00eddic\u00ed jednotka je schopna ovl\u00e1dat odpar\u030cova\u0301ni\u0301 az\u030c do vy\u0301konu 3,5 kW v rozsahu vlhkosti 0 az\u030c 100 %. S mo\u017enost\u00ed nastaven\u00ed u\u017eivatelsk\u00fdch profil\u016f a digit\u00e1ln\u00edm \u0159\u00edzen\u00edm \u010das\u016f a teplot. Jednotka je vybavena energeticky \u00faspornou elektronikou s mo\u017enost\u00ed instalace uvnit\u0159 i vn\u011b sauny a s mo\u017enost\u00ed ovl\u00e1d\u00e1n\u00ed pomoc\u00ed chytr\u00e9 aplikace z mobiln\u00edho za\u0159\u00edzen\u00ed.     Spole\u010dnost HARVIA AUSTRIA vyv\u00edj\u00ed a vyr\u00e1b\u00ed kvalitn\u00ed a inovativn\u00ed produkty ur\u010den\u00e9 k tomu, aby Va\u0161e chv\u00edle str\u00e1ven\u00e9 v saun\u011b byly co nejv\u00edce relaxuj\u00edc\u00ed.","og_url":"https:\/\/anderskafka.cz\/eshop\/produkt\/harvia-austria-pro-d3i-inteligentni-ridici-jednotka-pro-bio-saunu-v-modernim-cernem-provedeni\/","og_site_name":"Anders &amp; Kafka E-SHOP","article_modified_time":"2026-02-24T07:11:10+00:00","og_image":[{"width":1500,"height":1334,"url":"https:\/\/anderskafka.cz\/eshop\/wp-content\/uploads\/sites\/3\/2026\/01\/Harvia_PRO-D3I_PRO-D3I-CU_p1.jpg","type":"image\/jpeg"}],"twitter_card":"summary_large_image","twitter_misc":{"Odhadovan\u00e1 doba \u010dten\u00ed":"2 minuty"},"schema":{"@context":"https:\/\/schema.org","@graph":[{"@type":"WebSite","@id":"https:\/\/anderskafka.cz\/eshop\/#website","url":"https:\/\/anderskafka.cz\/eshop\/","name":"Anders &amp; Kafka E-SHOP","description":"Anders &amp; Kafka E-SHOP","potentialAction":[{"@type":"SearchAction","target":{"@type":"EntryPoint","urlTemplate":"https:\/\/anderskafka.cz\/eshop\/?s={search_term_string}"},"query-input":"required name=search_term_string"}],"inLanguage":"cs"},{"@type":"ImageObject","@id":"https:\/\/anderskafka.cz\/eshop\/produkt\/harvia-austria-pro-d3i-inteligentni-ridici-jednotka-pro-bio-saunu-v-modernim-cernem-provedeni\/#primaryimage","inLanguage":"cs","url":"https:\/\/anderskafka.cz\/eshop\/wp-content\/uploads\/sites\/3\/2026\/01\/Harvia_PRO-D3I_PRO-D3I-CU_p1.jpg","contentUrl":"https:\/\/anderskafka.cz\/eshop\/wp-content\/uploads\/sites\/3\/2026\/01\/Harvia_PRO-D3I_PRO-D3I-CU_p1.jpg","width":1500,"height":1334},{"@type":"WebPage","@id":"https:\/\/anderskafka.cz\/eshop\/produkt\/harvia-austria-pro-d3i-inteligentni-ridici-jednotka-pro-bio-saunu-v-modernim-cernem-provedeni\/#webpage","url":"https:\/\/anderskafka.cz\/eshop\/produkt\/harvia-austria-pro-d3i-inteligentni-ridici-jednotka-pro-bio-saunu-v-modernim-cernem-provedeni\/","name":"HARVIA AUSTRIA PRO D3I \u2013 inteligentn\u00ed \u0159\u00eddic\u00ed jednotka pro bio a infra saunu v modern\u00edm \u010dern\u00e9m proveden\u00ed - Anders &amp; Kafka E-SHOP","isPartOf":{"@id":"https:\/\/anderskafka.cz\/eshop\/#website"},"primaryImageOfPage":{"@id":"https:\/\/anderskafka.cz\/eshop\/produkt\/harvia-austria-pro-d3i-inteligentni-ridici-jednotka-pro-bio-saunu-v-modernim-cernem-provedeni\/#primaryimage"},"datePublished":"2026-01-06T07:22:25+00:00","dateModified":"2026-02-24T07:11:10+00:00","description":"Inteligentn\u00ed \u0159\u00eddic\u00ed jednotka s patentovanou, inovativn\u00ed technologi\u00ed a intuitivn\u00edm ovl\u00e1d\u00e1n\u00edm je ur\u010dena pro elektrick\u00e1 topidla pro bio saunu s v\u00fdkonem topidla do 10,5 KW a \u0159\u00edzen\u00edm rozsahu teplot 30 \u00b0C az\u030c 110 \u00b0C a pro regulaci infra panel\u016f. P\u0159i pou\u017eit\u00ed pr\u030ci\u0301davne\u0301ho vy\u0301konove\u0301ho modulu a\u017e do v\u00fdkonu topidla 30 kW. \u0158\u00eddic\u00ed jednotka je schopna ovl\u00e1dat odpar\u030cova\u0301ni\u0301 az\u030c do vy\u0301konu 3,5 kW v rozsahu vlhkosti 0 az\u030c 100 %. S mo\u017enost\u00ed nastaven\u00ed u\u017eivatelsk\u00fdch profil\u016f a digit\u00e1ln\u00edm \u0159\u00edzen\u00edm \u010das\u016f a teplot. Jednotka je vybavena energeticky \u00faspornou elektronikou s mo\u017enost\u00ed instalace uvnit\u0159 i vn\u011b sauny a s mo\u017enost\u00ed ovl\u00e1d\u00e1n\u00ed pomoc\u00ed chytr\u00e9 aplikace z mobiln\u00edho za\u0159\u00edzen\u00ed. Spole\u010dnost HARVIA AUSTRIA vyv\u00edj\u00ed a vyr\u00e1b\u00ed kvalitn\u00ed a inovativn\u00ed produkty ur\u010den\u00e9 k tomu, aby Va\u0161e chv\u00edle str\u00e1ven\u00e9 v saun\u011b byly co nejv\u00edce relaxuj\u00edc\u00ed.","breadcrumb":{"@id":"https:\/\/anderskafka.cz\/eshop\/produkt\/harvia-austria-pro-d3i-inteligentni-ridici-jednotka-pro-bio-saunu-v-modernim-cernem-provedeni\/#breadcrumb"},"inLanguage":"cs","potentialAction":[{"@type":"ReadAction","target":["https:\/\/anderskafka.cz\/eshop\/produkt\/harvia-austria-pro-d3i-inteligentni-ridici-jednotka-pro-bio-saunu-v-modernim-cernem-provedeni\/"]}]},{"@type":"BreadcrumbList","@id":"https:\/\/anderskafka.cz\/eshop\/produkt\/harvia-austria-pro-d3i-inteligentni-ridici-jednotka-pro-bio-saunu-v-modernim-cernem-provedeni\/#breadcrumb","itemListElement":[{"@type":"ListItem","position":1,"name":"Obchod","item":"https:\/\/anderskafka.cz\/eshop\/obchod\/"},{"@type":"ListItem","position":2,"name":"HARVIA AUSTRIA PRO D3I \u2013 inteligentn\u00ed \u0159\u00eddic\u00ed jednotka pro bio a infra saunu v modern\u00edm \u010dern\u00e9m proveden\u00ed"}]}]}},"locations":[],"_links":{"self":[{"href":"https:\/\/anderskafka.cz\/eshop\/wp-json\/wp\/v2\/product\/14035"}],"collection":[{"href":"https:\/\/anderskafka.cz\/eshop\/wp-json\/wp\/v2\/product"}],"about":[{"href":"https:\/\/anderskafka.cz\/eshop\/wp-json\/wp\/v2\/types\/product"}],"replies":[{"embeddable":true,"href":"https:\/\/anderskafka.cz\/eshop\/wp-json\/wp\/v2\/comments?post=14035"}],"wp:featuredmedia":[{"embeddable":true,"href":"https:\/\/anderskafka.cz\/eshop\/wp-json\/wp\/v2\/media\/14039"}],"wp:attachment":[{"href":"https:\/\/anderskafka.cz\/eshop\/wp-json\/wp\/v2\/media?parent=14035"}],"wp:term":[{"taxonomy":"location","embeddable":true,"href":"https:\/\/anderskafka.cz\/eshop\/wp-json\/wp\/v2\/location?post=14035"},{"taxonomy":"product_cat","embeddable":true,"href":"https:\/\/anderskafka.cz\/eshop\/wp-json\/wp\/v2\/product_cat?post=14035"},{"taxonomy":"product_tag","embeddable":true,"href":"https:\/\/anderskafka.cz\/eshop\/wp-json\/wp\/v2\/product_tag?post=14035"}],"curies":[{"name":"wp","href":"https:\/\/api.w.org\/{rel}","templated":true}]}}