{"id":14117,"date":"2026-01-12T11:18:06","date_gmt":"2026-01-12T10:18:06","guid":{"rendered":"https:\/\/anderskafka.cz\/eshop\/?post_type=product&#038;p=14117"},"modified":"2026-03-26T11:24:12","modified_gmt":"2026-03-26T10:24:12","slug":"guaa-oxi-bezchlorovy-oxidacni-pripravek-hmotnost-baleni-08-13-32-kg","status":"publish","type":"product","link":"https:\/\/anderskafka.cz\/eshop\/produkt\/guaa-oxi-bezchlorovy-oxidacni-pripravek-hmotnost-baleni-08-13-32-kg\/","title":{"rendered":"GUAa oxi &#8211; bezchl\u00f3rov\u00fd oxida\u010dn\u00ed p\u0159\u00edpravek, 0,8\/1,3\/3,2kg"},"content":{"rendered":"<p class=\"subname\"><strong>Bezchl\u00f3rov\u00fd baz\u00e9nov\u00fd oxida\u010dn\u00ed p\u0159\u00edpravek<\/strong><\/p>\n<div id=\"product-description-short\">\n<p>OXI je rychle rozpustn\u00fd p\u0159\u00edpravek slou\u017e\u00edc\u00ed jako vysoce \u00fa\u010dinn\u00e9 \u010dinidlo pro bezchl\u00f3rovou oxidaci vody v baz\u00e9nech a v\u00ed\u0159iv\u00fdch van\u00e1ch.<\/p>\n<\/div>\n<div id=\"product-description\">\n<h2>Vlastnosti:<\/h2>\n<p>OXI zvy\u0161uje mno\u017estv\u00ed aktivn\u00edho kysl\u00edku ve vod\u011b. Voda je po aplikaci \u010dir\u00e1 a jisk\u0159iv\u00e1. OXI p\u016fsob\u00ed ve vod\u011b kysele a t\u00edm nepatrn\u011b sni\u017euje hodnotu pH.<\/p>\n<h2>D\u00e1vkov\u00e1n\u00ed:<\/h2>\n<ul>\n<li>u baz\u00e9n\u016f: 200\u2013250 g\/10 m<sup>3<\/sup> vody (zarovnan\u00fd uz\u00e1v\u011br d\u00f3zy obsahuje cca 100 g p\u0159\u00edpravku) 1\u00d7 za 12 dn\u00ed<\/li>\n<li>u v\u00ed\u0159iv\u00fdch van a jacuzzi: 50 g\/1 m<sup>3<\/sup> vody (zarovnan\u00fd uz\u00e1v\u011br d\u00f3zy obsahuje cca 100 g p\u0159\u00edpravku) 1\u00d7 za 7<span class=\"st\">\u2013<\/span>14 dn\u00ed<\/li>\n<li>p\u0159i extr\u00e9mn\u00edm zat\u00ed\u017een\u00ed nebo p\u0159i pot\u00ed\u017e\u00edch se z\u00e1kalem vody dle pot\u0159eby<\/li>\n<\/ul>\n<p>Ide\u00e1ln\u00ed zp\u016fsob d\u00e1vkov\u00e1n\u00ed je rozpu\u0161t\u011bn\u00ed vypo\u010dten\u00e9 d\u00e1vky ve vod\u011b (cca 5l kbel\u00edk) o teplot\u011b &gt;20 \u00b0C a n\u00e1sledn\u00e9 rozlit\u00ed po hladin\u011b vody. P\u0159\u00edpadn\u011b lze roztok aplikovat p\u0159\u00edmo do skimmeru nebo vyrovn\u00e1vac\u00ed n\u00e1dr\u017ee. O\u0161et\u0159en\u00ed prov\u00e1d\u011bjte bez p\u0159\u00edtomnosti osob v baz\u00e9nu nebo v\u00ed\u0159iv\u00e9 van\u011b p\u0159i zapnut\u00e9 cirkulaci.<\/p>\n<h2>Benefity<\/h2>\n<p><strong>O\u0161et\u0159en\u00e1 voda:<\/strong><\/p>\n<ul class=\"\u201cbenefits\u201c\">\n<li>Nedr\u00e1\u017ed\u00ed o\u010di a nevysu\u0161uje poko\u017eku<\/li>\n<li>Nedr\u00e1\u017ed\u00ed k\u016f\u017ei ani sliznice<\/li>\n<li>Nepo\u0161kozuje materi\u00e1l, neb\u011bl\u00ed<\/li>\n<\/ul>\n<p><strong>Obsah:<\/strong> 0,8 kg<\/p>\n<p><strong>Datum expirace:<\/strong> 12 m\u011bs\u00edc\u016f od data v\u00fdroby.<\/p>\n<p><strong>Dostupn\u00e9 v balen\u00ed:<\/strong> 0,8 kg, 1,3 kg<\/p>\n<\/div>\n<div>\n<div class=\"j1rqpc\">\n<h2>Bezpe\u010dnost a prvn\u00ed pomoc:<\/h2>\n<p><strong>NEBEZPE\u010c\u00cd<\/strong><\/p>\n<p><img src=\"https:\/\/www.guaa.cz\/img\/icon\/exclam.png\" alt=\"exclam.png\" \/><img src=\"https:\/\/www.guaa.cz\/img\/icon\/acid.png\" alt=\"acid.png\" \/><img src=\"https:\/\/www.guaa.cz\/img\/icon\/silhouete.png\" alt=\"silhouete.png\" \/><\/p>\n<p><strong>H302<\/strong>\u00a0Zdrav\u00ed \u0161kodliv\u00fd p\u0159i po\u017eit\u00ed.\u00a0<strong>H314<\/strong>\u00a0Zp\u016fsobuje t\u011b\u017ek\u00e9 polept\u00e1n\u00ed k\u016f\u017ee a po\u0161kozen\u00ed o\u010d\u00ed.\u00a0<strong>H412<\/strong>\u00a0\u0160kodliv\u00fd pro vodn\u00ed organismy, s dlouhodob\u00fdmi \u00fa\u010dinky.\u00a0<strong>P102<\/strong>\u00a0Uchov\u00e1vejte mimo dosah d\u011bt\u00ed.\u00a0<strong>P260<\/strong>\u00a0Nevdechujte prach.\u00a0<strong>P280<\/strong>\u00a0Pou\u017e\u00edvejte ochrann\u00e9 rukavice a ochrann\u00e9 br\u00fdle.\u00a0<strong>P305 + P351 + P338<\/strong>\u00a0P\u0158I ZASA\u017dEN\u00cd O\u010c\u00cd: N\u011bkolik minut opatrn\u011b oplachujte vodou. Vyjm\u011bte kontaktn\u00ed \u010do\u010dky, jsou-li nasazeny a pokud je lze vyjmout snadno. Pokra\u010dujte ve vyplachov\u00e1n\u00ed.\u00a0<strong>P303 + P361 + P353<\/strong>\u00a0P\u0158I STYKU S K\u016e\u017d\u00cd (nebo s vlasy): Ve\u0161ker\u00e9 kontaminovan\u00e9 \u010d\u00e1sti od\u011bvu okam\u017eit\u011b svl\u00e9kn\u011bte. Opl\u00e1chn\u011bte k\u016f\u017ei vodou (nebo osprchujte).\u00a0<strong>P501<\/strong>\u00a0Odstra\u0148te obsah a obal jako nebezpe\u010dn\u00fd odpad.\u00a0<strong>EUH208<\/strong>\u00a0obsahuje peroxodis\u00edran draseln\u00fd. M\u016f\u017ee vyvolat alergickou reakci. Obsahuje: bis(s\u00edran)-[bis(peroxos\u00edran)] pentadraseln\u00fd; peroxodis\u00edran draseln\u00fd. P\u0159ed pou\u017eit\u00edm p\u0159e\u010dt\u011bte n\u00e1vod. Skladujte p\u0159i teplot\u00e1ch jen do 30 \u00b0C na such\u00e9m, chladn\u00e9m a dob\u0159e v\u011btran\u00e9m m\u00edst\u011b. Chra\u0148te p\u0159ed p\u0159\u00edm\u00fdm slune\u010dn\u00edm z\u00e1\u0159en\u00edm a p\u016fsoben\u00edm tepla, ohn\u011b, vody a vlhkosti. P\u0159i pr\u00e1ci s p\u0159\u00edpravkem nejezte, nepijte a neku\u0159te. P\u0159\u00edpravek pou\u017e\u00edvejte jen k ur\u010den\u00e9mu \u00fa\u010delu. V\u00fdrobce neru\u010d\u00ed za \u0161kody zp\u016fsoben\u00e9 nespr\u00e1vn\u00fdm pou\u017eit\u00edm.<\/p>\n<p>&nbsp;<\/p>\n<\/div>\n<\/div>\n","protected":false},"excerpt":{"rendered":"<p>OXI\u00a0je rychle rozpustn\u00fd p\u0159\u00edpravek slou\u017e\u00edc\u00ed jako vysoce \u00fa\u010dinn\u00e9 \u010dinidlo pro bezchl\u00f3rovou oxidaci vody v baz\u00e9nech a v\u00ed\u0159iv\u00fdch van\u00e1ch.<\/p>\n","protected":false},"featured_media":14122,"comment_status":"open","ping_status":"closed","template":"","meta":{"site-sidebar-layout":"default","site-content-layout":"default","ast-main-header-display":"","ast-hfb-above-header-display":"","ast-hfb-below-header-display":"","ast-hfb-mobile-header-display":"disabled","site-post-title":"","ast-breadcrumbs-content":"","ast-featured-img":"","footer-sml-layout":"","theme-transparent-header-meta":"","adv-header-id-meta":"","stick-header-meta":"","header-above-stick-meta":"","header-main-stick-meta":"","header-below-stick-meta":""},"location":[],"product_cat":[865,1363,1137],"product_tag":[1078],"yoast_head":"<!-- This site is optimized with the Yoast SEO plugin v18.5.1 - https:\/\/yoast.com\/wordpress\/plugins\/seo\/ -->\n<title>GUAa oxi - bezchl\u00f3rov\u00fd oxida\u010dn\u00ed p\u0159\u00edpravek, 0,8\/1,3\/3,2kg - Anders &amp; Kafka E-SHOP<\/title>\n<meta name=\"description\" content=\"OXI\u00a0je rychle rozpustn\u00fd p\u0159\u00edpravek slou\u017e\u00edc\u00ed jako vysoce \u00fa\u010dinn\u00e9 \u010dinidlo pro bezchl\u00f3rovou oxidaci vody v baz\u00e9nech a v\u00ed\u0159iv\u00fdch van\u00e1ch.\" \/>\n<meta name=\"robots\" content=\"index, follow, max-snippet:-1, max-image-preview:large, max-video-preview:-1\" \/>\n<link rel=\"canonical\" href=\"https:\/\/anderskafka.cz\/eshop\/produkt\/guaa-oxi-bezchlorovy-oxidacni-pripravek-hmotnost-baleni-08-13-32-kg\/\" \/>\n<meta property=\"og:locale\" content=\"cs_CZ\" \/>\n<meta property=\"og:type\" content=\"article\" \/>\n<meta property=\"og:title\" content=\"GUAa oxi - bezchl\u00f3rov\u00fd oxida\u010dn\u00ed p\u0159\u00edpravek, 0,8\/1,3\/3,2kg - Anders &amp; Kafka E-SHOP\" \/>\n<meta property=\"og:description\" content=\"OXI\u00a0je rychle rozpustn\u00fd p\u0159\u00edpravek slou\u017e\u00edc\u00ed jako vysoce \u00fa\u010dinn\u00e9 \u010dinidlo pro bezchl\u00f3rovou oxidaci vody v baz\u00e9nech a v\u00ed\u0159iv\u00fdch van\u00e1ch.\" \/>\n<meta property=\"og:url\" content=\"https:\/\/anderskafka.cz\/eshop\/produkt\/guaa-oxi-bezchlorovy-oxidacni-pripravek-hmotnost-baleni-08-13-32-kg\/\" \/>\n<meta property=\"og:site_name\" content=\"Anders &amp; Kafka E-SHOP\" \/>\n<meta property=\"article:modified_time\" content=\"2026-03-26T10:24:12+00:00\" \/>\n<meta property=\"og:image\" content=\"https:\/\/anderskafka.cz\/eshop\/wp-content\/uploads\/sites\/3\/2026\/01\/GUAA_oxi08kg_AndersKafka.png\" \/>\n\t<meta property=\"og:image:width\" content=\"1485\" \/>\n\t<meta property=\"og:image:height\" content=\"1485\" \/>\n\t<meta property=\"og:image:type\" content=\"image\/png\" \/>\n<meta name=\"twitter:card\" content=\"summary_large_image\" \/>\n<meta name=\"twitter:label1\" content=\"Odhadovan\u00e1 doba \u010dten\u00ed\" \/>\n\t<meta name=\"twitter:data1\" content=\"3 minuty\" \/>\n<script type=\"application\/ld+json\" class=\"yoast-schema-graph\">{\"@context\":\"https:\/\/schema.org\",\"@graph\":[{\"@type\":\"WebSite\",\"@id\":\"https:\/\/anderskafka.cz\/eshop\/#website\",\"url\":\"https:\/\/anderskafka.cz\/eshop\/\",\"name\":\"Anders &amp; Kafka E-SHOP\",\"description\":\"Anders &amp; Kafka E-SHOP\",\"potentialAction\":[{\"@type\":\"SearchAction\",\"target\":{\"@type\":\"EntryPoint\",\"urlTemplate\":\"https:\/\/anderskafka.cz\/eshop\/?s={search_term_string}\"},\"query-input\":\"required name=search_term_string\"}],\"inLanguage\":\"cs\"},{\"@type\":\"ImageObject\",\"@id\":\"https:\/\/anderskafka.cz\/eshop\/produkt\/guaa-oxi-bezchlorovy-oxidacni-pripravek-hmotnost-baleni-08-13-32-kg\/#primaryimage\",\"inLanguage\":\"cs\",\"url\":\"https:\/\/anderskafka.cz\/eshop\/wp-content\/uploads\/sites\/3\/2026\/01\/GUAA_oxi08kg_AndersKafka.png\",\"contentUrl\":\"https:\/\/anderskafka.cz\/eshop\/wp-content\/uploads\/sites\/3\/2026\/01\/GUAA_oxi08kg_AndersKafka.png\",\"width\":1485,\"height\":1485},{\"@type\":\"WebPage\",\"@id\":\"https:\/\/anderskafka.cz\/eshop\/produkt\/guaa-oxi-bezchlorovy-oxidacni-pripravek-hmotnost-baleni-08-13-32-kg\/#webpage\",\"url\":\"https:\/\/anderskafka.cz\/eshop\/produkt\/guaa-oxi-bezchlorovy-oxidacni-pripravek-hmotnost-baleni-08-13-32-kg\/\",\"name\":\"GUAa oxi - bezchl\u00f3rov\u00fd oxida\u010dn\u00ed p\u0159\u00edpravek, 0,8\/1,3\/3,2kg - Anders &amp; Kafka E-SHOP\",\"isPartOf\":{\"@id\":\"https:\/\/anderskafka.cz\/eshop\/#website\"},\"primaryImageOfPage\":{\"@id\":\"https:\/\/anderskafka.cz\/eshop\/produkt\/guaa-oxi-bezchlorovy-oxidacni-pripravek-hmotnost-baleni-08-13-32-kg\/#primaryimage\"},\"datePublished\":\"2026-01-12T10:18:06+00:00\",\"dateModified\":\"2026-03-26T10:24:12+00:00\",\"description\":\"OXI\u00a0je rychle rozpustn\u00fd p\u0159\u00edpravek slou\u017e\u00edc\u00ed jako vysoce \u00fa\u010dinn\u00e9 \u010dinidlo pro bezchl\u00f3rovou oxidaci vody v baz\u00e9nech a v\u00ed\u0159iv\u00fdch van\u00e1ch.\",\"breadcrumb\":{\"@id\":\"https:\/\/anderskafka.cz\/eshop\/produkt\/guaa-oxi-bezchlorovy-oxidacni-pripravek-hmotnost-baleni-08-13-32-kg\/#breadcrumb\"},\"inLanguage\":\"cs\",\"potentialAction\":[{\"@type\":\"ReadAction\",\"target\":[\"https:\/\/anderskafka.cz\/eshop\/produkt\/guaa-oxi-bezchlorovy-oxidacni-pripravek-hmotnost-baleni-08-13-32-kg\/\"]}]},{\"@type\":\"BreadcrumbList\",\"@id\":\"https:\/\/anderskafka.cz\/eshop\/produkt\/guaa-oxi-bezchlorovy-oxidacni-pripravek-hmotnost-baleni-08-13-32-kg\/#breadcrumb\",\"itemListElement\":[{\"@type\":\"ListItem\",\"position\":1,\"name\":\"Obchod\",\"item\":\"https:\/\/anderskafka.cz\/eshop\/obchod\/\"},{\"@type\":\"ListItem\",\"position\":2,\"name\":\"GUAa oxi &#8211; bezchl\u00f3rov\u00fd oxida\u010dn\u00ed p\u0159\u00edpravek, 0,8\/1,3\/3,2kg\"}]}]}<\/script>\n<!-- \/ Yoast SEO plugin. -->","yoast_head_json":{"title":"GUAa oxi - bezchl\u00f3rov\u00fd oxida\u010dn\u00ed p\u0159\u00edpravek, 0,8\/1,3\/3,2kg - Anders &amp; Kafka E-SHOP","description":"OXI\u00a0je rychle rozpustn\u00fd p\u0159\u00edpravek slou\u017e\u00edc\u00ed jako vysoce \u00fa\u010dinn\u00e9 \u010dinidlo pro bezchl\u00f3rovou oxidaci vody v baz\u00e9nech a v\u00ed\u0159iv\u00fdch van\u00e1ch.","robots":{"index":"index","follow":"follow","max-snippet":"max-snippet:-1","max-image-preview":"max-image-preview:large","max-video-preview":"max-video-preview:-1"},"canonical":"https:\/\/anderskafka.cz\/eshop\/produkt\/guaa-oxi-bezchlorovy-oxidacni-pripravek-hmotnost-baleni-08-13-32-kg\/","og_locale":"cs_CZ","og_type":"article","og_title":"GUAa oxi - bezchl\u00f3rov\u00fd oxida\u010dn\u00ed p\u0159\u00edpravek, 0,8\/1,3\/3,2kg - Anders &amp; Kafka E-SHOP","og_description":"OXI\u00a0je rychle rozpustn\u00fd p\u0159\u00edpravek slou\u017e\u00edc\u00ed jako vysoce \u00fa\u010dinn\u00e9 \u010dinidlo pro bezchl\u00f3rovou oxidaci vody v baz\u00e9nech a v\u00ed\u0159iv\u00fdch van\u00e1ch.","og_url":"https:\/\/anderskafka.cz\/eshop\/produkt\/guaa-oxi-bezchlorovy-oxidacni-pripravek-hmotnost-baleni-08-13-32-kg\/","og_site_name":"Anders &amp; Kafka E-SHOP","article_modified_time":"2026-03-26T10:24:12+00:00","og_image":[{"width":1485,"height":1485,"url":"https:\/\/anderskafka.cz\/eshop\/wp-content\/uploads\/sites\/3\/2026\/01\/GUAA_oxi08kg_AndersKafka.png","type":"image\/png"}],"twitter_card":"summary_large_image","twitter_misc":{"Odhadovan\u00e1 doba \u010dten\u00ed":"3 minuty"},"schema":{"@context":"https:\/\/schema.org","@graph":[{"@type":"WebSite","@id":"https:\/\/anderskafka.cz\/eshop\/#website","url":"https:\/\/anderskafka.cz\/eshop\/","name":"Anders &amp; Kafka E-SHOP","description":"Anders &amp; Kafka E-SHOP","potentialAction":[{"@type":"SearchAction","target":{"@type":"EntryPoint","urlTemplate":"https:\/\/anderskafka.cz\/eshop\/?s={search_term_string}"},"query-input":"required name=search_term_string"}],"inLanguage":"cs"},{"@type":"ImageObject","@id":"https:\/\/anderskafka.cz\/eshop\/produkt\/guaa-oxi-bezchlorovy-oxidacni-pripravek-hmotnost-baleni-08-13-32-kg\/#primaryimage","inLanguage":"cs","url":"https:\/\/anderskafka.cz\/eshop\/wp-content\/uploads\/sites\/3\/2026\/01\/GUAA_oxi08kg_AndersKafka.png","contentUrl":"https:\/\/anderskafka.cz\/eshop\/wp-content\/uploads\/sites\/3\/2026\/01\/GUAA_oxi08kg_AndersKafka.png","width":1485,"height":1485},{"@type":"WebPage","@id":"https:\/\/anderskafka.cz\/eshop\/produkt\/guaa-oxi-bezchlorovy-oxidacni-pripravek-hmotnost-baleni-08-13-32-kg\/#webpage","url":"https:\/\/anderskafka.cz\/eshop\/produkt\/guaa-oxi-bezchlorovy-oxidacni-pripravek-hmotnost-baleni-08-13-32-kg\/","name":"GUAa oxi - bezchl\u00f3rov\u00fd oxida\u010dn\u00ed p\u0159\u00edpravek, 0,8\/1,3\/3,2kg - Anders &amp; Kafka E-SHOP","isPartOf":{"@id":"https:\/\/anderskafka.cz\/eshop\/#website"},"primaryImageOfPage":{"@id":"https:\/\/anderskafka.cz\/eshop\/produkt\/guaa-oxi-bezchlorovy-oxidacni-pripravek-hmotnost-baleni-08-13-32-kg\/#primaryimage"},"datePublished":"2026-01-12T10:18:06+00:00","dateModified":"2026-03-26T10:24:12+00:00","description":"OXI\u00a0je rychle rozpustn\u00fd p\u0159\u00edpravek slou\u017e\u00edc\u00ed jako vysoce \u00fa\u010dinn\u00e9 \u010dinidlo pro bezchl\u00f3rovou oxidaci vody v baz\u00e9nech a v\u00ed\u0159iv\u00fdch van\u00e1ch.","breadcrumb":{"@id":"https:\/\/anderskafka.cz\/eshop\/produkt\/guaa-oxi-bezchlorovy-oxidacni-pripravek-hmotnost-baleni-08-13-32-kg\/#breadcrumb"},"inLanguage":"cs","potentialAction":[{"@type":"ReadAction","target":["https:\/\/anderskafka.cz\/eshop\/produkt\/guaa-oxi-bezchlorovy-oxidacni-pripravek-hmotnost-baleni-08-13-32-kg\/"]}]},{"@type":"BreadcrumbList","@id":"https:\/\/anderskafka.cz\/eshop\/produkt\/guaa-oxi-bezchlorovy-oxidacni-pripravek-hmotnost-baleni-08-13-32-kg\/#breadcrumb","itemListElement":[{"@type":"ListItem","position":1,"name":"Obchod","item":"https:\/\/anderskafka.cz\/eshop\/obchod\/"},{"@type":"ListItem","position":2,"name":"GUAa oxi &#8211; bezchl\u00f3rov\u00fd oxida\u010dn\u00ed p\u0159\u00edpravek, 0,8\/1,3\/3,2kg"}]}]}},"locations":[],"_links":{"self":[{"href":"https:\/\/anderskafka.cz\/eshop\/wp-json\/wp\/v2\/product\/14117"}],"collection":[{"href":"https:\/\/anderskafka.cz\/eshop\/wp-json\/wp\/v2\/product"}],"about":[{"href":"https:\/\/anderskafka.cz\/eshop\/wp-json\/wp\/v2\/types\/product"}],"replies":[{"embeddable":true,"href":"https:\/\/anderskafka.cz\/eshop\/wp-json\/wp\/v2\/comments?post=14117"}],"wp:featuredmedia":[{"embeddable":true,"href":"https:\/\/anderskafka.cz\/eshop\/wp-json\/wp\/v2\/media\/14122"}],"wp:attachment":[{"href":"https:\/\/anderskafka.cz\/eshop\/wp-json\/wp\/v2\/media?parent=14117"}],"wp:term":[{"taxonomy":"location","embeddable":true,"href":"https:\/\/anderskafka.cz\/eshop\/wp-json\/wp\/v2\/location?post=14117"},{"taxonomy":"product_cat","embeddable":true,"href":"https:\/\/anderskafka.cz\/eshop\/wp-json\/wp\/v2\/product_cat?post=14117"},{"taxonomy":"product_tag","embeddable":true,"href":"https:\/\/anderskafka.cz\/eshop\/wp-json\/wp\/v2\/product_tag?post=14117"}],"curies":[{"name":"wp","href":"https:\/\/api.w.org\/{rel}","templated":true}]}}