{"id":14126,"date":"2026-01-12T11:44:25","date_gmt":"2026-01-12T10:44:25","guid":{"rendered":"https:\/\/anderskafka.cz\/eshop\/?post_type=product&#038;p=14126"},"modified":"2026-03-26T11:23:52","modified_gmt":"2026-03-26T10:23:52","slug":"guaa-ph-plus-pripravek-na-zvyseni-ph-vody-14-kg","status":"publish","type":"product","link":"https:\/\/anderskafka.cz\/eshop\/produkt\/guaa-ph-plus-pripravek-na-zvyseni-ph-vody-14-kg\/","title":{"rendered":"GUAa ph plus &#8211; p\u0159\u00edpravek na zv\u00fd\u0161en\u00ed ph vody, 1,4 kg"},"content":{"rendered":"<p class=\"subname\"><strong>\u00daprava pH vody v baz\u00e9nech a v\u00ed\u0159iv\u00fdch van\u00e1ch<\/strong><\/p>\n<div id=\"product-description-short\">\n<p>Ide\u00e1ln\u00ed hodnota pH p\u0159i pou\u017e\u00edv\u00e1n\u00ed bezchl\u00f3rov\u00fdch a chl\u00f3rov\u00fdch p\u0159\u00edpravk\u016f vody je 6,8\u20137,4. Pokud pH opust\u00ed tuto vymezenou oblast, doch\u00e1z\u00ed ke sn\u00ed\u017een\u00ed \u00fa\u010dinnosti a zv\u00fd\u0161en\u00ed spot\u0159eby pou\u017e\u00edvan\u00fdch p\u0159\u00edpravk\u016f.<\/p>\n<\/div>\n<div id=\"product-description\">\n<p>P\u0159i n\u00edzk\u00e9m pH koroduj\u00ed kovov\u00e9 \u010d\u00e1sti baz\u00e9nu a v\u00ed\u0159iv\u00fdch van a rychleji blednou barvy plast\u016f a f\u00f3li\u00ed v baz\u00e9nu a v\u00ed\u0159iv\u00e9 van\u011b. P\u0159i vysok\u00e9m pH doch\u00e1z\u00ed k zakalen\u00ed vody a vysr\u00e1\u017een\u00ed miner\u00e1l\u016f. M\u016f\u017ee tak\u00e9 doj\u00edt k podr\u00e1\u017ed\u011bn\u00ed o\u010dn\u00edch spojivek a k\u016f\u017ee.<\/p>\n<h2>Vlastnosti:<\/h2>\n<p>P\u0159\u00edpravek pH plus je jemn\u00fd b\u00edl\u00fd pr\u00e1\u0161ek m\u00e1lo rozpustn\u00fd ve vod\u011b. Vodn\u00fd roztok p\u0159\u00edpravku pH plus reaguje z\u00e1sadit\u011b, a proto se s n\u00edm snadno zvy\u0161uje pH vody.<\/p>\n<h2>D\u00e1vkov\u00e1n\u00ed:<\/h2>\n<p>10 g p\u0159\u00edpravku pH plus na 1 m<sup>3<\/sup> vody zv\u00fd\u0161\u00ed hodnotu pH baz\u00e9nov\u00e9 vody a vody ve v\u00ed\u0159iv\u00e9 van\u011b o 0,1. Odm\u011b\u0159enou d\u00e1vku p\u0159\u00edpravku d\u00e1vkujte do n\u00e1doby s vodou, rozm\u00edchejte a p\u0159idejte do baz\u00e9nov\u00e9 vody a vody ve v\u00ed\u0159iv\u00e9 van\u011b. D\u00e1vkov\u00e1n\u00ed prov\u00e1d\u011bjte p\u0159i zapnut\u00e9 cirkulaci.<\/p>\n<h2>Benefity<\/h2>\n<p><strong>O\u0161et\u0159en\u00e1 voda:<\/strong><\/p>\n<ul class=\"benefits\">\n<li>Nedr\u00e1\u017ed\u00ed o\u010di a nevysu\u0161uje poko\u017eku<\/li>\n<li>Nedr\u00e1\u017ed\u00ed k\u016f\u017ei ani sliznice<\/li>\n<li>Nepo\u0161kozuje materi\u00e1l, neb\u011bl\u00ed<\/li>\n<\/ul>\n<p><strong>Obsah:<\/strong> 1,4 kg<\/p>\n<p><strong>Datum expirace:<\/strong> 24 m\u011bs\u00edc\u016f od data v\u00fdroby<\/p>\n<h2>Bezpe\u010dnost a prvn\u00ed pomoc:<\/h2>\n<div class=\"product-description-safety\">\n<p><strong>P\u0159ed pou\u017eit\u00edm p\u0159e\u010dt\u011bte n\u00e1vod.<\/strong>\u00a0N\u00e1doby uchov\u00e1vejte t\u011bsn\u011b uzav\u0159en\u00e9 na such\u00e9m, chladn\u00e9m a dob\u0159e v\u011btran\u00e9m m\u00edst\u011b. Chra\u0148te p\u0159ed p\u0159\u00edm\u00fdm slune\u010dn\u00edm z\u00e1\u0159en\u00edm a p\u016fsoben\u00edm vlhkosti. P\u0159i pr\u00e1ci s p\u0159\u00edpravkem nejezte, nepijte a neku\u0159te. Minimalizujte obsah prachu v pracovn\u00edm prost\u0159ed\u00ed. Nem\u00edchejte s jin\u00fdmi chemik\u00e1liemi. \u00daniky dr\u017ete z dosahu kanalizace a vodn\u00edch zdroj\u016f. Uchov\u00e1vejte mimo dosah d\u011bt\u00ed. P\u0159i styku s k\u016f\u017e\u00ed omyjte m\u00fddlem a v\u011bt\u0161\u00edm mno\u017estv\u00edm vody. Zne\u010di\u0161t\u011bn\u00fd nebo nas\u00e1kl\u00fd od\u011bv svl\u00e9kn\u011bte. P\u0159i nad\u00fdch\u00e1n\u00ed p\u0159eneste posti\u017een\u00e9ho na \u010derstv\u00fd vzduch. P\u0159i zasa\u017een\u00ed o\u010d\u00ed vyplachujte 10\u201315 minut velk\u00fdm mno\u017estv\u00edm vody. P\u0159i n\u00e1hodn\u00e9m po\u017eit\u00ed vypl\u00e1chn\u011bte \u00fasta vodou. P\u0159i dal\u0161\u00edch obt\u00ed\u017e\u00edch vyhledejte l\u00e9ka\u0159e a uka\u017ete etiketu. P\u0159\u00edpravek pou\u017e\u00edvejte jen k ur\u010den\u00e9mu \u00fa\u010delu. V\u00fdrobce neru\u010d\u00ed za \u0161kody zp\u016fsoben\u00e9 nespr\u00e1vn\u00fdm pou\u017eit\u00edm. Vymyt\u00fd obal bez zbytk\u016f sm\u011bsi likvidujte podle druhu materi\u00e1lu obalu.<br \/>\n<strong>Slo\u017een\u00ed:<\/strong>\u00a0hydrogenuhli\u010ditan sodn\u00fd<\/p>\n<\/div>\n<\/div>\n","protected":false},"excerpt":{"rendered":"<div>\n<p>P\u0159\u00edpravek pH PLUS slou\u017e\u00ed k \u00faprav\u011b hodnoty pH vody.<\/p>\n<p>&nbsp;<\/p>\n<\/div>\n<div>\n<div>\n<div><\/div>\n<\/div>\n<\/div>\n","protected":false},"featured_media":14127,"comment_status":"open","ping_status":"closed","template":"","meta":{"site-sidebar-layout":"default","site-content-layout":"default","ast-main-header-display":"","ast-hfb-above-header-display":"","ast-hfb-below-header-display":"","ast-hfb-mobile-header-display":"disabled","site-post-title":"","ast-breadcrumbs-content":"","ast-featured-img":"","footer-sml-layout":"","theme-transparent-header-meta":"","adv-header-id-meta":"","stick-header-meta":"","header-above-stick-meta":"","header-main-stick-meta":"","header-below-stick-meta":""},"location":[],"product_cat":[865,1363,1138],"product_tag":[1078],"yoast_head":"<!-- This site is optimized with the Yoast SEO plugin v18.5.1 - https:\/\/yoast.com\/wordpress\/plugins\/seo\/ -->\n<title>GUAa ph plus - p\u0159\u00edpravek na zv\u00fd\u0161en\u00ed ph vody, 1,4 kg - Anders &amp; Kafka E-SHOP<\/title>\n<meta name=\"description\" content=\"P\u0159\u00edpravek pH PLUS slou\u017e\u00ed k \u00faprav\u011b hodnoty pH vody.  &nbsp;\" \/>\n<meta name=\"robots\" content=\"index, follow, max-snippet:-1, max-image-preview:large, max-video-preview:-1\" \/>\n<link rel=\"canonical\" href=\"https:\/\/anderskafka.cz\/eshop\/produkt\/guaa-ph-plus-pripravek-na-zvyseni-ph-vody-14-kg\/\" \/>\n<meta property=\"og:locale\" content=\"cs_CZ\" \/>\n<meta property=\"og:type\" content=\"article\" \/>\n<meta property=\"og:title\" content=\"GUAa ph plus - p\u0159\u00edpravek na zv\u00fd\u0161en\u00ed ph vody, 1,4 kg - Anders &amp; Kafka E-SHOP\" \/>\n<meta property=\"og:description\" content=\"P\u0159\u00edpravek pH PLUS slou\u017e\u00ed k \u00faprav\u011b hodnoty pH vody.  &nbsp;\" \/>\n<meta property=\"og:url\" content=\"https:\/\/anderskafka.cz\/eshop\/produkt\/guaa-ph-plus-pripravek-na-zvyseni-ph-vody-14-kg\/\" \/>\n<meta property=\"og:site_name\" content=\"Anders &amp; Kafka E-SHOP\" \/>\n<meta property=\"article:modified_time\" content=\"2026-03-26T10:23:52+00:00\" \/>\n<meta name=\"twitter:card\" content=\"summary_large_image\" \/>\n<meta name=\"twitter:image\" content=\"https:\/\/anderskafka.cz\/eshop\/wp-content\/uploads\/sites\/3\/2026\/01\/GUAA_phplus_AndersKafka.webp\" \/>\n<meta name=\"twitter:label1\" content=\"Odhadovan\u00e1 doba \u010dten\u00ed\" \/>\n\t<meta name=\"twitter:data1\" content=\"2 minuty\" \/>\n<script type=\"application\/ld+json\" class=\"yoast-schema-graph\">{\"@context\":\"https:\/\/schema.org\",\"@graph\":[{\"@type\":\"WebSite\",\"@id\":\"https:\/\/anderskafka.cz\/eshop\/#website\",\"url\":\"https:\/\/anderskafka.cz\/eshop\/\",\"name\":\"Anders &amp; Kafka E-SHOP\",\"description\":\"Anders &amp; Kafka E-SHOP\",\"potentialAction\":[{\"@type\":\"SearchAction\",\"target\":{\"@type\":\"EntryPoint\",\"urlTemplate\":\"https:\/\/anderskafka.cz\/eshop\/?s={search_term_string}\"},\"query-input\":\"required name=search_term_string\"}],\"inLanguage\":\"cs\"},{\"@type\":\"ImageObject\",\"@id\":\"https:\/\/anderskafka.cz\/eshop\/produkt\/guaa-ph-plus-pripravek-na-zvyseni-ph-vody-14-kg\/#primaryimage\",\"inLanguage\":\"cs\",\"url\":\"https:\/\/anderskafka.cz\/eshop\/wp-content\/uploads\/sites\/3\/2026\/01\/GUAA_phplus_AndersKafka.webp\",\"contentUrl\":\"https:\/\/anderskafka.cz\/eshop\/wp-content\/uploads\/sites\/3\/2026\/01\/GUAA_phplus_AndersKafka.webp\",\"width\":1500,\"height\":1500},{\"@type\":\"WebPage\",\"@id\":\"https:\/\/anderskafka.cz\/eshop\/produkt\/guaa-ph-plus-pripravek-na-zvyseni-ph-vody-14-kg\/#webpage\",\"url\":\"https:\/\/anderskafka.cz\/eshop\/produkt\/guaa-ph-plus-pripravek-na-zvyseni-ph-vody-14-kg\/\",\"name\":\"GUAa ph plus - p\u0159\u00edpravek na zv\u00fd\u0161en\u00ed ph vody, 1,4 kg - Anders &amp; Kafka E-SHOP\",\"isPartOf\":{\"@id\":\"https:\/\/anderskafka.cz\/eshop\/#website\"},\"primaryImageOfPage\":{\"@id\":\"https:\/\/anderskafka.cz\/eshop\/produkt\/guaa-ph-plus-pripravek-na-zvyseni-ph-vody-14-kg\/#primaryimage\"},\"datePublished\":\"2026-01-12T10:44:25+00:00\",\"dateModified\":\"2026-03-26T10:23:52+00:00\",\"description\":\"P\u0159\u00edpravek pH PLUS slou\u017e\u00ed k \u00faprav\u011b hodnoty pH vody. &nbsp;\",\"breadcrumb\":{\"@id\":\"https:\/\/anderskafka.cz\/eshop\/produkt\/guaa-ph-plus-pripravek-na-zvyseni-ph-vody-14-kg\/#breadcrumb\"},\"inLanguage\":\"cs\",\"potentialAction\":[{\"@type\":\"ReadAction\",\"target\":[\"https:\/\/anderskafka.cz\/eshop\/produkt\/guaa-ph-plus-pripravek-na-zvyseni-ph-vody-14-kg\/\"]}]},{\"@type\":\"BreadcrumbList\",\"@id\":\"https:\/\/anderskafka.cz\/eshop\/produkt\/guaa-ph-plus-pripravek-na-zvyseni-ph-vody-14-kg\/#breadcrumb\",\"itemListElement\":[{\"@type\":\"ListItem\",\"position\":1,\"name\":\"Obchod\",\"item\":\"https:\/\/anderskafka.cz\/eshop\/obchod\/\"},{\"@type\":\"ListItem\",\"position\":2,\"name\":\"GUAa ph plus &#8211; p\u0159\u00edpravek na zv\u00fd\u0161en\u00ed ph vody, 1,4 kg\"}]}]}<\/script>\n<!-- \/ Yoast SEO plugin. -->","yoast_head_json":{"title":"GUAa ph plus - p\u0159\u00edpravek na zv\u00fd\u0161en\u00ed ph vody, 1,4 kg - Anders &amp; Kafka E-SHOP","description":"P\u0159\u00edpravek pH PLUS slou\u017e\u00ed k \u00faprav\u011b hodnoty pH vody.  &nbsp;","robots":{"index":"index","follow":"follow","max-snippet":"max-snippet:-1","max-image-preview":"max-image-preview:large","max-video-preview":"max-video-preview:-1"},"canonical":"https:\/\/anderskafka.cz\/eshop\/produkt\/guaa-ph-plus-pripravek-na-zvyseni-ph-vody-14-kg\/","og_locale":"cs_CZ","og_type":"article","og_title":"GUAa ph plus - p\u0159\u00edpravek na zv\u00fd\u0161en\u00ed ph vody, 1,4 kg - Anders &amp; Kafka E-SHOP","og_description":"P\u0159\u00edpravek pH PLUS slou\u017e\u00ed k \u00faprav\u011b hodnoty pH vody.  &nbsp;","og_url":"https:\/\/anderskafka.cz\/eshop\/produkt\/guaa-ph-plus-pripravek-na-zvyseni-ph-vody-14-kg\/","og_site_name":"Anders &amp; Kafka E-SHOP","article_modified_time":"2026-03-26T10:23:52+00:00","twitter_card":"summary_large_image","twitter_image":"https:\/\/anderskafka.cz\/eshop\/wp-content\/uploads\/sites\/3\/2026\/01\/GUAA_phplus_AndersKafka.webp","twitter_misc":{"Odhadovan\u00e1 doba \u010dten\u00ed":"2 minuty"},"schema":{"@context":"https:\/\/schema.org","@graph":[{"@type":"WebSite","@id":"https:\/\/anderskafka.cz\/eshop\/#website","url":"https:\/\/anderskafka.cz\/eshop\/","name":"Anders &amp; Kafka E-SHOP","description":"Anders &amp; Kafka E-SHOP","potentialAction":[{"@type":"SearchAction","target":{"@type":"EntryPoint","urlTemplate":"https:\/\/anderskafka.cz\/eshop\/?s={search_term_string}"},"query-input":"required name=search_term_string"}],"inLanguage":"cs"},{"@type":"ImageObject","@id":"https:\/\/anderskafka.cz\/eshop\/produkt\/guaa-ph-plus-pripravek-na-zvyseni-ph-vody-14-kg\/#primaryimage","inLanguage":"cs","url":"https:\/\/anderskafka.cz\/eshop\/wp-content\/uploads\/sites\/3\/2026\/01\/GUAA_phplus_AndersKafka.webp","contentUrl":"https:\/\/anderskafka.cz\/eshop\/wp-content\/uploads\/sites\/3\/2026\/01\/GUAA_phplus_AndersKafka.webp","width":1500,"height":1500},{"@type":"WebPage","@id":"https:\/\/anderskafka.cz\/eshop\/produkt\/guaa-ph-plus-pripravek-na-zvyseni-ph-vody-14-kg\/#webpage","url":"https:\/\/anderskafka.cz\/eshop\/produkt\/guaa-ph-plus-pripravek-na-zvyseni-ph-vody-14-kg\/","name":"GUAa ph plus - p\u0159\u00edpravek na zv\u00fd\u0161en\u00ed ph vody, 1,4 kg - Anders &amp; Kafka E-SHOP","isPartOf":{"@id":"https:\/\/anderskafka.cz\/eshop\/#website"},"primaryImageOfPage":{"@id":"https:\/\/anderskafka.cz\/eshop\/produkt\/guaa-ph-plus-pripravek-na-zvyseni-ph-vody-14-kg\/#primaryimage"},"datePublished":"2026-01-12T10:44:25+00:00","dateModified":"2026-03-26T10:23:52+00:00","description":"P\u0159\u00edpravek pH PLUS slou\u017e\u00ed k \u00faprav\u011b hodnoty pH vody. &nbsp;","breadcrumb":{"@id":"https:\/\/anderskafka.cz\/eshop\/produkt\/guaa-ph-plus-pripravek-na-zvyseni-ph-vody-14-kg\/#breadcrumb"},"inLanguage":"cs","potentialAction":[{"@type":"ReadAction","target":["https:\/\/anderskafka.cz\/eshop\/produkt\/guaa-ph-plus-pripravek-na-zvyseni-ph-vody-14-kg\/"]}]},{"@type":"BreadcrumbList","@id":"https:\/\/anderskafka.cz\/eshop\/produkt\/guaa-ph-plus-pripravek-na-zvyseni-ph-vody-14-kg\/#breadcrumb","itemListElement":[{"@type":"ListItem","position":1,"name":"Obchod","item":"https:\/\/anderskafka.cz\/eshop\/obchod\/"},{"@type":"ListItem","position":2,"name":"GUAa ph plus &#8211; p\u0159\u00edpravek na zv\u00fd\u0161en\u00ed ph vody, 1,4 kg"}]}]}},"locations":[],"_links":{"self":[{"href":"https:\/\/anderskafka.cz\/eshop\/wp-json\/wp\/v2\/product\/14126"}],"collection":[{"href":"https:\/\/anderskafka.cz\/eshop\/wp-json\/wp\/v2\/product"}],"about":[{"href":"https:\/\/anderskafka.cz\/eshop\/wp-json\/wp\/v2\/types\/product"}],"replies":[{"embeddable":true,"href":"https:\/\/anderskafka.cz\/eshop\/wp-json\/wp\/v2\/comments?post=14126"}],"wp:featuredmedia":[{"embeddable":true,"href":"https:\/\/anderskafka.cz\/eshop\/wp-json\/wp\/v2\/media\/14127"}],"wp:attachment":[{"href":"https:\/\/anderskafka.cz\/eshop\/wp-json\/wp\/v2\/media?parent=14126"}],"wp:term":[{"taxonomy":"location","embeddable":true,"href":"https:\/\/anderskafka.cz\/eshop\/wp-json\/wp\/v2\/location?post=14126"},{"taxonomy":"product_cat","embeddable":true,"href":"https:\/\/anderskafka.cz\/eshop\/wp-json\/wp\/v2\/product_cat?post=14126"},{"taxonomy":"product_tag","embeddable":true,"href":"https:\/\/anderskafka.cz\/eshop\/wp-json\/wp\/v2\/product_tag?post=14126"}],"curies":[{"name":"wp","href":"https:\/\/api.w.org\/{rel}","templated":true}]}}