{"id":14128,"date":"2026-01-12T12:18:43","date_gmt":"2026-01-12T11:18:43","guid":{"rendered":"https:\/\/anderskafka.cz\/eshop\/?post_type=product&#038;p=14128"},"modified":"2026-03-26T11:23:40","modified_gmt":"2026-03-26T10:23:40","slug":"guaa-ph-minus-pripravek-na-snizeni-ph-vody-14-28-kg","status":"publish","type":"product","link":"https:\/\/anderskafka.cz\/eshop\/produkt\/guaa-ph-minus-pripravek-na-snizeni-ph-vody-14-28-kg\/","title":{"rendered":"GUAa ph minus &#8211; p\u0159\u00edpravek na sn\u00ed\u017een\u00ed ph vody, 1,4\/2,8kg"},"content":{"rendered":"<p class=\"subname\"><strong>\u00daprava pH vody<\/strong><\/p>\n<div id=\"product-description-short\">\n<p>Ide\u00e1ln\u00ed hodnota pH p\u0159i pou\u017e\u00edv\u00e1n\u00ed bezchl\u00f3rov\u00fdch a chl\u00f3rov\u00fdch p\u0159\u00edpravk\u016f je 6,8\u20137,4. Pokud pH opust\u00ed tuto vymezenou oblast, doch\u00e1z\u00ed ke sn\u00ed\u017een\u00ed \u00fa\u010dinnosti a zv\u00fd\u0161en\u00ed spot\u0159eby pou\u017e\u00edvan\u00fdch p\u0159\u00edpravk\u016f.<\/p>\n<\/div>\n<div id=\"product-description\">\n<p>P\u0159i n\u00edzk\u00e9m pH koroduj\u00ed kovov\u00e9 \u010d\u00e1sti baz\u00e9nu a v\u00ed\u0159iv\u00fdch van a rychleji blednou barvy plast\u016f a f\u00f3li\u00ed v baz\u00e9nu a v\u00ed\u0159iv\u00e9 van\u011b. P\u0159i vysok\u00e9m pH doch\u00e1z\u00ed k zakalen\u00ed vody a vysr\u00e1\u017een\u00ed miner\u00e1l\u016f. M\u016f\u017ee tak\u00e9 doj\u00edt k podr\u00e1\u017ed\u011bn\u00ed o\u010dn\u00edch spojivek a k\u016f\u017ee.<\/p>\n<h2>Vlastnosti:<\/h2>\n<p>P\u0159\u00edpravek pH minus je ve form\u011b na\u017eloutl\u00fdch perli\u010dek, dob\u0159e rozpustn\u00fdch ve vod\u011b. Vodn\u00fd roztok p\u0159\u00edpravku pH minus reaguje kysele, a proto se s n\u00edm snadno sni\u017euje pH vody.<\/p>\n<h2>D\u00e1vkov\u00e1n\u00ed:<\/h2>\n<p>10 g p\u0159\u00edpravku pH minus na 1 m<sup>3<\/sup> vody sn\u00ed\u017e\u00ed hodnotu pH baz\u00e9nov\u00e9 vody a vody ve v\u00ed\u0159iv\u00e9 van\u011b o 0,1. Odm\u011b\u0159enou d\u00e1vku p\u0159\u00edpravku d\u00e1vkujte do n\u00e1doby s vodou, rozm\u00edchejte a p\u0159idejte do baz\u00e9nov\u00e9 vody a vody ve v\u00ed\u0159iv\u00e9 van\u011b. D\u00e1vkov\u00e1n\u00ed prov\u00e1d\u011bjte p\u0159i zapnut\u00e9 cirkulaci.<\/p>\n<h2>Benefity<\/h2>\n<p><strong>O\u0161et\u0159en\u00e1 voda:<\/strong><\/p>\n<ul class=\"benefits\">\n<li>Nedr\u00e1\u017ed\u00ed o\u010di a nevysu\u0161uje poko\u017eku<\/li>\n<li>Nedr\u00e1\u017ed\u00ed k\u016f\u017ei ani sliznice<\/li>\n<li>Nepo\u0161kozuje materi\u00e1l, neb\u011bl\u00ed<\/li>\n<\/ul>\n<p><strong>Obsah:<\/strong> 1,4\/2,8 kg<\/p>\n<p><strong>Datum expirace:<\/strong> 24 m\u011bs\u00edc\u016f od data v\u00fdroby<\/p>\n<\/div>\n<div>\n<div class=\"j1rqpc\">\n<h2>Bezpe\u010dnost a prvn\u00ed pomoc:<\/h2>\n<p><strong>NEBEZPE\u010c\u00cd<\/strong><\/p>\n<p><img src=\"https:\/\/www.guaa.cz\/img\/icon\/acid.png\" alt=\"acid.png\" \/><\/p>\n<p>hydrogens\u00edran sodn\u00fd, EC 231-665-7<br \/>\nNEBEZPE\u010c\u00cd:\u00a0<strong>H318<\/strong>\u00a0Zp\u016fsobuje v\u00e1\u017en\u00e9 po\u0161kozen\u00ed o\u010d\u00ed.\u00a0<strong>P280<\/strong>\u00a0Pou\u017e\u00edvejte ochrann\u00e9 rukavice\/ochrann\u00fd od\u011bv\/ochrann\u00e9 br\u00fdle\/obli\u010dejov\u00fd \u0161t\u00edt.\u00a0<strong>P305+P351+P338<\/strong>\u00a0P\u0158I ZASA\u017dEN\u00cd O\u010c\u00cd: N\u011bkolik minut opatrn\u011b vyplachujte vodou. Vyjm\u011bte kontaktn\u00ed \u010do\u010dky, jsou-li nasazeny a pokud je lze vyjmout snadno. Pokra\u010dujte ve vyplachov\u00e1n\u00ed.\u00a0<strong>P310<\/strong>\u00a0Okam\u017eit\u011b volejte TOXIKOLOGICK\u00c9 INFORMA\u010cN\u00cd ST\u0158EDISKO nebo l\u00e9ka\u0159e.\u00a0<strong>P102<\/strong>\u00a0Uchov\u00e1vejte mimo dosah d\u011bt\u00ed.\u00a0<strong>P501<\/strong>\u00a0Odstra\u0148te obsah\/obal jako nebezpe\u010dn\u00fd odpad. P\u0159ed pou\u017eit\u00edm p\u0159e\u010dt\u011bte n\u00e1vod. Uchov\u00e1vejte v p\u016fvodn\u00edch, neprody\u0161n\u011b uzav\u0159en\u00fdch obalech na such\u00e9m a dob\u0159e v\u011btran\u00e9m m\u00edst\u011b p\u0159i teplot\u00e1ch 10\u201330 \u00b0C. Chra\u0148te p\u0159ed p\u016fsoben\u00edm tepla a p\u0159\u00edm\u00fdm slune\u010dn\u00edm z\u00e1\u0159en\u00edm. P\u0159i pr\u00e1ci s p\u0159\u00edpravkem nejezte, nepijte a neku\u0159te. P\u0159\u00edpravek pou\u017e\u00edvejte jen k ur\u010den\u00e9mu \u00fa\u010delu. V\u00fdrobce neru\u010d\u00ed za \u0161kody zp\u016fsoben\u00e9 nespr\u00e1vn\u00fdm pou\u017eit\u00edm.<\/p>\n<\/div>\n<\/div>\n<div>\n<div><\/div>\n<\/div>\n","protected":false},"excerpt":{"rendered":"<div>\n<p>P\u0159\u00edpravek pH MINUS slou\u017e\u00ed k \u00faprav\u011b hodnoty pH vody.<\/p>\n<p>&nbsp;<\/p>\n<\/div>\n<div>\n<div>\n<div><\/div>\n<\/div>\n<\/div>\n","protected":false},"featured_media":14131,"comment_status":"open","ping_status":"closed","template":"","meta":{"site-sidebar-layout":"default","site-content-layout":"default","ast-main-header-display":"","ast-hfb-above-header-display":"","ast-hfb-below-header-display":"","ast-hfb-mobile-header-display":"disabled","site-post-title":"","ast-breadcrumbs-content":"","ast-featured-img":"","footer-sml-layout":"","theme-transparent-header-meta":"","adv-header-id-meta":"","stick-header-meta":"","header-above-stick-meta":"","header-main-stick-meta":"","header-below-stick-meta":""},"location":[],"product_cat":[865,1363,1138],"product_tag":[1078],"yoast_head":"<!-- This site is optimized with the Yoast SEO plugin v18.5.1 - https:\/\/yoast.com\/wordpress\/plugins\/seo\/ -->\n<title>GUAa ph minus - p\u0159\u00edpravek na sn\u00ed\u017een\u00ed ph vody, 1,4\/2,8kg - Anders &amp; Kafka E-SHOP<\/title>\n<meta name=\"description\" content=\"P\u0159\u00edpravek pH MINUS slou\u017e\u00ed k \u00faprav\u011b hodnoty pH vody.  &nbsp;\" \/>\n<meta name=\"robots\" content=\"index, follow, max-snippet:-1, max-image-preview:large, max-video-preview:-1\" \/>\n<link rel=\"canonical\" href=\"https:\/\/anderskafka.cz\/eshop\/produkt\/guaa-ph-minus-pripravek-na-snizeni-ph-vody-14-28-kg\/\" \/>\n<meta property=\"og:locale\" content=\"cs_CZ\" \/>\n<meta property=\"og:type\" content=\"article\" \/>\n<meta property=\"og:title\" content=\"GUAa ph minus - p\u0159\u00edpravek na sn\u00ed\u017een\u00ed ph vody, 1,4\/2,8kg - Anders &amp; Kafka E-SHOP\" \/>\n<meta property=\"og:description\" content=\"P\u0159\u00edpravek pH MINUS slou\u017e\u00ed k \u00faprav\u011b hodnoty pH vody.  &nbsp;\" \/>\n<meta property=\"og:url\" content=\"https:\/\/anderskafka.cz\/eshop\/produkt\/guaa-ph-minus-pripravek-na-snizeni-ph-vody-14-28-kg\/\" \/>\n<meta property=\"og:site_name\" content=\"Anders &amp; Kafka E-SHOP\" \/>\n<meta property=\"article:modified_time\" content=\"2026-03-26T10:23:40+00:00\" \/>\n<meta name=\"twitter:card\" content=\"summary_large_image\" \/>\n<meta name=\"twitter:image\" content=\"https:\/\/anderskafka.cz\/eshop\/wp-content\/uploads\/sites\/3\/2026\/01\/GUAA_phminus14kg_AndersKafka.webp\" \/>\n<meta name=\"twitter:label1\" content=\"Odhadovan\u00e1 doba \u010dten\u00ed\" \/>\n\t<meta name=\"twitter:data1\" content=\"2 minuty\" \/>\n<script type=\"application\/ld+json\" class=\"yoast-schema-graph\">{\"@context\":\"https:\/\/schema.org\",\"@graph\":[{\"@type\":\"WebSite\",\"@id\":\"https:\/\/anderskafka.cz\/eshop\/#website\",\"url\":\"https:\/\/anderskafka.cz\/eshop\/\",\"name\":\"Anders &amp; Kafka E-SHOP\",\"description\":\"Anders &amp; Kafka E-SHOP\",\"potentialAction\":[{\"@type\":\"SearchAction\",\"target\":{\"@type\":\"EntryPoint\",\"urlTemplate\":\"https:\/\/anderskafka.cz\/eshop\/?s={search_term_string}\"},\"query-input\":\"required name=search_term_string\"}],\"inLanguage\":\"cs\"},{\"@type\":\"ImageObject\",\"@id\":\"https:\/\/anderskafka.cz\/eshop\/produkt\/guaa-ph-minus-pripravek-na-snizeni-ph-vody-14-28-kg\/#primaryimage\",\"inLanguage\":\"cs\",\"url\":\"https:\/\/anderskafka.cz\/eshop\/wp-content\/uploads\/sites\/3\/2026\/01\/GUAA_phminus14kg_AndersKafka.webp\",\"contentUrl\":\"https:\/\/anderskafka.cz\/eshop\/wp-content\/uploads\/sites\/3\/2026\/01\/GUAA_phminus14kg_AndersKafka.webp\",\"width\":1500,\"height\":1500},{\"@type\":\"WebPage\",\"@id\":\"https:\/\/anderskafka.cz\/eshop\/produkt\/guaa-ph-minus-pripravek-na-snizeni-ph-vody-14-28-kg\/#webpage\",\"url\":\"https:\/\/anderskafka.cz\/eshop\/produkt\/guaa-ph-minus-pripravek-na-snizeni-ph-vody-14-28-kg\/\",\"name\":\"GUAa ph minus - p\u0159\u00edpravek na sn\u00ed\u017een\u00ed ph vody, 1,4\/2,8kg - Anders &amp; Kafka E-SHOP\",\"isPartOf\":{\"@id\":\"https:\/\/anderskafka.cz\/eshop\/#website\"},\"primaryImageOfPage\":{\"@id\":\"https:\/\/anderskafka.cz\/eshop\/produkt\/guaa-ph-minus-pripravek-na-snizeni-ph-vody-14-28-kg\/#primaryimage\"},\"datePublished\":\"2026-01-12T11:18:43+00:00\",\"dateModified\":\"2026-03-26T10:23:40+00:00\",\"description\":\"P\u0159\u00edpravek pH MINUS slou\u017e\u00ed k \u00faprav\u011b hodnoty pH vody. &nbsp;\",\"breadcrumb\":{\"@id\":\"https:\/\/anderskafka.cz\/eshop\/produkt\/guaa-ph-minus-pripravek-na-snizeni-ph-vody-14-28-kg\/#breadcrumb\"},\"inLanguage\":\"cs\",\"potentialAction\":[{\"@type\":\"ReadAction\",\"target\":[\"https:\/\/anderskafka.cz\/eshop\/produkt\/guaa-ph-minus-pripravek-na-snizeni-ph-vody-14-28-kg\/\"]}]},{\"@type\":\"BreadcrumbList\",\"@id\":\"https:\/\/anderskafka.cz\/eshop\/produkt\/guaa-ph-minus-pripravek-na-snizeni-ph-vody-14-28-kg\/#breadcrumb\",\"itemListElement\":[{\"@type\":\"ListItem\",\"position\":1,\"name\":\"Obchod\",\"item\":\"https:\/\/anderskafka.cz\/eshop\/obchod\/\"},{\"@type\":\"ListItem\",\"position\":2,\"name\":\"GUAa ph minus &#8211; p\u0159\u00edpravek na sn\u00ed\u017een\u00ed ph vody, 1,4\/2,8kg\"}]}]}<\/script>\n<!-- \/ Yoast SEO plugin. -->","yoast_head_json":{"title":"GUAa ph minus - p\u0159\u00edpravek na sn\u00ed\u017een\u00ed ph vody, 1,4\/2,8kg - Anders &amp; Kafka E-SHOP","description":"P\u0159\u00edpravek pH MINUS slou\u017e\u00ed k \u00faprav\u011b hodnoty pH vody.  &nbsp;","robots":{"index":"index","follow":"follow","max-snippet":"max-snippet:-1","max-image-preview":"max-image-preview:large","max-video-preview":"max-video-preview:-1"},"canonical":"https:\/\/anderskafka.cz\/eshop\/produkt\/guaa-ph-minus-pripravek-na-snizeni-ph-vody-14-28-kg\/","og_locale":"cs_CZ","og_type":"article","og_title":"GUAa ph minus - p\u0159\u00edpravek na sn\u00ed\u017een\u00ed ph vody, 1,4\/2,8kg - Anders &amp; Kafka E-SHOP","og_description":"P\u0159\u00edpravek pH MINUS slou\u017e\u00ed k \u00faprav\u011b hodnoty pH vody.  &nbsp;","og_url":"https:\/\/anderskafka.cz\/eshop\/produkt\/guaa-ph-minus-pripravek-na-snizeni-ph-vody-14-28-kg\/","og_site_name":"Anders &amp; Kafka E-SHOP","article_modified_time":"2026-03-26T10:23:40+00:00","twitter_card":"summary_large_image","twitter_image":"https:\/\/anderskafka.cz\/eshop\/wp-content\/uploads\/sites\/3\/2026\/01\/GUAA_phminus14kg_AndersKafka.webp","twitter_misc":{"Odhadovan\u00e1 doba \u010dten\u00ed":"2 minuty"},"schema":{"@context":"https:\/\/schema.org","@graph":[{"@type":"WebSite","@id":"https:\/\/anderskafka.cz\/eshop\/#website","url":"https:\/\/anderskafka.cz\/eshop\/","name":"Anders &amp; Kafka E-SHOP","description":"Anders &amp; Kafka E-SHOP","potentialAction":[{"@type":"SearchAction","target":{"@type":"EntryPoint","urlTemplate":"https:\/\/anderskafka.cz\/eshop\/?s={search_term_string}"},"query-input":"required name=search_term_string"}],"inLanguage":"cs"},{"@type":"ImageObject","@id":"https:\/\/anderskafka.cz\/eshop\/produkt\/guaa-ph-minus-pripravek-na-snizeni-ph-vody-14-28-kg\/#primaryimage","inLanguage":"cs","url":"https:\/\/anderskafka.cz\/eshop\/wp-content\/uploads\/sites\/3\/2026\/01\/GUAA_phminus14kg_AndersKafka.webp","contentUrl":"https:\/\/anderskafka.cz\/eshop\/wp-content\/uploads\/sites\/3\/2026\/01\/GUAA_phminus14kg_AndersKafka.webp","width":1500,"height":1500},{"@type":"WebPage","@id":"https:\/\/anderskafka.cz\/eshop\/produkt\/guaa-ph-minus-pripravek-na-snizeni-ph-vody-14-28-kg\/#webpage","url":"https:\/\/anderskafka.cz\/eshop\/produkt\/guaa-ph-minus-pripravek-na-snizeni-ph-vody-14-28-kg\/","name":"GUAa ph minus - p\u0159\u00edpravek na sn\u00ed\u017een\u00ed ph vody, 1,4\/2,8kg - Anders &amp; Kafka E-SHOP","isPartOf":{"@id":"https:\/\/anderskafka.cz\/eshop\/#website"},"primaryImageOfPage":{"@id":"https:\/\/anderskafka.cz\/eshop\/produkt\/guaa-ph-minus-pripravek-na-snizeni-ph-vody-14-28-kg\/#primaryimage"},"datePublished":"2026-01-12T11:18:43+00:00","dateModified":"2026-03-26T10:23:40+00:00","description":"P\u0159\u00edpravek pH MINUS slou\u017e\u00ed k \u00faprav\u011b hodnoty pH vody. &nbsp;","breadcrumb":{"@id":"https:\/\/anderskafka.cz\/eshop\/produkt\/guaa-ph-minus-pripravek-na-snizeni-ph-vody-14-28-kg\/#breadcrumb"},"inLanguage":"cs","potentialAction":[{"@type":"ReadAction","target":["https:\/\/anderskafka.cz\/eshop\/produkt\/guaa-ph-minus-pripravek-na-snizeni-ph-vody-14-28-kg\/"]}]},{"@type":"BreadcrumbList","@id":"https:\/\/anderskafka.cz\/eshop\/produkt\/guaa-ph-minus-pripravek-na-snizeni-ph-vody-14-28-kg\/#breadcrumb","itemListElement":[{"@type":"ListItem","position":1,"name":"Obchod","item":"https:\/\/anderskafka.cz\/eshop\/obchod\/"},{"@type":"ListItem","position":2,"name":"GUAa ph minus &#8211; p\u0159\u00edpravek na sn\u00ed\u017een\u00ed ph vody, 1,4\/2,8kg"}]}]}},"locations":[],"_links":{"self":[{"href":"https:\/\/anderskafka.cz\/eshop\/wp-json\/wp\/v2\/product\/14128"}],"collection":[{"href":"https:\/\/anderskafka.cz\/eshop\/wp-json\/wp\/v2\/product"}],"about":[{"href":"https:\/\/anderskafka.cz\/eshop\/wp-json\/wp\/v2\/types\/product"}],"replies":[{"embeddable":true,"href":"https:\/\/anderskafka.cz\/eshop\/wp-json\/wp\/v2\/comments?post=14128"}],"wp:featuredmedia":[{"embeddable":true,"href":"https:\/\/anderskafka.cz\/eshop\/wp-json\/wp\/v2\/media\/14131"}],"wp:attachment":[{"href":"https:\/\/anderskafka.cz\/eshop\/wp-json\/wp\/v2\/media?parent=14128"}],"wp:term":[{"taxonomy":"location","embeddable":true,"href":"https:\/\/anderskafka.cz\/eshop\/wp-json\/wp\/v2\/location?post=14128"},{"taxonomy":"product_cat","embeddable":true,"href":"https:\/\/anderskafka.cz\/eshop\/wp-json\/wp\/v2\/product_cat?post=14128"},{"taxonomy":"product_tag","embeddable":true,"href":"https:\/\/anderskafka.cz\/eshop\/wp-json\/wp\/v2\/product_tag?post=14128"}],"curies":[{"name":"wp","href":"https:\/\/api.w.org\/{rel}","templated":true}]}}