{"id":15425,"date":"2026-04-16T11:01:27","date_gmt":"2026-04-16T09:01:27","guid":{"rendered":"https:\/\/anderskafka.cz\/eshop\/?post_type=product&#038;p=15425"},"modified":"2026-04-16T15:00:13","modified_gmt":"2026-04-16T13:00:13","slug":"skerjanc-wellnes-lehatko-pacific-tt","status":"publish","type":"product","link":"https:\/\/anderskafka.cz\/eshop\/produkt\/skerjanc-wellnes-lehatko-pacific-tt\/","title":{"rendered":"\u0160KERJANC wellnes leh\u00e1tko pacific tt"},"content":{"rendered":"<p>Wellnes leh\u00e1tko je perfektn\u00edm dopl\u0148kem nejen ka\u017ed\u00e9 venkovn\u00ed sauny, z\u00fatuln\u00edte si tak\u00e9 okol\u00ed baz\u00e9nu \u010di v\u00ed\u0159ivky.<\/p>\n<p>Kr\u00e1sn\u00e9 elegantn\u00ed wellnes leh\u00e1tko v odst\u00ednu b\u00e9\u017eov\u00e9 barvy. R\u00e1m leh\u00e1tka je z prysky\u0159ice vyztu\u017een\u00e9 skeln\u00fdm vl\u00e1knem, potah z prody\u0161n\u00e9 l\u00e1tky. Dopln\u011bno protiskluzov\u00fdmi no\u017ekami a praktick\u00fdmi mal\u00fdmi kole\u010dky pro snadn\u011bj\u0161\u00ed manipulaci.<br \/>\nLeh\u00e1tko je dlouh\u00e9 193 cm a \u0161irok\u00e9 68 cm. Op\u011bradlo je nastaviteln\u00e9 do 5 poloh.<\/p>\n<p>Doporu\u010dujeme p\u0159ikoupit praktick\u00fd stole\u010dek ve stejn\u00e9m designu.<\/p>\n<p>&nbsp;<\/p>\n","protected":false},"excerpt":{"rendered":"<p>Kr\u00e1sn\u00e9 elegantn\u00ed wellnes leh\u00e1tko v odst\u00ednu b\u00e9\u017eov\u00e9 barvy s nastaviteln\u00fdm op\u011bradlem do 5 poloh. Dopln\u011bno protiskluzov\u00fdmi no\u017ekami a praktick\u00fdmi mal\u00fdmi kole\u010dky pro snadn\u011bj\u0161\u00ed manipulaci.<\/p>\n<p>\u0160kerjanc, slovinsk\u00fd v\u00fdrobce n\u00e1bytku s rozmanitou nab\u00eddkou produkt\u016f vyroben\u00fdch z nejr\u016fzn\u011bj\u0161\u00edch materi\u00e1l\u016f.<br \/>\n<img loading=\"lazy\" class=\"alignnone size-medium wp-image-15426 aligncenter\" src=\"https:\/\/anderskafka.cz\/eshop\/wp-content\/uploads\/sites\/3\/2026\/04\/glavni_01_skerjanc_box_pozitiv_rgb-1024x460-1-300x135.png\" alt=\"\" width=\"300\" height=\"135\" srcset=\"https:\/\/anderskafka.cz\/eshop\/wp-content\/uploads\/sites\/3\/2026\/04\/glavni_01_skerjanc_box_pozitiv_rgb-1024x460-1-300x135.png 300w, https:\/\/anderskafka.cz\/eshop\/wp-content\/uploads\/sites\/3\/2026\/04\/glavni_01_skerjanc_box_pozitiv_rgb-1024x460-1-768x345.png 768w, https:\/\/anderskafka.cz\/eshop\/wp-content\/uploads\/sites\/3\/2026\/04\/glavni_01_skerjanc_box_pozitiv_rgb-1024x460-1-700x314.png 700w, https:\/\/anderskafka.cz\/eshop\/wp-content\/uploads\/sites\/3\/2026\/04\/glavni_01_skerjanc_box_pozitiv_rgb-1024x460-1-64x29.png 64w, https:\/\/anderskafka.cz\/eshop\/wp-content\/uploads\/sites\/3\/2026\/04\/glavni_01_skerjanc_box_pozitiv_rgb-1024x460-1.png 1024w\" sizes=\"(max-width: 300px) 100vw, 300px\" \/><\/p>\n","protected":false},"featured_media":15427,"comment_status":"open","ping_status":"closed","template":"","meta":{"site-sidebar-layout":"default","site-content-layout":"default","ast-main-header-display":"","ast-hfb-above-header-display":"","ast-hfb-below-header-display":"","ast-hfb-mobile-header-display":"","site-post-title":"","ast-breadcrumbs-content":"","ast-featured-img":"","footer-sml-layout":"","theme-transparent-header-meta":"","adv-header-id-meta":"","stick-header-meta":"","header-above-stick-meta":"","header-main-stick-meta":"","header-below-stick-meta":""},"location":[],"product_cat":[1133,901,1335,411],"product_tag":[1628],"yoast_head":"<!-- This site is optimized with the Yoast SEO plugin v18.5.1 - https:\/\/yoast.com\/wordpress\/plugins\/seo\/ -->\n<title>\u0160KERJANC wellnes leh\u00e1tko pacific tt - Anders &amp; Kafka E-SHOP<\/title>\n<meta name=\"description\" content=\"Kr\u00e1sn\u00e9 elegantn\u00ed wellnes leh\u00e1tko v odst\u00ednu b\u00e9\u017eov\u00e9 barvy s nastaviteln\u00fdm op\u011bradlem do 5 poloh. Dopln\u011bno protiskluzov\u00fdmi no\u017ekami a praktick\u00fdmi mal\u00fdmi kole\u010dky pro snadn\u011bj\u0161\u00ed manipulaci.  \u0160kerjanc, slovinsk\u00fd v\u00fdrobce n\u00e1bytku s rozmanitou nab\u00eddkou produkt\u016f vyroben\u00fdch z nejr\u016fzn\u011bj\u0161\u00edch materi\u00e1l\u016f.\" \/>\n<meta name=\"robots\" content=\"index, follow, max-snippet:-1, max-image-preview:large, max-video-preview:-1\" \/>\n<link rel=\"canonical\" href=\"https:\/\/anderskafka.cz\/eshop\/produkt\/skerjanc-wellnes-lehatko-pacific-tt\/\" \/>\n<meta property=\"og:locale\" content=\"cs_CZ\" \/>\n<meta property=\"og:type\" content=\"article\" \/>\n<meta property=\"og:title\" content=\"\u0160KERJANC wellnes leh\u00e1tko pacific tt - Anders &amp; Kafka E-SHOP\" \/>\n<meta property=\"og:description\" content=\"Kr\u00e1sn\u00e9 elegantn\u00ed wellnes leh\u00e1tko v odst\u00ednu b\u00e9\u017eov\u00e9 barvy s nastaviteln\u00fdm op\u011bradlem do 5 poloh. Dopln\u011bno protiskluzov\u00fdmi no\u017ekami a praktick\u00fdmi mal\u00fdmi kole\u010dky pro snadn\u011bj\u0161\u00ed manipulaci.  \u0160kerjanc, slovinsk\u00fd v\u00fdrobce n\u00e1bytku s rozmanitou nab\u00eddkou produkt\u016f vyroben\u00fdch z nejr\u016fzn\u011bj\u0161\u00edch materi\u00e1l\u016f.\" \/>\n<meta property=\"og:url\" content=\"https:\/\/anderskafka.cz\/eshop\/produkt\/skerjanc-wellnes-lehatko-pacific-tt\/\" \/>\n<meta property=\"og:site_name\" content=\"Anders &amp; Kafka E-SHOP\" \/>\n<meta property=\"article:modified_time\" content=\"2026-04-16T13:00:13+00:00\" \/>\n<meta name=\"twitter:card\" content=\"summary_large_image\" \/>\n<meta name=\"twitter:image\" content=\"https:\/\/anderskafka.cz\/eshop\/wp-content\/uploads\/sites\/3\/2026\/04\/SKERJANC_lehatkoPacific1_AndersKafka.webp\" \/>\n<meta name=\"twitter:label1\" content=\"Odhadovan\u00e1 doba \u010dten\u00ed\" \/>\n\t<meta name=\"twitter:data1\" content=\"1 minuta\" \/>\n<script type=\"application\/ld+json\" class=\"yoast-schema-graph\">{\"@context\":\"https:\/\/schema.org\",\"@graph\":[{\"@type\":\"WebSite\",\"@id\":\"https:\/\/anderskafka.cz\/eshop\/#website\",\"url\":\"https:\/\/anderskafka.cz\/eshop\/\",\"name\":\"Anders &amp; Kafka E-SHOP\",\"description\":\"Anders &amp; Kafka E-SHOP\",\"potentialAction\":[{\"@type\":\"SearchAction\",\"target\":{\"@type\":\"EntryPoint\",\"urlTemplate\":\"https:\/\/anderskafka.cz\/eshop\/?s={search_term_string}\"},\"query-input\":\"required name=search_term_string\"}],\"inLanguage\":\"cs\"},{\"@type\":\"ImageObject\",\"@id\":\"https:\/\/anderskafka.cz\/eshop\/produkt\/skerjanc-wellnes-lehatko-pacific-tt\/#primaryimage\",\"inLanguage\":\"cs\",\"url\":\"https:\/\/anderskafka.cz\/eshop\/wp-content\/uploads\/sites\/3\/2026\/04\/SKERJANC_lehatkoPacific1_AndersKafka.webp\",\"contentUrl\":\"https:\/\/anderskafka.cz\/eshop\/wp-content\/uploads\/sites\/3\/2026\/04\/SKERJANC_lehatkoPacific1_AndersKafka.webp\",\"width\":1500,\"height\":1500},{\"@type\":\"WebPage\",\"@id\":\"https:\/\/anderskafka.cz\/eshop\/produkt\/skerjanc-wellnes-lehatko-pacific-tt\/#webpage\",\"url\":\"https:\/\/anderskafka.cz\/eshop\/produkt\/skerjanc-wellnes-lehatko-pacific-tt\/\",\"name\":\"\u0160KERJANC wellnes leh\u00e1tko pacific tt - Anders &amp; Kafka E-SHOP\",\"isPartOf\":{\"@id\":\"https:\/\/anderskafka.cz\/eshop\/#website\"},\"primaryImageOfPage\":{\"@id\":\"https:\/\/anderskafka.cz\/eshop\/produkt\/skerjanc-wellnes-lehatko-pacific-tt\/#primaryimage\"},\"datePublished\":\"2026-04-16T09:01:27+00:00\",\"dateModified\":\"2026-04-16T13:00:13+00:00\",\"description\":\"Kr\u00e1sn\u00e9 elegantn\u00ed wellnes leh\u00e1tko v odst\u00ednu b\u00e9\u017eov\u00e9 barvy s nastaviteln\u00fdm op\u011bradlem do 5 poloh. Dopln\u011bno protiskluzov\u00fdmi no\u017ekami a praktick\u00fdmi mal\u00fdmi kole\u010dky pro snadn\u011bj\u0161\u00ed manipulaci. \u0160kerjanc, slovinsk\u00fd v\u00fdrobce n\u00e1bytku s rozmanitou nab\u00eddkou produkt\u016f vyroben\u00fdch z nejr\u016fzn\u011bj\u0161\u00edch materi\u00e1l\u016f.\",\"breadcrumb\":{\"@id\":\"https:\/\/anderskafka.cz\/eshop\/produkt\/skerjanc-wellnes-lehatko-pacific-tt\/#breadcrumb\"},\"inLanguage\":\"cs\",\"potentialAction\":[{\"@type\":\"ReadAction\",\"target\":[\"https:\/\/anderskafka.cz\/eshop\/produkt\/skerjanc-wellnes-lehatko-pacific-tt\/\"]}]},{\"@type\":\"BreadcrumbList\",\"@id\":\"https:\/\/anderskafka.cz\/eshop\/produkt\/skerjanc-wellnes-lehatko-pacific-tt\/#breadcrumb\",\"itemListElement\":[{\"@type\":\"ListItem\",\"position\":1,\"name\":\"Obchod\",\"item\":\"https:\/\/anderskafka.cz\/eshop\/obchod\/\"},{\"@type\":\"ListItem\",\"position\":2,\"name\":\"\u0160KERJANC wellnes leh\u00e1tko pacific tt\"}]}]}<\/script>\n<!-- \/ Yoast SEO plugin. -->","yoast_head_json":{"title":"\u0160KERJANC wellnes leh\u00e1tko pacific tt - Anders &amp; Kafka E-SHOP","description":"Kr\u00e1sn\u00e9 elegantn\u00ed wellnes leh\u00e1tko v odst\u00ednu b\u00e9\u017eov\u00e9 barvy s nastaviteln\u00fdm op\u011bradlem do 5 poloh. Dopln\u011bno protiskluzov\u00fdmi no\u017ekami a praktick\u00fdmi mal\u00fdmi kole\u010dky pro snadn\u011bj\u0161\u00ed manipulaci.  \u0160kerjanc, slovinsk\u00fd v\u00fdrobce n\u00e1bytku s rozmanitou nab\u00eddkou produkt\u016f vyroben\u00fdch z nejr\u016fzn\u011bj\u0161\u00edch materi\u00e1l\u016f.","robots":{"index":"index","follow":"follow","max-snippet":"max-snippet:-1","max-image-preview":"max-image-preview:large","max-video-preview":"max-video-preview:-1"},"canonical":"https:\/\/anderskafka.cz\/eshop\/produkt\/skerjanc-wellnes-lehatko-pacific-tt\/","og_locale":"cs_CZ","og_type":"article","og_title":"\u0160KERJANC wellnes leh\u00e1tko pacific tt - Anders &amp; Kafka E-SHOP","og_description":"Kr\u00e1sn\u00e9 elegantn\u00ed wellnes leh\u00e1tko v odst\u00ednu b\u00e9\u017eov\u00e9 barvy s nastaviteln\u00fdm op\u011bradlem do 5 poloh. Dopln\u011bno protiskluzov\u00fdmi no\u017ekami a praktick\u00fdmi mal\u00fdmi kole\u010dky pro snadn\u011bj\u0161\u00ed manipulaci.  \u0160kerjanc, slovinsk\u00fd v\u00fdrobce n\u00e1bytku s rozmanitou nab\u00eddkou produkt\u016f vyroben\u00fdch z nejr\u016fzn\u011bj\u0161\u00edch materi\u00e1l\u016f.","og_url":"https:\/\/anderskafka.cz\/eshop\/produkt\/skerjanc-wellnes-lehatko-pacific-tt\/","og_site_name":"Anders &amp; Kafka E-SHOP","article_modified_time":"2026-04-16T13:00:13+00:00","twitter_card":"summary_large_image","twitter_image":"https:\/\/anderskafka.cz\/eshop\/wp-content\/uploads\/sites\/3\/2026\/04\/SKERJANC_lehatkoPacific1_AndersKafka.webp","twitter_misc":{"Odhadovan\u00e1 doba \u010dten\u00ed":"1 minuta"},"schema":{"@context":"https:\/\/schema.org","@graph":[{"@type":"WebSite","@id":"https:\/\/anderskafka.cz\/eshop\/#website","url":"https:\/\/anderskafka.cz\/eshop\/","name":"Anders &amp; Kafka E-SHOP","description":"Anders &amp; Kafka E-SHOP","potentialAction":[{"@type":"SearchAction","target":{"@type":"EntryPoint","urlTemplate":"https:\/\/anderskafka.cz\/eshop\/?s={search_term_string}"},"query-input":"required name=search_term_string"}],"inLanguage":"cs"},{"@type":"ImageObject","@id":"https:\/\/anderskafka.cz\/eshop\/produkt\/skerjanc-wellnes-lehatko-pacific-tt\/#primaryimage","inLanguage":"cs","url":"https:\/\/anderskafka.cz\/eshop\/wp-content\/uploads\/sites\/3\/2026\/04\/SKERJANC_lehatkoPacific1_AndersKafka.webp","contentUrl":"https:\/\/anderskafka.cz\/eshop\/wp-content\/uploads\/sites\/3\/2026\/04\/SKERJANC_lehatkoPacific1_AndersKafka.webp","width":1500,"height":1500},{"@type":"WebPage","@id":"https:\/\/anderskafka.cz\/eshop\/produkt\/skerjanc-wellnes-lehatko-pacific-tt\/#webpage","url":"https:\/\/anderskafka.cz\/eshop\/produkt\/skerjanc-wellnes-lehatko-pacific-tt\/","name":"\u0160KERJANC wellnes leh\u00e1tko pacific tt - Anders &amp; Kafka E-SHOP","isPartOf":{"@id":"https:\/\/anderskafka.cz\/eshop\/#website"},"primaryImageOfPage":{"@id":"https:\/\/anderskafka.cz\/eshop\/produkt\/skerjanc-wellnes-lehatko-pacific-tt\/#primaryimage"},"datePublished":"2026-04-16T09:01:27+00:00","dateModified":"2026-04-16T13:00:13+00:00","description":"Kr\u00e1sn\u00e9 elegantn\u00ed wellnes leh\u00e1tko v odst\u00ednu b\u00e9\u017eov\u00e9 barvy s nastaviteln\u00fdm op\u011bradlem do 5 poloh. Dopln\u011bno protiskluzov\u00fdmi no\u017ekami a praktick\u00fdmi mal\u00fdmi kole\u010dky pro snadn\u011bj\u0161\u00ed manipulaci. \u0160kerjanc, slovinsk\u00fd v\u00fdrobce n\u00e1bytku s rozmanitou nab\u00eddkou produkt\u016f vyroben\u00fdch z nejr\u016fzn\u011bj\u0161\u00edch materi\u00e1l\u016f.","breadcrumb":{"@id":"https:\/\/anderskafka.cz\/eshop\/produkt\/skerjanc-wellnes-lehatko-pacific-tt\/#breadcrumb"},"inLanguage":"cs","potentialAction":[{"@type":"ReadAction","target":["https:\/\/anderskafka.cz\/eshop\/produkt\/skerjanc-wellnes-lehatko-pacific-tt\/"]}]},{"@type":"BreadcrumbList","@id":"https:\/\/anderskafka.cz\/eshop\/produkt\/skerjanc-wellnes-lehatko-pacific-tt\/#breadcrumb","itemListElement":[{"@type":"ListItem","position":1,"name":"Obchod","item":"https:\/\/anderskafka.cz\/eshop\/obchod\/"},{"@type":"ListItem","position":2,"name":"\u0160KERJANC wellnes leh\u00e1tko pacific tt"}]}]}},"locations":[],"_links":{"self":[{"href":"https:\/\/anderskafka.cz\/eshop\/wp-json\/wp\/v2\/product\/15425"}],"collection":[{"href":"https:\/\/anderskafka.cz\/eshop\/wp-json\/wp\/v2\/product"}],"about":[{"href":"https:\/\/anderskafka.cz\/eshop\/wp-json\/wp\/v2\/types\/product"}],"replies":[{"embeddable":true,"href":"https:\/\/anderskafka.cz\/eshop\/wp-json\/wp\/v2\/comments?post=15425"}],"wp:featuredmedia":[{"embeddable":true,"href":"https:\/\/anderskafka.cz\/eshop\/wp-json\/wp\/v2\/media\/15427"}],"wp:attachment":[{"href":"https:\/\/anderskafka.cz\/eshop\/wp-json\/wp\/v2\/media?parent=15425"}],"wp:term":[{"taxonomy":"location","embeddable":true,"href":"https:\/\/anderskafka.cz\/eshop\/wp-json\/wp\/v2\/location?post=15425"},{"taxonomy":"product_cat","embeddable":true,"href":"https:\/\/anderskafka.cz\/eshop\/wp-json\/wp\/v2\/product_cat?post=15425"},{"taxonomy":"product_tag","embeddable":true,"href":"https:\/\/anderskafka.cz\/eshop\/wp-json\/wp\/v2\/product_tag?post=15425"}],"curies":[{"name":"wp","href":"https:\/\/api.w.org\/{rel}","templated":true}]}}