{"id":1715,"date":"2023-02-03T12:23:16","date_gmt":"2023-02-03T11:23:16","guid":{"rendered":"https:\/\/anderskafka.cz\/eshop\/?post_type=product&#038;p=1715"},"modified":"2025-12-22T18:41:31","modified_gmt":"2025-12-22T17:41:31","slug":"veba-kvalitni-funkcni-osuska-prowell-bila","status":"publish","type":"product","link":"https:\/\/anderskafka.cz\/eshop\/produkt\/veba-kvalitni-funkcni-osuska-prowell-bila\/","title":{"rendered":"VEBA kvalitn\u00ed funk\u010dn\u00ed ru\u010dn\u00edk \/ osu\u0161ka prowell b\u00edl\u00e9"},"content":{"rendered":"<p>Ru\u010dn\u00edky \/ osu\u0161ky PROWELL doporu\u010dujeme v\u0161ude tam, kde \u010dlov\u011bk p\u0159ich\u00e1z\u00ed do styku s vodou, chce se osu\u0161it a p\u0159itom si zachovat p\u0159\u00edjemn\u00fd pocit sucha a tepla. V\u00fdrobky PROWELL jsou vhodn\u00e9 k baz\u00e9nu, do sauny i wellnes a jist\u011b p\u0159isp\u011bj\u00ed i k dobr\u00e9 pohod\u011b doma po ka\u017edodenn\u00ed koupeli.<br \/>\nP\u0159i p\u00e9\u010di o ru\u010dn\u00edk \/ osu\u0161ku se \u0159i\u010fte o\u0161et\u0159ovac\u00edmi symboly uveden\u00fdmi na v\u00fdrobku.<\/p>\n","protected":false},"excerpt":{"rendered":"<p>Funk\u010dn\u00ed frot\u00e9 ru\u010dn\u00edky \/ osu\u0161ky PROWELL doporu\u010dujeme v\u0161ude tam, kde \u010dlov\u011bk p\u0159ich\u00e1z\u00ed do styku s vodou, chce se osu\u0161it a p\u0159itom si zachovat p\u0159\u00edjemn\u00fd pocit sucha a tepla.<br \/>\nVyrobeno v \u010cech\u00e1ch spole\u010dnost\u00ed Veba s tradic\u00ed v\u00fdroby kvalitn\u00edch textili\u00ed od roku 1856.<img loading=\"lazy\" class=\"size-full wp-image-1674 aligncenter\" src=\"https:\/\/anderskafka.cz\/eshop\/wp-content\/uploads\/sites\/3\/2023\/02\/01-veba-tradicni-cesky-vyrobce.png\" alt=\"\" width=\"200\" height=\"200\" srcset=\"https:\/\/anderskafka.cz\/eshop\/wp-content\/uploads\/sites\/3\/2023\/02\/01-veba-tradicni-cesky-vyrobce.png 200w, https:\/\/anderskafka.cz\/eshop\/wp-content\/uploads\/sites\/3\/2023\/02\/01-veba-tradicni-cesky-vyrobce-150x150.png 150w, https:\/\/anderskafka.cz\/eshop\/wp-content\/uploads\/sites\/3\/2023\/02\/01-veba-tradicni-cesky-vyrobce-100x100.png 100w, https:\/\/anderskafka.cz\/eshop\/wp-content\/uploads\/sites\/3\/2023\/02\/01-veba-tradicni-cesky-vyrobce-64x64.png 64w\" sizes=\"(max-width: 200px) 100vw, 200px\" \/><\/p>\n","protected":false},"featured_media":1668,"comment_status":"open","ping_status":"closed","template":"","meta":{"site-sidebar-layout":"default","site-content-layout":"default","ast-main-header-display":"","ast-hfb-above-header-display":"","ast-hfb-below-header-display":"","ast-hfb-mobile-header-display":"","site-post-title":"","ast-breadcrumbs-content":"","ast-featured-img":"","footer-sml-layout":"","theme-transparent-header-meta":"","adv-header-id-meta":"","stick-header-meta":"","header-above-stick-meta":"","header-main-stick-meta":"","header-below-stick-meta":""},"location":[],"product_cat":[1493,30],"product_tag":[519],"yoast_head":"<!-- This site is optimized with the Yoast SEO plugin v18.5.1 - https:\/\/yoast.com\/wordpress\/plugins\/seo\/ -->\n<title>VEBA kvalitn\u00ed funk\u010dn\u00ed ru\u010dn\u00edk \/ osu\u0161ka prowell b\u00edl\u00e9 - Anders &amp; Kafka E-SHOP<\/title>\n<meta name=\"description\" content=\"Funk\u010dn\u00ed frot\u00e9 ru\u010dn\u00edky \/ osu\u0161ky PROWELL doporu\u010dujeme v\u0161ude tam, kde \u010dlov\u011bk p\u0159ich\u00e1z\u00ed do styku s vodou, chce se osu\u0161it a p\u0159itom si zachovat p\u0159\u00edjemn\u00fd pocit sucha a tepla. Vyrobeno v \u010cech\u00e1ch spole\u010dnost\u00ed Veba s tradic\u00ed v\u00fdroby kvalitn\u00edch textili\u00ed od roku 1856.\" \/>\n<meta name=\"robots\" content=\"index, follow, max-snippet:-1, max-image-preview:large, max-video-preview:-1\" \/>\n<link rel=\"canonical\" href=\"https:\/\/anderskafka.cz\/eshop\/produkt\/veba-kvalitni-funkcni-osuska-prowell-bila\/\" \/>\n<meta property=\"og:locale\" content=\"cs_CZ\" \/>\n<meta property=\"og:type\" content=\"article\" \/>\n<meta property=\"og:title\" content=\"VEBA kvalitn\u00ed funk\u010dn\u00ed ru\u010dn\u00edk \/ osu\u0161ka prowell b\u00edl\u00e9 - Anders &amp; Kafka E-SHOP\" \/>\n<meta property=\"og:description\" content=\"Funk\u010dn\u00ed frot\u00e9 ru\u010dn\u00edky \/ osu\u0161ky PROWELL doporu\u010dujeme v\u0161ude tam, kde \u010dlov\u011bk p\u0159ich\u00e1z\u00ed do styku s vodou, chce se osu\u0161it a p\u0159itom si zachovat p\u0159\u00edjemn\u00fd pocit sucha a tepla. Vyrobeno v \u010cech\u00e1ch spole\u010dnost\u00ed Veba s tradic\u00ed v\u00fdroby kvalitn\u00edch textili\u00ed od roku 1856.\" \/>\n<meta property=\"og:url\" content=\"https:\/\/anderskafka.cz\/eshop\/produkt\/veba-kvalitni-funkcni-osuska-prowell-bila\/\" \/>\n<meta property=\"og:site_name\" content=\"Anders &amp; Kafka E-SHOP\" \/>\n<meta property=\"article:modified_time\" content=\"2025-12-22T17:41:31+00:00\" \/>\n<meta property=\"og:image\" content=\"https:\/\/anderskafka.cz\/eshop\/wp-content\/uploads\/sites\/3\/2023\/02\/VEBA-OSUSKA-PROWELL-BILA-Velky.jpeg\" \/>\n\t<meta property=\"og:image:width\" content=\"1280\" \/>\n\t<meta property=\"og:image:height\" content=\"1280\" \/>\n\t<meta property=\"og:image:type\" content=\"image\/jpeg\" \/>\n<meta name=\"twitter:card\" content=\"summary_large_image\" \/>\n<meta name=\"twitter:label1\" content=\"Odhadovan\u00e1 doba \u010dten\u00ed\" \/>\n\t<meta name=\"twitter:data1\" content=\"1 minuta\" \/>\n<script type=\"application\/ld+json\" class=\"yoast-schema-graph\">{\"@context\":\"https:\/\/schema.org\",\"@graph\":[{\"@type\":\"WebSite\",\"@id\":\"https:\/\/anderskafka.cz\/eshop\/#website\",\"url\":\"https:\/\/anderskafka.cz\/eshop\/\",\"name\":\"Anders &amp; Kafka E-SHOP\",\"description\":\"Anders &amp; Kafka E-SHOP\",\"potentialAction\":[{\"@type\":\"SearchAction\",\"target\":{\"@type\":\"EntryPoint\",\"urlTemplate\":\"https:\/\/anderskafka.cz\/eshop\/?s={search_term_string}\"},\"query-input\":\"required name=search_term_string\"}],\"inLanguage\":\"cs\"},{\"@type\":\"ImageObject\",\"@id\":\"https:\/\/anderskafka.cz\/eshop\/produkt\/veba-kvalitni-funkcni-osuska-prowell-bila\/#primaryimage\",\"inLanguage\":\"cs\",\"url\":\"https:\/\/anderskafka.cz\/eshop\/wp-content\/uploads\/sites\/3\/2023\/02\/VEBA-OSUSKA-PROWELL-BILA-Velky.jpeg\",\"contentUrl\":\"https:\/\/anderskafka.cz\/eshop\/wp-content\/uploads\/sites\/3\/2023\/02\/VEBA-OSUSKA-PROWELL-BILA-Velky.jpeg\",\"width\":1280,\"height\":1280},{\"@type\":\"WebPage\",\"@id\":\"https:\/\/anderskafka.cz\/eshop\/produkt\/veba-kvalitni-funkcni-osuska-prowell-bila\/#webpage\",\"url\":\"https:\/\/anderskafka.cz\/eshop\/produkt\/veba-kvalitni-funkcni-osuska-prowell-bila\/\",\"name\":\"VEBA kvalitn\u00ed funk\u010dn\u00ed ru\u010dn\u00edk \/ osu\u0161ka prowell b\u00edl\u00e9 - Anders &amp; Kafka E-SHOP\",\"isPartOf\":{\"@id\":\"https:\/\/anderskafka.cz\/eshop\/#website\"},\"primaryImageOfPage\":{\"@id\":\"https:\/\/anderskafka.cz\/eshop\/produkt\/veba-kvalitni-funkcni-osuska-prowell-bila\/#primaryimage\"},\"datePublished\":\"2023-02-03T11:23:16+00:00\",\"dateModified\":\"2025-12-22T17:41:31+00:00\",\"description\":\"Funk\u010dn\u00ed frot\u00e9 ru\u010dn\u00edky \/ osu\u0161ky PROWELL doporu\u010dujeme v\u0161ude tam, kde \u010dlov\u011bk p\u0159ich\u00e1z\u00ed do styku s vodou, chce se osu\u0161it a p\u0159itom si zachovat p\u0159\u00edjemn\u00fd pocit sucha a tepla. Vyrobeno v \u010cech\u00e1ch spole\u010dnost\u00ed Veba s tradic\u00ed v\u00fdroby kvalitn\u00edch textili\u00ed od roku 1856.\",\"breadcrumb\":{\"@id\":\"https:\/\/anderskafka.cz\/eshop\/produkt\/veba-kvalitni-funkcni-osuska-prowell-bila\/#breadcrumb\"},\"inLanguage\":\"cs\",\"potentialAction\":[{\"@type\":\"ReadAction\",\"target\":[\"https:\/\/anderskafka.cz\/eshop\/produkt\/veba-kvalitni-funkcni-osuska-prowell-bila\/\"]}]},{\"@type\":\"BreadcrumbList\",\"@id\":\"https:\/\/anderskafka.cz\/eshop\/produkt\/veba-kvalitni-funkcni-osuska-prowell-bila\/#breadcrumb\",\"itemListElement\":[{\"@type\":\"ListItem\",\"position\":1,\"name\":\"Obchod\",\"item\":\"https:\/\/anderskafka.cz\/eshop\/obchod\/\"},{\"@type\":\"ListItem\",\"position\":2,\"name\":\"VEBA kvalitn\u00ed funk\u010dn\u00ed ru\u010dn\u00edk \/ osu\u0161ka prowell b\u00edl\u00e9\"}]}]}<\/script>\n<!-- \/ Yoast SEO plugin. -->","yoast_head_json":{"title":"VEBA kvalitn\u00ed funk\u010dn\u00ed ru\u010dn\u00edk \/ osu\u0161ka prowell b\u00edl\u00e9 - Anders &amp; Kafka E-SHOP","description":"Funk\u010dn\u00ed frot\u00e9 ru\u010dn\u00edky \/ osu\u0161ky PROWELL doporu\u010dujeme v\u0161ude tam, kde \u010dlov\u011bk p\u0159ich\u00e1z\u00ed do styku s vodou, chce se osu\u0161it a p\u0159itom si zachovat p\u0159\u00edjemn\u00fd pocit sucha a tepla. Vyrobeno v \u010cech\u00e1ch spole\u010dnost\u00ed Veba s tradic\u00ed v\u00fdroby kvalitn\u00edch textili\u00ed od roku 1856.","robots":{"index":"index","follow":"follow","max-snippet":"max-snippet:-1","max-image-preview":"max-image-preview:large","max-video-preview":"max-video-preview:-1"},"canonical":"https:\/\/anderskafka.cz\/eshop\/produkt\/veba-kvalitni-funkcni-osuska-prowell-bila\/","og_locale":"cs_CZ","og_type":"article","og_title":"VEBA kvalitn\u00ed funk\u010dn\u00ed ru\u010dn\u00edk \/ osu\u0161ka prowell b\u00edl\u00e9 - Anders &amp; Kafka E-SHOP","og_description":"Funk\u010dn\u00ed frot\u00e9 ru\u010dn\u00edky \/ osu\u0161ky PROWELL doporu\u010dujeme v\u0161ude tam, kde \u010dlov\u011bk p\u0159ich\u00e1z\u00ed do styku s vodou, chce se osu\u0161it a p\u0159itom si zachovat p\u0159\u00edjemn\u00fd pocit sucha a tepla. Vyrobeno v \u010cech\u00e1ch spole\u010dnost\u00ed Veba s tradic\u00ed v\u00fdroby kvalitn\u00edch textili\u00ed od roku 1856.","og_url":"https:\/\/anderskafka.cz\/eshop\/produkt\/veba-kvalitni-funkcni-osuska-prowell-bila\/","og_site_name":"Anders &amp; Kafka E-SHOP","article_modified_time":"2025-12-22T17:41:31+00:00","og_image":[{"width":1280,"height":1280,"url":"https:\/\/anderskafka.cz\/eshop\/wp-content\/uploads\/sites\/3\/2023\/02\/VEBA-OSUSKA-PROWELL-BILA-Velky.jpeg","type":"image\/jpeg"}],"twitter_card":"summary_large_image","twitter_misc":{"Odhadovan\u00e1 doba \u010dten\u00ed":"1 minuta"},"schema":{"@context":"https:\/\/schema.org","@graph":[{"@type":"WebSite","@id":"https:\/\/anderskafka.cz\/eshop\/#website","url":"https:\/\/anderskafka.cz\/eshop\/","name":"Anders &amp; Kafka E-SHOP","description":"Anders &amp; Kafka E-SHOP","potentialAction":[{"@type":"SearchAction","target":{"@type":"EntryPoint","urlTemplate":"https:\/\/anderskafka.cz\/eshop\/?s={search_term_string}"},"query-input":"required name=search_term_string"}],"inLanguage":"cs"},{"@type":"ImageObject","@id":"https:\/\/anderskafka.cz\/eshop\/produkt\/veba-kvalitni-funkcni-osuska-prowell-bila\/#primaryimage","inLanguage":"cs","url":"https:\/\/anderskafka.cz\/eshop\/wp-content\/uploads\/sites\/3\/2023\/02\/VEBA-OSUSKA-PROWELL-BILA-Velky.jpeg","contentUrl":"https:\/\/anderskafka.cz\/eshop\/wp-content\/uploads\/sites\/3\/2023\/02\/VEBA-OSUSKA-PROWELL-BILA-Velky.jpeg","width":1280,"height":1280},{"@type":"WebPage","@id":"https:\/\/anderskafka.cz\/eshop\/produkt\/veba-kvalitni-funkcni-osuska-prowell-bila\/#webpage","url":"https:\/\/anderskafka.cz\/eshop\/produkt\/veba-kvalitni-funkcni-osuska-prowell-bila\/","name":"VEBA kvalitn\u00ed funk\u010dn\u00ed ru\u010dn\u00edk \/ osu\u0161ka prowell b\u00edl\u00e9 - Anders &amp; Kafka E-SHOP","isPartOf":{"@id":"https:\/\/anderskafka.cz\/eshop\/#website"},"primaryImageOfPage":{"@id":"https:\/\/anderskafka.cz\/eshop\/produkt\/veba-kvalitni-funkcni-osuska-prowell-bila\/#primaryimage"},"datePublished":"2023-02-03T11:23:16+00:00","dateModified":"2025-12-22T17:41:31+00:00","description":"Funk\u010dn\u00ed frot\u00e9 ru\u010dn\u00edky \/ osu\u0161ky PROWELL doporu\u010dujeme v\u0161ude tam, kde \u010dlov\u011bk p\u0159ich\u00e1z\u00ed do styku s vodou, chce se osu\u0161it a p\u0159itom si zachovat p\u0159\u00edjemn\u00fd pocit sucha a tepla. Vyrobeno v \u010cech\u00e1ch spole\u010dnost\u00ed Veba s tradic\u00ed v\u00fdroby kvalitn\u00edch textili\u00ed od roku 1856.","breadcrumb":{"@id":"https:\/\/anderskafka.cz\/eshop\/produkt\/veba-kvalitni-funkcni-osuska-prowell-bila\/#breadcrumb"},"inLanguage":"cs","potentialAction":[{"@type":"ReadAction","target":["https:\/\/anderskafka.cz\/eshop\/produkt\/veba-kvalitni-funkcni-osuska-prowell-bila\/"]}]},{"@type":"BreadcrumbList","@id":"https:\/\/anderskafka.cz\/eshop\/produkt\/veba-kvalitni-funkcni-osuska-prowell-bila\/#breadcrumb","itemListElement":[{"@type":"ListItem","position":1,"name":"Obchod","item":"https:\/\/anderskafka.cz\/eshop\/obchod\/"},{"@type":"ListItem","position":2,"name":"VEBA kvalitn\u00ed funk\u010dn\u00ed ru\u010dn\u00edk \/ osu\u0161ka prowell b\u00edl\u00e9"}]}]}},"locations":[],"_links":{"self":[{"href":"https:\/\/anderskafka.cz\/eshop\/wp-json\/wp\/v2\/product\/1715"}],"collection":[{"href":"https:\/\/anderskafka.cz\/eshop\/wp-json\/wp\/v2\/product"}],"about":[{"href":"https:\/\/anderskafka.cz\/eshop\/wp-json\/wp\/v2\/types\/product"}],"replies":[{"embeddable":true,"href":"https:\/\/anderskafka.cz\/eshop\/wp-json\/wp\/v2\/comments?post=1715"}],"wp:featuredmedia":[{"embeddable":true,"href":"https:\/\/anderskafka.cz\/eshop\/wp-json\/wp\/v2\/media\/1668"}],"wp:attachment":[{"href":"https:\/\/anderskafka.cz\/eshop\/wp-json\/wp\/v2\/media?parent=1715"}],"wp:term":[{"taxonomy":"location","embeddable":true,"href":"https:\/\/anderskafka.cz\/eshop\/wp-json\/wp\/v2\/location?post=1715"},{"taxonomy":"product_cat","embeddable":true,"href":"https:\/\/anderskafka.cz\/eshop\/wp-json\/wp\/v2\/product_cat?post=1715"},{"taxonomy":"product_tag","embeddable":true,"href":"https:\/\/anderskafka.cz\/eshop\/wp-json\/wp\/v2\/product_tag?post=1715"}],"curies":[{"name":"wp","href":"https:\/\/api.w.org\/{rel}","templated":true}]}}