{"id":1731,"date":"2023-02-03T15:25:23","date_gmt":"2023-02-03T14:25:23","guid":{"rendered":"https:\/\/anderskafka.cz\/eshop\/?post_type=product&#038;p=1731"},"modified":"2026-04-22T07:53:50","modified_gmt":"2026-04-22T05:53:50","slug":"veba-kvalitni-frote-rucniky-ze-100-bavlny-bile","status":"publish","type":"product","link":"https:\/\/anderskafka.cz\/eshop\/produkt\/veba-kvalitni-frote-rucniky-ze-100-bavlny-bile\/","title":{"rendered":"VEBA kvalitn\u00ed frot\u00e9 ru\u010dn\u00edky \/ osu\u0161ky ze 100% bavlny b\u00edl\u00e9, 450 g\/m2"},"content":{"rendered":"<p>Kvalitn\u00ed frot\u00e9 ru\u010dn\u00edky v hladk\u00e9m proveden\u00ed. \u0160pi\u010dkov\u00e1 technologie na mokrou \u00fapravu frot\u00e9 dod\u00e1v\u00e1 t\u011bmto v\u00fdrobk\u016fm je\u0161t\u011b v\u011bt\u0161\u00ed jemnost a lep\u0161\u00ed savost.<br \/>\nP\u0159i p\u00e9\u010di o ru\u010dn\u00edk se \u0159i\u010fte o\u0161et\u0159ovac\u00edmi symboly uveden\u00fdmi na ru\u010dn\u00edku.<\/p>\n","protected":false},"excerpt":{"rendered":"<p>Kvalitn\u00ed frot\u00e9 ru\u010dn\u00edky v hladk\u00e9m proveden\u00ed.<br \/>\nVyrobeno v \u010cech\u00e1ch spole\u010dnost\u00ed Veba s tradic\u00ed v\u00fdroby kvalitn\u00edch textili\u00ed od roku 1856.<img loading=\"lazy\" class=\"size-full wp-image-1674 aligncenter\" src=\"https:\/\/anderskafka.cz\/eshop\/wp-content\/uploads\/sites\/3\/2023\/02\/01-veba-tradicni-cesky-vyrobce.png\" alt=\"\" width=\"200\" height=\"200\" srcset=\"https:\/\/anderskafka.cz\/eshop\/wp-content\/uploads\/sites\/3\/2023\/02\/01-veba-tradicni-cesky-vyrobce.png 200w, https:\/\/anderskafka.cz\/eshop\/wp-content\/uploads\/sites\/3\/2023\/02\/01-veba-tradicni-cesky-vyrobce-150x150.png 150w, https:\/\/anderskafka.cz\/eshop\/wp-content\/uploads\/sites\/3\/2023\/02\/01-veba-tradicni-cesky-vyrobce-100x100.png 100w, https:\/\/anderskafka.cz\/eshop\/wp-content\/uploads\/sites\/3\/2023\/02\/01-veba-tradicni-cesky-vyrobce-64x64.png 64w\" sizes=\"(max-width: 200px) 100vw, 200px\" \/><\/p>\n","protected":false},"featured_media":1725,"comment_status":"open","ping_status":"closed","template":"","meta":{"site-sidebar-layout":"default","site-content-layout":"default","ast-main-header-display":"","ast-hfb-above-header-display":"","ast-hfb-below-header-display":"","ast-hfb-mobile-header-display":"","site-post-title":"","ast-breadcrumbs-content":"","ast-featured-img":"","footer-sml-layout":"","theme-transparent-header-meta":"","adv-header-id-meta":"","stick-header-meta":"","header-above-stick-meta":"","header-main-stick-meta":"","header-below-stick-meta":""},"location":[],"product_cat":[30],"product_tag":[519],"yoast_head":"<!-- This site is optimized with the Yoast SEO plugin v18.5.1 - https:\/\/yoast.com\/wordpress\/plugins\/seo\/ -->\n<title>VEBA kvalitn\u00ed frot\u00e9 ru\u010dn\u00edky \/ osu\u0161ky ze 100% bavlny b\u00edl\u00e9, 450 g\/m2 - Anders &amp; Kafka E-SHOP<\/title>\n<meta name=\"description\" content=\"Kvalitn\u00ed frot\u00e9 ru\u010dn\u00edky v hladk\u00e9m proveden\u00ed. Vyrobeno v \u010cech\u00e1ch spole\u010dnost\u00ed Veba s tradic\u00ed v\u00fdroby kvalitn\u00edch textili\u00ed od roku 1856.\" \/>\n<meta name=\"robots\" content=\"index, follow, max-snippet:-1, max-image-preview:large, max-video-preview:-1\" \/>\n<link rel=\"canonical\" href=\"https:\/\/anderskafka.cz\/eshop\/produkt\/veba-kvalitni-frote-rucniky-ze-100-bavlny-bile\/\" \/>\n<meta property=\"og:locale\" content=\"cs_CZ\" \/>\n<meta property=\"og:type\" content=\"article\" \/>\n<meta property=\"og:title\" content=\"VEBA kvalitn\u00ed frot\u00e9 ru\u010dn\u00edky \/ osu\u0161ky ze 100% bavlny b\u00edl\u00e9, 450 g\/m2 - Anders &amp; Kafka E-SHOP\" \/>\n<meta property=\"og:description\" content=\"Kvalitn\u00ed frot\u00e9 ru\u010dn\u00edky v hladk\u00e9m proveden\u00ed. Vyrobeno v \u010cech\u00e1ch spole\u010dnost\u00ed Veba s tradic\u00ed v\u00fdroby kvalitn\u00edch textili\u00ed od roku 1856.\" \/>\n<meta property=\"og:url\" content=\"https:\/\/anderskafka.cz\/eshop\/produkt\/veba-kvalitni-frote-rucniky-ze-100-bavlny-bile\/\" \/>\n<meta property=\"og:site_name\" content=\"Anders &amp; Kafka E-SHOP\" \/>\n<meta property=\"article:modified_time\" content=\"2026-04-22T05:53:50+00:00\" \/>\n<meta property=\"og:image\" content=\"https:\/\/anderskafka.cz\/eshop\/wp-content\/uploads\/sites\/3\/2023\/02\/VEBA-OSUSKA-FORTE-BILA2-Velky.jpeg\" \/>\n\t<meta property=\"og:image:width\" content=\"1280\" \/>\n\t<meta property=\"og:image:height\" content=\"873\" \/>\n\t<meta property=\"og:image:type\" content=\"image\/jpeg\" \/>\n<meta name=\"twitter:card\" content=\"summary_large_image\" \/>\n<meta name=\"twitter:label1\" content=\"Odhadovan\u00e1 doba \u010dten\u00ed\" \/>\n\t<meta name=\"twitter:data1\" content=\"1 minuta\" \/>\n<script type=\"application\/ld+json\" class=\"yoast-schema-graph\">{\"@context\":\"https:\/\/schema.org\",\"@graph\":[{\"@type\":\"WebSite\",\"@id\":\"https:\/\/anderskafka.cz\/eshop\/#website\",\"url\":\"https:\/\/anderskafka.cz\/eshop\/\",\"name\":\"Anders &amp; Kafka E-SHOP\",\"description\":\"Anders &amp; Kafka E-SHOP\",\"potentialAction\":[{\"@type\":\"SearchAction\",\"target\":{\"@type\":\"EntryPoint\",\"urlTemplate\":\"https:\/\/anderskafka.cz\/eshop\/?s={search_term_string}\"},\"query-input\":\"required name=search_term_string\"}],\"inLanguage\":\"cs\"},{\"@type\":\"ImageObject\",\"@id\":\"https:\/\/anderskafka.cz\/eshop\/produkt\/veba-kvalitni-frote-rucniky-ze-100-bavlny-bile\/#primaryimage\",\"inLanguage\":\"cs\",\"url\":\"https:\/\/anderskafka.cz\/eshop\/wp-content\/uploads\/sites\/3\/2023\/02\/VEBA-OSUSKA-FORTE-BILA2-Velky.jpeg\",\"contentUrl\":\"https:\/\/anderskafka.cz\/eshop\/wp-content\/uploads\/sites\/3\/2023\/02\/VEBA-OSUSKA-FORTE-BILA2-Velky.jpeg\",\"width\":1280,\"height\":873},{\"@type\":\"WebPage\",\"@id\":\"https:\/\/anderskafka.cz\/eshop\/produkt\/veba-kvalitni-frote-rucniky-ze-100-bavlny-bile\/#webpage\",\"url\":\"https:\/\/anderskafka.cz\/eshop\/produkt\/veba-kvalitni-frote-rucniky-ze-100-bavlny-bile\/\",\"name\":\"VEBA kvalitn\u00ed frot\u00e9 ru\u010dn\u00edky \/ osu\u0161ky ze 100% bavlny b\u00edl\u00e9, 450 g\/m2 - Anders &amp; Kafka E-SHOP\",\"isPartOf\":{\"@id\":\"https:\/\/anderskafka.cz\/eshop\/#website\"},\"primaryImageOfPage\":{\"@id\":\"https:\/\/anderskafka.cz\/eshop\/produkt\/veba-kvalitni-frote-rucniky-ze-100-bavlny-bile\/#primaryimage\"},\"datePublished\":\"2023-02-03T14:25:23+00:00\",\"dateModified\":\"2026-04-22T05:53:50+00:00\",\"description\":\"Kvalitn\u00ed frot\u00e9 ru\u010dn\u00edky v hladk\u00e9m proveden\u00ed. Vyrobeno v \u010cech\u00e1ch spole\u010dnost\u00ed Veba s tradic\u00ed v\u00fdroby kvalitn\u00edch textili\u00ed od roku 1856.\",\"breadcrumb\":{\"@id\":\"https:\/\/anderskafka.cz\/eshop\/produkt\/veba-kvalitni-frote-rucniky-ze-100-bavlny-bile\/#breadcrumb\"},\"inLanguage\":\"cs\",\"potentialAction\":[{\"@type\":\"ReadAction\",\"target\":[\"https:\/\/anderskafka.cz\/eshop\/produkt\/veba-kvalitni-frote-rucniky-ze-100-bavlny-bile\/\"]}]},{\"@type\":\"BreadcrumbList\",\"@id\":\"https:\/\/anderskafka.cz\/eshop\/produkt\/veba-kvalitni-frote-rucniky-ze-100-bavlny-bile\/#breadcrumb\",\"itemListElement\":[{\"@type\":\"ListItem\",\"position\":1,\"name\":\"Obchod\",\"item\":\"https:\/\/anderskafka.cz\/eshop\/obchod\/\"},{\"@type\":\"ListItem\",\"position\":2,\"name\":\"VEBA kvalitn\u00ed frot\u00e9 ru\u010dn\u00edky \/ osu\u0161ky ze 100% bavlny b\u00edl\u00e9, 450 g\/m2\"}]}]}<\/script>\n<!-- \/ Yoast SEO plugin. -->","yoast_head_json":{"title":"VEBA kvalitn\u00ed frot\u00e9 ru\u010dn\u00edky \/ osu\u0161ky ze 100% bavlny b\u00edl\u00e9, 450 g\/m2 - Anders &amp; Kafka E-SHOP","description":"Kvalitn\u00ed frot\u00e9 ru\u010dn\u00edky v hladk\u00e9m proveden\u00ed. Vyrobeno v \u010cech\u00e1ch spole\u010dnost\u00ed Veba s tradic\u00ed v\u00fdroby kvalitn\u00edch textili\u00ed od roku 1856.","robots":{"index":"index","follow":"follow","max-snippet":"max-snippet:-1","max-image-preview":"max-image-preview:large","max-video-preview":"max-video-preview:-1"},"canonical":"https:\/\/anderskafka.cz\/eshop\/produkt\/veba-kvalitni-frote-rucniky-ze-100-bavlny-bile\/","og_locale":"cs_CZ","og_type":"article","og_title":"VEBA kvalitn\u00ed frot\u00e9 ru\u010dn\u00edky \/ osu\u0161ky ze 100% bavlny b\u00edl\u00e9, 450 g\/m2 - Anders &amp; Kafka E-SHOP","og_description":"Kvalitn\u00ed frot\u00e9 ru\u010dn\u00edky v hladk\u00e9m proveden\u00ed. Vyrobeno v \u010cech\u00e1ch spole\u010dnost\u00ed Veba s tradic\u00ed v\u00fdroby kvalitn\u00edch textili\u00ed od roku 1856.","og_url":"https:\/\/anderskafka.cz\/eshop\/produkt\/veba-kvalitni-frote-rucniky-ze-100-bavlny-bile\/","og_site_name":"Anders &amp; Kafka E-SHOP","article_modified_time":"2026-04-22T05:53:50+00:00","og_image":[{"width":1280,"height":873,"url":"https:\/\/anderskafka.cz\/eshop\/wp-content\/uploads\/sites\/3\/2023\/02\/VEBA-OSUSKA-FORTE-BILA2-Velky.jpeg","type":"image\/jpeg"}],"twitter_card":"summary_large_image","twitter_misc":{"Odhadovan\u00e1 doba \u010dten\u00ed":"1 minuta"},"schema":{"@context":"https:\/\/schema.org","@graph":[{"@type":"WebSite","@id":"https:\/\/anderskafka.cz\/eshop\/#website","url":"https:\/\/anderskafka.cz\/eshop\/","name":"Anders &amp; Kafka E-SHOP","description":"Anders &amp; Kafka E-SHOP","potentialAction":[{"@type":"SearchAction","target":{"@type":"EntryPoint","urlTemplate":"https:\/\/anderskafka.cz\/eshop\/?s={search_term_string}"},"query-input":"required name=search_term_string"}],"inLanguage":"cs"},{"@type":"ImageObject","@id":"https:\/\/anderskafka.cz\/eshop\/produkt\/veba-kvalitni-frote-rucniky-ze-100-bavlny-bile\/#primaryimage","inLanguage":"cs","url":"https:\/\/anderskafka.cz\/eshop\/wp-content\/uploads\/sites\/3\/2023\/02\/VEBA-OSUSKA-FORTE-BILA2-Velky.jpeg","contentUrl":"https:\/\/anderskafka.cz\/eshop\/wp-content\/uploads\/sites\/3\/2023\/02\/VEBA-OSUSKA-FORTE-BILA2-Velky.jpeg","width":1280,"height":873},{"@type":"WebPage","@id":"https:\/\/anderskafka.cz\/eshop\/produkt\/veba-kvalitni-frote-rucniky-ze-100-bavlny-bile\/#webpage","url":"https:\/\/anderskafka.cz\/eshop\/produkt\/veba-kvalitni-frote-rucniky-ze-100-bavlny-bile\/","name":"VEBA kvalitn\u00ed frot\u00e9 ru\u010dn\u00edky \/ osu\u0161ky ze 100% bavlny b\u00edl\u00e9, 450 g\/m2 - Anders &amp; Kafka E-SHOP","isPartOf":{"@id":"https:\/\/anderskafka.cz\/eshop\/#website"},"primaryImageOfPage":{"@id":"https:\/\/anderskafka.cz\/eshop\/produkt\/veba-kvalitni-frote-rucniky-ze-100-bavlny-bile\/#primaryimage"},"datePublished":"2023-02-03T14:25:23+00:00","dateModified":"2026-04-22T05:53:50+00:00","description":"Kvalitn\u00ed frot\u00e9 ru\u010dn\u00edky v hladk\u00e9m proveden\u00ed. Vyrobeno v \u010cech\u00e1ch spole\u010dnost\u00ed Veba s tradic\u00ed v\u00fdroby kvalitn\u00edch textili\u00ed od roku 1856.","breadcrumb":{"@id":"https:\/\/anderskafka.cz\/eshop\/produkt\/veba-kvalitni-frote-rucniky-ze-100-bavlny-bile\/#breadcrumb"},"inLanguage":"cs","potentialAction":[{"@type":"ReadAction","target":["https:\/\/anderskafka.cz\/eshop\/produkt\/veba-kvalitni-frote-rucniky-ze-100-bavlny-bile\/"]}]},{"@type":"BreadcrumbList","@id":"https:\/\/anderskafka.cz\/eshop\/produkt\/veba-kvalitni-frote-rucniky-ze-100-bavlny-bile\/#breadcrumb","itemListElement":[{"@type":"ListItem","position":1,"name":"Obchod","item":"https:\/\/anderskafka.cz\/eshop\/obchod\/"},{"@type":"ListItem","position":2,"name":"VEBA kvalitn\u00ed frot\u00e9 ru\u010dn\u00edky \/ osu\u0161ky ze 100% bavlny b\u00edl\u00e9, 450 g\/m2"}]}]}},"locations":[],"_links":{"self":[{"href":"https:\/\/anderskafka.cz\/eshop\/wp-json\/wp\/v2\/product\/1731"}],"collection":[{"href":"https:\/\/anderskafka.cz\/eshop\/wp-json\/wp\/v2\/product"}],"about":[{"href":"https:\/\/anderskafka.cz\/eshop\/wp-json\/wp\/v2\/types\/product"}],"replies":[{"embeddable":true,"href":"https:\/\/anderskafka.cz\/eshop\/wp-json\/wp\/v2\/comments?post=1731"}],"wp:featuredmedia":[{"embeddable":true,"href":"https:\/\/anderskafka.cz\/eshop\/wp-json\/wp\/v2\/media\/1725"}],"wp:attachment":[{"href":"https:\/\/anderskafka.cz\/eshop\/wp-json\/wp\/v2\/media?parent=1731"}],"wp:term":[{"taxonomy":"location","embeddable":true,"href":"https:\/\/anderskafka.cz\/eshop\/wp-json\/wp\/v2\/location?post=1731"},{"taxonomy":"product_cat","embeddable":true,"href":"https:\/\/anderskafka.cz\/eshop\/wp-json\/wp\/v2\/product_cat?post=1731"},{"taxonomy":"product_tag","embeddable":true,"href":"https:\/\/anderskafka.cz\/eshop\/wp-json\/wp\/v2\/product_tag?post=1731"}],"curies":[{"name":"wp","href":"https:\/\/api.w.org\/{rel}","templated":true}]}}