{"id":1871,"date":"2023-02-24T08:46:26","date_gmt":"2023-02-24T07:46:26","guid":{"rendered":"https:\/\/anderskafka.cz\/eshop\/?post_type=product&#038;p=1871"},"modified":"2026-04-02T18:10:44","modified_gmt":"2026-04-02T16:10:44","slug":"sentiotec-interierova-infrasauna-vitamy-kopirovat","status":"publish","type":"product","link":"https:\/\/anderskafka.cz\/eshop\/produkt\/sentiotec-interierova-infrasauna-vitamy-kopirovat\/","title":{"rendered":"HARVIA AUSTRIA interi\u00e9rov\u00e1 infrasauna VITAMY"},"content":{"rendered":"<p><strong>Vn\u011bj\u0161\u00ed rozm\u011bry infrasauny:<\/strong> \u0161\u00ed\u0159ka 164 cm, hloubka 125 cm a v\u00fd\u0161ka 202 cm.<br \/>\nInfrasauna <span style=\"font-size: 16px\">je vyroben\u00e1 z masivu <\/span><span style=\"font-size: 16px\">smrkov\u00e9ho d\u0159eva tlou\u0161\u0165ky 40 mm, smrkov\u00e9 palubky jsou pohledov\u011b upraveny z obou stran.<\/span><\/p>\n<p><strong>Interi\u00e9r infrasauny<\/strong> je v nadstandardn\u00edm proveden\u00ed <span style=\"font-size: 16px\">z kvalitn\u00edho <\/span><span style=\"font-size: 16px\">lipov\u00e9ho d\u0159eva<\/span>. Posouvateln\u00fd sed\u00e1k, ortopedick\u00e9 op\u011brky zad v kombinaci s l\u00e9\u010div\u00fdmi \u00fa\u010dinky IR z\u00e1\u0159en\u00ed uvoln\u00ed svaly a zregeneruj\u00ed cel\u00fd z\u00e1dov\u00fd apar\u00e1t. Anatomicky tvarovan\u00e9 op\u011brky hlavy s mo\u017enost\u00ed v\u00fd\u0161kov\u00e9ho nastaven\u00ed slou\u017e\u00ed k dokonal\u00e9mu uvoln\u011bn\u00ed kr\u010dn\u00ed p\u00e1te\u0159e. Vestav\u011bn\u00e9 odpa\u0159ovac\u00ed n\u00e1dobky nab\u00edzej\u00ed mo\u017enost vyu\u017eit\u00ed uvol\u0148uj\u00edc\u00ed aromaterapie prost\u0159ednictv\u00edm vonn\u00fdch esenc\u00ed \u010di olej\u016f.<\/p>\n<p><strong>Dve\u0159e<\/strong> jsou celosklen\u011bn\u00e9 s 8 mm kalen\u00fdm sklem, vybaven\u00e9 bezpe\u010dnostn\u00edm magnetick\u00fdm zav\u00edr\u00e1n\u00edm, nerezov\u00fdmi panty a d\u0159ev\u011bn\u00fdm madlem. Dve\u0159e se mohou otv\u00edrat do prav\u00e9 nebo lev\u00e9 strany. Pr\u016fchoz\u00ed rozm\u011br dve\u0159\u00ed je 59 x 191 cm.<br \/>\nInfrasauna je vybavena <strong>LED\u00a0stm\u00edvateln\u00fdm\u00a0osv\u011btlen\u00edm<\/strong>\u00a0s teplou b\u00edlou barvou ve strop\u011b.<\/p>\n<p>Infrausauna je vybavena 4 kusy \u0161irokospektr\u00e1ln\u00edch infraz\u00e1\u0159i\u010d\u016f <strong>Sentiotec Eco<\/strong>.<strong> 2<\/strong><strong>\u00a0ks<\/strong> <strong>o v\u00fdkonu 350<\/strong> <strong>W\u00a0<\/strong>a <strong>2 ks o v\u00fdkonu 500 W<\/strong>, kde infraz\u00e1\u0159en\u00ed m\u00e1 n\u00e1sleduj\u00edc\u00ed spectrum: kr\u00e1tk\u00e9 <strong>IR-A 24 %<\/strong>, st\u0159edn\u00ed\u00a0<strong>IR-B 55 %<\/strong> a dlouh\u00e9\u00a0<strong>IR-C 21 %<\/strong>. Tyto <strong>infraz\u00e1\u0159i\u010de jsou vhodn\u00e9 k l\u00e9\u010debn\u00fdm a terapeutick\u00fdm \u00fa\u010del\u016fm<\/strong> pr\u00e1v\u011b d\u00edky vysok\u00e9mu procentu zastoupen\u00ed kr\u00e1tkovlnn\u00fdch A-infrapaprsk\u016f.<span style=\"font-size: 16px;font-style: normal\">\u00a0T<\/span><span style=\"font-size: 16px\">yto infraz\u00e1\u0159i\u010de funguj\u00ed okam\u017eit\u011b bez nah\u0159\u00edv\u00e1n\u00ed s maxim\u00e1ln\u00edm v\u00fdkonem. Oran\u017eov\u00e1 barva jejich z\u00e1\u0159en\u00ed navozuje pocit pohody. <\/span><span style=\"font-size: 16px;font-style: normal\">Infrausauna je d\u00e1le vybavena 2 kusy\u00a0<\/span><span style=\"font-size: 16px;font-style: normal\">infra topn\u00fdch f\u00f3li\u00ed pro proh\u0159\u00edv\u00e1n\u00ed\u00a0<\/span><span style=\"font-size: 16px;font-style: normal\">\u00a0l\u00fdtek.<\/span><\/p>\n<p>\u0160irokospektr\u00e1ln\u00ed infraz\u00e1\u0159i\u010de Sentiotec zajist\u00ed d\u016fkladn\u00e9 proh\u0159\u00e1t\u00ed tk\u00e1n\u00ed, kloub\u016f a sval\u016f. Proh\u0159\u00edv\u00e1n\u00ed prob\u00edh\u00e1 do hloubky t\u011bla a doch\u00e1z\u00ed tak k v\u00fdborn\u00e9 regeneraci sval\u016f, \u0161lach a kloub\u016f a k uvoln\u011bn\u00ed namo\u017een\u00fdch a ztuhl\u00fdch \u010d\u00e1st\u00ed t\u011bla. Infrasauna je vhodn\u00e1 nejen pro lidi po \u00farazech a s probl\u00e9my s pohybov\u00fdm apar\u00e1tem. Ka\u017ed\u00fd infraz\u00e1\u0159i\u010d je vybaven ochrann\u00fdm krytem proti pop\u00e1len\u00ed. K proh\u0159\u00edv\u00e1n\u00ed doch\u00e1z\u00ed p\u0159i teplot\u011b 50 \u2013 55\u00b0C. D\u00edky ni\u017e\u0161\u00ed teplot\u011b je organismus minim\u00e1ln\u011b zat\u011b\u017eov\u00e1n.<\/p>\n<p><strong>Ovl\u00e1d\u00e1n\u00ed infrasauny <\/strong>je \u0159e\u0161eno pomoc\u00ed n\u00e1st\u011bnn\u00e9ho ovlada\u010de<strong> Sentiotec Pro D Infra,<\/strong> jedn\u00e1 se o intuitivn\u00ed regulaci modern\u00edho designu, zapu\u0161t\u011bnou ve vnit\u0159n\u00ed st\u011bn\u011b infrasauny, s mo\u017enost\u00ed idividu\u00e1ln\u00edho nastavov\u00e1n\u00ed a \u010dasov\u00e1n\u00ed re\u017eim\u016f infrasauny v\u010detn\u011b ovl\u00e1d\u00e1n\u00ed sv\u011btel.<\/p>\n<p>Pro <em><strong>z<\/strong><\/em><strong>provozn\u011bn\u00ed <\/strong>infrasauny je pot\u0159eba m\u00edt v m\u00edst\u011b instalace infrasauny z\u00e1suvku 230 V s ji\u0161t\u011bn\u00edm min. 1x16A. <strong>Mont\u00e1\u017e infrasauny <\/strong>typu<strong> PLUG &amp; PLAY\u00a0<\/strong>je jednoduch\u00e1 a pomoc\u00ed obr\u00e1zkov\u00e9ho n\u00e1vodu a z\u00e1kladn\u00edho n\u00e1\u0159ad\u00ed ji zvl\u00e1dnete smontovat sami.<\/p>\n<p>Prostor, ve kter\u00e9 bude sauna instalov\u00e1na, mus\u00ed b\u00fdt such\u00fd a mus\u00ed zajistit odpov\u00eddaj\u00edc\u00ed mno\u017estv\u00ed vzduchu \u00a0s pevnou, vodot\u011bsnou a rovnou podlahou, doporu\u010dujeme\u00a0keramickou nebo\u00a0kamennou dla\u017ebu.\u00a0Pro mont\u00e1\u017e sauny je nutn\u00e1 minim\u00e1ln\u00ed v\u00fd\u0161ka m\u00edstnosti 230 cm. Ka\u017ed\u00e1 st\u011bna sauny mus\u00ed\u00a0b\u00fdt minim\u00e1ln\u011b ve vzd\u00e1lenosti \u00a05 cm od st\u011bn v prostoru kde bude sauna um\u00edst\u011bna.<\/p>\n<p>D\u0159evo je p\u0159\u00edrodn\u00ed produkt, kter\u00fd m\u016f\u017ee i p\u0159es dobr\u00e9 skladov\u00e1n\u00ed bobtnat, smr\u0161\u0165ovat se nebo se kroutit. Z tohoto d\u016fvodu m\u016f\u017ee b\u00fdt b\u011bhem instalace zapot\u0159eb\u00ed ur\u010dit\u00e9 s\u00edly a pou\u017eit\u00ed z\u00e1kladn\u00edch truhl\u00e1\u0159sk\u00fdch n\u00e1stroj\u016f.\u00a0V\u0161echna \u0161rouben\u00ed mus\u00ed b\u00fdt p\u0159edvrt\u00e1na.\u00a0Elektrick\u00e9 p\u0159ipojen\u00ed sm\u00ed prov\u00e1d\u011bt pouze kvalifikovan\u00e1 osoba.<\/p>\n<p><img src=\"https:\/\/anderskafka.cz\/eshop\/wp-content\/uploads\/sites\/3\/2024\/06\/Anderskafka-objednate-relaxujete-PC.jpg\" \/><\/p>\n<p>Spole\u010dnost AndersKafka V\u00e1m tak\u00e9 nab\u00edz\u00ed dod\u00e1n\u00ed t\u00e9to infrasauny<strong> v\u010detn\u011b dovozu, mont\u00e1\u017ee a instalace.\u00a0<\/strong>V p\u0159\u00edpad\u011b dod\u00e1vky infrasauny s mont\u00e1\u017e\u00ed do rodinn\u00e9ho domu, kde celkov\u00e1 podlahov\u00e1 plocha nep\u0159es\u00e1hne 350m<sup>2 \u00a0<\/sup>nebo bytu, kde celkov\u00e1 podlahov\u00e1 plocha nep\u0159es\u00e1hne 120m<sup>2 <\/sup>dle \u00a0\u00a748a, odst. 1 Z\u00e1kona o DPH a \u00a7121, odst. 1 z\u00e1kona \u010d. 40\/1964 Sb. Ob\u010dansk\u00e9ho z\u00e1kon\u00edku, \u00a0se pak bude aplikovat DPH pouze ve v\u00fd\u0161i 12%.<\/p>\n<p><strong>Cena dopravy<\/strong> <strong>a mont\u00e1\u017ee<\/strong> bude stanovena na z\u00e1klad\u011b vzd\u00e1lenosti\u00a0 z Miro\u0161ovic do m\u00edsta mont\u00e1\u017ee. Kontaktujte n\u00e1s na emailu office@anderskafka.cz.<\/p>\n<p><strong>Objedn\u00e1te, dovezeme, smontujeme, zapoj\u00edme, uklid\u00edme a po p\u00e1r hodin\u00e1ch se ji\u017e saunujete.<\/strong><\/p>\n<p><strong style=\"font-size: 16px\">Voliteln\u00e9 p\u0159\u00edplatky<\/strong><span style=\"font-size: 16px\">\/dal\u0161\u00ed p\u0159\u00edslu\u0161enstv\u00ed:<br \/>\n<\/span>Zabudovan\u00ed do niky &#8211; cena bude up\u0159esn\u011bna na z\u00e1klad\u011b skute\u010dn\u00fdch rozm\u011br\u016f niky.<\/p>\n","protected":false},"excerpt":{"rendered":"<p>Tato interi\u00e9rov\u00e1 voln\u011b stoj\u00edc\u00ed infrasauna pro a\u017e 2 sed\u00edc\u00ed osoby s nad\u010dasov\u00fdm designem je vyroben\u00e1 z masivu smrkov\u00e9ho d\u0159eva tlou\u0161\u0165ky 40 mm. Interi\u00e9rov\u00e9 vybaven\u00ed je z kvalitn\u00edho lipov\u00e9ho d\u0159eva a sauna je vybavena jednodu\u0161e ovladateln\u00fdmi, zdrav\u00ed prosp\u011b\u0161n\u00fdmi technologiemi pro dlouhou \u017eivotnost. Pocit otev\u0159enosti a vzdu\u0161nosti dod\u00e1v\u00e1 celoprosklen\u00e1 \u010deln\u00ed plocha a dve\u0159e z 8 mm kalen\u00e9ho skla s mo\u017enost\u00ed prav\u00e9ho nebo lev\u00e9ho otev\u00edr\u00e1n\u00ed pomoc\u00ed d\u0159ev\u011bn\u00e9ho madla. D\u00edky kompaktn\u00edm rozm\u011br\u016fm je ide\u00e1ln\u00ed pro men\u0161\u00ed interi\u00e9ry dom\u016f a byt\u016f.<\/p>\n<p>Spole\u010dnost HARVIA AUSTRIA vyv\u00edj\u00ed a vyr\u00e1b\u00ed kvalitn\u00ed a inovativn\u00ed produkty ur\u010den\u00e9 k tomu, aby Va\u0161e chv\u00edle str\u00e1ven\u00e9 v saun\u011b byly co nejv\u00edce relaxuj\u00edc\u00ed.<\/p>\n<p>&nbsp;<\/p>\n<p><button class=\"button poptavka\" style=\"border-radius: 3px; padding: 12px 24px; font-weight: 400; font-size: 14px; letter-spacing: 1px; background-color: #f96d3b; color: #fff; border: none; cursor: pointer;\" aria-label=\"Otev\u0159\u00edt\"> M\u00e1m z\u00e1jem o tento produkt <\/button><\/p>\n<p>&nbsp;<\/p>\n","protected":false},"featured_media":4504,"comment_status":"open","ping_status":"closed","template":"","meta":{"site-sidebar-layout":"default","site-content-layout":"default","ast-main-header-display":"","ast-hfb-above-header-display":"","ast-hfb-below-header-display":"","ast-hfb-mobile-header-display":"","site-post-title":"","ast-breadcrumbs-content":"","ast-featured-img":"","footer-sml-layout":"","theme-transparent-header-meta":"","adv-header-id-meta":"","stick-header-meta":"","header-above-stick-meta":"","header-main-stick-meta":"","header-below-stick-meta":""},"location":[],"product_cat":[547],"product_tag":[324],"yoast_head":"<!-- This site is optimized with the Yoast SEO plugin v18.5.1 - https:\/\/yoast.com\/wordpress\/plugins\/seo\/ -->\n<title>HARVIA AUSTRIA interi\u00e9rov\u00e1 infrasauna VITAMY - Anders &amp; Kafka E-SHOP<\/title>\n<meta name=\"description\" content=\"Tato interi\u00e9rov\u00e1 voln\u011b stoj\u00edc\u00ed infrasauna pro a\u017e 2 sed\u00edc\u00ed osoby s nad\u010dasov\u00fdm designem je vyroben\u00e1 z masivu smrkov\u00e9ho d\u0159eva tlou\u0161\u0165ky 40 mm. Interi\u00e9rov\u00e9 vybaven\u00ed je z kvalitn\u00edho lipov\u00e9ho d\u0159eva a sauna je vybavena jednodu\u0161e ovladateln\u00fdmi, zdrav\u00ed prosp\u011b\u0161n\u00fdmi technologiemi pro dlouhou \u017eivotnost. Pocit otev\u0159enosti a vzdu\u0161nosti dod\u00e1v\u00e1 celoprosklen\u00e1 \u010deln\u00ed plocha a dve\u0159e z 8 mm kalen\u00e9ho skla s mo\u017enost\u00ed prav\u00e9ho nebo lev\u00e9ho otev\u00edr\u00e1n\u00ed pomoc\u00ed d\u0159ev\u011bn\u00e9ho madla. D\u00edky kompaktn\u00edm rozm\u011br\u016fm je ide\u00e1ln\u00ed pro men\u0161\u00ed interi\u00e9ry dom\u016f a byt\u016f.  Spole\u010dnost HARVIA AUSTRIA vyv\u00edj\u00ed a vyr\u00e1b\u00ed kvalitn\u00ed a inovativn\u00ed produkty ur\u010den\u00e9 k tomu, aby Va\u0161e chv\u00edle str\u00e1ven\u00e9 v saun\u011b byly co nejv\u00edce relaxuj\u00edc\u00ed.  &nbsp;   M\u00e1m z\u00e1jem o tento produkt   &nbsp;\" \/>\n<meta name=\"robots\" content=\"index, follow, max-snippet:-1, max-image-preview:large, max-video-preview:-1\" \/>\n<link rel=\"canonical\" href=\"https:\/\/anderskafka.cz\/eshop\/produkt\/sentiotec-interierova-infrasauna-vitamy-kopirovat\/\" \/>\n<meta property=\"og:locale\" content=\"cs_CZ\" \/>\n<meta property=\"og:type\" content=\"article\" \/>\n<meta property=\"og:title\" content=\"HARVIA AUSTRIA interi\u00e9rov\u00e1 infrasauna VITAMY - Anders &amp; Kafka E-SHOP\" \/>\n<meta property=\"og:description\" content=\"Tato interi\u00e9rov\u00e1 voln\u011b stoj\u00edc\u00ed infrasauna pro a\u017e 2 sed\u00edc\u00ed osoby s nad\u010dasov\u00fdm designem je vyroben\u00e1 z masivu smrkov\u00e9ho d\u0159eva tlou\u0161\u0165ky 40 mm. Interi\u00e9rov\u00e9 vybaven\u00ed je z kvalitn\u00edho lipov\u00e9ho d\u0159eva a sauna je vybavena jednodu\u0161e ovladateln\u00fdmi, zdrav\u00ed prosp\u011b\u0161n\u00fdmi technologiemi pro dlouhou \u017eivotnost. Pocit otev\u0159enosti a vzdu\u0161nosti dod\u00e1v\u00e1 celoprosklen\u00e1 \u010deln\u00ed plocha a dve\u0159e z 8 mm kalen\u00e9ho skla s mo\u017enost\u00ed prav\u00e9ho nebo lev\u00e9ho otev\u00edr\u00e1n\u00ed pomoc\u00ed d\u0159ev\u011bn\u00e9ho madla. D\u00edky kompaktn\u00edm rozm\u011br\u016fm je ide\u00e1ln\u00ed pro men\u0161\u00ed interi\u00e9ry dom\u016f a byt\u016f.  Spole\u010dnost HARVIA AUSTRIA vyv\u00edj\u00ed a vyr\u00e1b\u00ed kvalitn\u00ed a inovativn\u00ed produkty ur\u010den\u00e9 k tomu, aby Va\u0161e chv\u00edle str\u00e1ven\u00e9 v saun\u011b byly co nejv\u00edce relaxuj\u00edc\u00ed.  &nbsp;   M\u00e1m z\u00e1jem o tento produkt   &nbsp;\" \/>\n<meta property=\"og:url\" content=\"https:\/\/anderskafka.cz\/eshop\/produkt\/sentiotec-interierova-infrasauna-vitamy-kopirovat\/\" \/>\n<meta property=\"og:site_name\" content=\"Anders &amp; Kafka E-SHOP\" \/>\n<meta property=\"article:modified_time\" content=\"2026-04-02T16:10:44+00:00\" \/>\n<meta property=\"og:image\" content=\"https:\/\/anderskafka.cz\/eshop\/wp-content\/uploads\/sites\/3\/2023\/02\/Sentiotec_VitaMy_VITAMY-164-B_p1.jpg\" \/>\n\t<meta property=\"og:image:width\" content=\"2000\" \/>\n\t<meta property=\"og:image:height\" content=\"2000\" \/>\n\t<meta property=\"og:image:type\" content=\"image\/jpeg\" \/>\n<meta name=\"twitter:card\" content=\"summary_large_image\" \/>\n<meta name=\"twitter:label1\" content=\"Odhadovan\u00e1 doba \u010dten\u00ed\" \/>\n\t<meta name=\"twitter:data1\" content=\"4 minuty\" \/>\n<script type=\"application\/ld+json\" class=\"yoast-schema-graph\">{\"@context\":\"https:\/\/schema.org\",\"@graph\":[{\"@type\":\"WebSite\",\"@id\":\"https:\/\/anderskafka.cz\/eshop\/#website\",\"url\":\"https:\/\/anderskafka.cz\/eshop\/\",\"name\":\"Anders &amp; Kafka E-SHOP\",\"description\":\"Anders &amp; Kafka E-SHOP\",\"potentialAction\":[{\"@type\":\"SearchAction\",\"target\":{\"@type\":\"EntryPoint\",\"urlTemplate\":\"https:\/\/anderskafka.cz\/eshop\/?s={search_term_string}\"},\"query-input\":\"required name=search_term_string\"}],\"inLanguage\":\"cs\"},{\"@type\":\"ImageObject\",\"@id\":\"https:\/\/anderskafka.cz\/eshop\/produkt\/sentiotec-interierova-infrasauna-vitamy-kopirovat\/#primaryimage\",\"inLanguage\":\"cs\",\"url\":\"https:\/\/anderskafka.cz\/eshop\/wp-content\/uploads\/sites\/3\/2023\/02\/Sentiotec_VitaMy_VITAMY-164-B_p1.jpg\",\"contentUrl\":\"https:\/\/anderskafka.cz\/eshop\/wp-content\/uploads\/sites\/3\/2023\/02\/Sentiotec_VitaMy_VITAMY-164-B_p1.jpg\",\"width\":2000,\"height\":2000},{\"@type\":\"WebPage\",\"@id\":\"https:\/\/anderskafka.cz\/eshop\/produkt\/sentiotec-interierova-infrasauna-vitamy-kopirovat\/#webpage\",\"url\":\"https:\/\/anderskafka.cz\/eshop\/produkt\/sentiotec-interierova-infrasauna-vitamy-kopirovat\/\",\"name\":\"HARVIA AUSTRIA interi\u00e9rov\u00e1 infrasauna VITAMY - Anders &amp; Kafka E-SHOP\",\"isPartOf\":{\"@id\":\"https:\/\/anderskafka.cz\/eshop\/#website\"},\"primaryImageOfPage\":{\"@id\":\"https:\/\/anderskafka.cz\/eshop\/produkt\/sentiotec-interierova-infrasauna-vitamy-kopirovat\/#primaryimage\"},\"datePublished\":\"2023-02-24T07:46:26+00:00\",\"dateModified\":\"2026-04-02T16:10:44+00:00\",\"description\":\"Tato interi\u00e9rov\u00e1 voln\u011b stoj\u00edc\u00ed infrasauna pro a\u017e 2 sed\u00edc\u00ed osoby s nad\u010dasov\u00fdm designem je vyroben\u00e1 z masivu smrkov\u00e9ho d\u0159eva tlou\u0161\u0165ky 40 mm. Interi\u00e9rov\u00e9 vybaven\u00ed je z kvalitn\u00edho lipov\u00e9ho d\u0159eva a sauna je vybavena jednodu\u0161e ovladateln\u00fdmi, zdrav\u00ed prosp\u011b\u0161n\u00fdmi technologiemi pro dlouhou \u017eivotnost. Pocit otev\u0159enosti a vzdu\u0161nosti dod\u00e1v\u00e1 celoprosklen\u00e1 \u010deln\u00ed plocha a dve\u0159e z 8 mm kalen\u00e9ho skla s mo\u017enost\u00ed prav\u00e9ho nebo lev\u00e9ho otev\u00edr\u00e1n\u00ed pomoc\u00ed d\u0159ev\u011bn\u00e9ho madla. D\u00edky kompaktn\u00edm rozm\u011br\u016fm je ide\u00e1ln\u00ed pro men\u0161\u00ed interi\u00e9ry dom\u016f a byt\u016f. Spole\u010dnost HARVIA AUSTRIA vyv\u00edj\u00ed a vyr\u00e1b\u00ed kvalitn\u00ed a inovativn\u00ed produkty ur\u010den\u00e9 k tomu, aby Va\u0161e chv\u00edle str\u00e1ven\u00e9 v saun\u011b byly co nejv\u00edce relaxuj\u00edc\u00ed. &nbsp; M\u00e1m z\u00e1jem o tento produkt &nbsp;\",\"breadcrumb\":{\"@id\":\"https:\/\/anderskafka.cz\/eshop\/produkt\/sentiotec-interierova-infrasauna-vitamy-kopirovat\/#breadcrumb\"},\"inLanguage\":\"cs\",\"potentialAction\":[{\"@type\":\"ReadAction\",\"target\":[\"https:\/\/anderskafka.cz\/eshop\/produkt\/sentiotec-interierova-infrasauna-vitamy-kopirovat\/\"]}]},{\"@type\":\"BreadcrumbList\",\"@id\":\"https:\/\/anderskafka.cz\/eshop\/produkt\/sentiotec-interierova-infrasauna-vitamy-kopirovat\/#breadcrumb\",\"itemListElement\":[{\"@type\":\"ListItem\",\"position\":1,\"name\":\"Obchod\",\"item\":\"https:\/\/anderskafka.cz\/eshop\/obchod\/\"},{\"@type\":\"ListItem\",\"position\":2,\"name\":\"HARVIA AUSTRIA interi\u00e9rov\u00e1 infrasauna VITAMY\"}]}]}<\/script>\n<!-- \/ Yoast SEO plugin. -->","yoast_head_json":{"title":"HARVIA AUSTRIA interi\u00e9rov\u00e1 infrasauna VITAMY - Anders &amp; Kafka E-SHOP","description":"Tato interi\u00e9rov\u00e1 voln\u011b stoj\u00edc\u00ed infrasauna pro a\u017e 2 sed\u00edc\u00ed osoby s nad\u010dasov\u00fdm designem je vyroben\u00e1 z masivu smrkov\u00e9ho d\u0159eva tlou\u0161\u0165ky 40 mm. Interi\u00e9rov\u00e9 vybaven\u00ed je z kvalitn\u00edho lipov\u00e9ho d\u0159eva a sauna je vybavena jednodu\u0161e ovladateln\u00fdmi, zdrav\u00ed prosp\u011b\u0161n\u00fdmi technologiemi pro dlouhou \u017eivotnost. Pocit otev\u0159enosti a vzdu\u0161nosti dod\u00e1v\u00e1 celoprosklen\u00e1 \u010deln\u00ed plocha a dve\u0159e z 8 mm kalen\u00e9ho skla s mo\u017enost\u00ed prav\u00e9ho nebo lev\u00e9ho otev\u00edr\u00e1n\u00ed pomoc\u00ed d\u0159ev\u011bn\u00e9ho madla. D\u00edky kompaktn\u00edm rozm\u011br\u016fm je ide\u00e1ln\u00ed pro men\u0161\u00ed interi\u00e9ry dom\u016f a byt\u016f.  Spole\u010dnost HARVIA AUSTRIA vyv\u00edj\u00ed a vyr\u00e1b\u00ed kvalitn\u00ed a inovativn\u00ed produkty ur\u010den\u00e9 k tomu, aby Va\u0161e chv\u00edle str\u00e1ven\u00e9 v saun\u011b byly co nejv\u00edce relaxuj\u00edc\u00ed.  &nbsp;   M\u00e1m z\u00e1jem o tento produkt   &nbsp;","robots":{"index":"index","follow":"follow","max-snippet":"max-snippet:-1","max-image-preview":"max-image-preview:large","max-video-preview":"max-video-preview:-1"},"canonical":"https:\/\/anderskafka.cz\/eshop\/produkt\/sentiotec-interierova-infrasauna-vitamy-kopirovat\/","og_locale":"cs_CZ","og_type":"article","og_title":"HARVIA AUSTRIA interi\u00e9rov\u00e1 infrasauna VITAMY - Anders &amp; Kafka E-SHOP","og_description":"Tato interi\u00e9rov\u00e1 voln\u011b stoj\u00edc\u00ed infrasauna pro a\u017e 2 sed\u00edc\u00ed osoby s nad\u010dasov\u00fdm designem je vyroben\u00e1 z masivu smrkov\u00e9ho d\u0159eva tlou\u0161\u0165ky 40 mm. Interi\u00e9rov\u00e9 vybaven\u00ed je z kvalitn\u00edho lipov\u00e9ho d\u0159eva a sauna je vybavena jednodu\u0161e ovladateln\u00fdmi, zdrav\u00ed prosp\u011b\u0161n\u00fdmi technologiemi pro dlouhou \u017eivotnost. Pocit otev\u0159enosti a vzdu\u0161nosti dod\u00e1v\u00e1 celoprosklen\u00e1 \u010deln\u00ed plocha a dve\u0159e z 8 mm kalen\u00e9ho skla s mo\u017enost\u00ed prav\u00e9ho nebo lev\u00e9ho otev\u00edr\u00e1n\u00ed pomoc\u00ed d\u0159ev\u011bn\u00e9ho madla. D\u00edky kompaktn\u00edm rozm\u011br\u016fm je ide\u00e1ln\u00ed pro men\u0161\u00ed interi\u00e9ry dom\u016f a byt\u016f.  Spole\u010dnost HARVIA AUSTRIA vyv\u00edj\u00ed a vyr\u00e1b\u00ed kvalitn\u00ed a inovativn\u00ed produkty ur\u010den\u00e9 k tomu, aby Va\u0161e chv\u00edle str\u00e1ven\u00e9 v saun\u011b byly co nejv\u00edce relaxuj\u00edc\u00ed.  &nbsp;   M\u00e1m z\u00e1jem o tento produkt   &nbsp;","og_url":"https:\/\/anderskafka.cz\/eshop\/produkt\/sentiotec-interierova-infrasauna-vitamy-kopirovat\/","og_site_name":"Anders &amp; Kafka E-SHOP","article_modified_time":"2026-04-02T16:10:44+00:00","og_image":[{"width":2000,"height":2000,"url":"https:\/\/anderskafka.cz\/eshop\/wp-content\/uploads\/sites\/3\/2023\/02\/Sentiotec_VitaMy_VITAMY-164-B_p1.jpg","type":"image\/jpeg"}],"twitter_card":"summary_large_image","twitter_misc":{"Odhadovan\u00e1 doba \u010dten\u00ed":"4 minuty"},"schema":{"@context":"https:\/\/schema.org","@graph":[{"@type":"WebSite","@id":"https:\/\/anderskafka.cz\/eshop\/#website","url":"https:\/\/anderskafka.cz\/eshop\/","name":"Anders &amp; Kafka E-SHOP","description":"Anders &amp; Kafka E-SHOP","potentialAction":[{"@type":"SearchAction","target":{"@type":"EntryPoint","urlTemplate":"https:\/\/anderskafka.cz\/eshop\/?s={search_term_string}"},"query-input":"required name=search_term_string"}],"inLanguage":"cs"},{"@type":"ImageObject","@id":"https:\/\/anderskafka.cz\/eshop\/produkt\/sentiotec-interierova-infrasauna-vitamy-kopirovat\/#primaryimage","inLanguage":"cs","url":"https:\/\/anderskafka.cz\/eshop\/wp-content\/uploads\/sites\/3\/2023\/02\/Sentiotec_VitaMy_VITAMY-164-B_p1.jpg","contentUrl":"https:\/\/anderskafka.cz\/eshop\/wp-content\/uploads\/sites\/3\/2023\/02\/Sentiotec_VitaMy_VITAMY-164-B_p1.jpg","width":2000,"height":2000},{"@type":"WebPage","@id":"https:\/\/anderskafka.cz\/eshop\/produkt\/sentiotec-interierova-infrasauna-vitamy-kopirovat\/#webpage","url":"https:\/\/anderskafka.cz\/eshop\/produkt\/sentiotec-interierova-infrasauna-vitamy-kopirovat\/","name":"HARVIA AUSTRIA interi\u00e9rov\u00e1 infrasauna VITAMY - Anders &amp; Kafka E-SHOP","isPartOf":{"@id":"https:\/\/anderskafka.cz\/eshop\/#website"},"primaryImageOfPage":{"@id":"https:\/\/anderskafka.cz\/eshop\/produkt\/sentiotec-interierova-infrasauna-vitamy-kopirovat\/#primaryimage"},"datePublished":"2023-02-24T07:46:26+00:00","dateModified":"2026-04-02T16:10:44+00:00","description":"Tato interi\u00e9rov\u00e1 voln\u011b stoj\u00edc\u00ed infrasauna pro a\u017e 2 sed\u00edc\u00ed osoby s nad\u010dasov\u00fdm designem je vyroben\u00e1 z masivu smrkov\u00e9ho d\u0159eva tlou\u0161\u0165ky 40 mm. Interi\u00e9rov\u00e9 vybaven\u00ed je z kvalitn\u00edho lipov\u00e9ho d\u0159eva a sauna je vybavena jednodu\u0161e ovladateln\u00fdmi, zdrav\u00ed prosp\u011b\u0161n\u00fdmi technologiemi pro dlouhou \u017eivotnost. Pocit otev\u0159enosti a vzdu\u0161nosti dod\u00e1v\u00e1 celoprosklen\u00e1 \u010deln\u00ed plocha a dve\u0159e z 8 mm kalen\u00e9ho skla s mo\u017enost\u00ed prav\u00e9ho nebo lev\u00e9ho otev\u00edr\u00e1n\u00ed pomoc\u00ed d\u0159ev\u011bn\u00e9ho madla. D\u00edky kompaktn\u00edm rozm\u011br\u016fm je ide\u00e1ln\u00ed pro men\u0161\u00ed interi\u00e9ry dom\u016f a byt\u016f. Spole\u010dnost HARVIA AUSTRIA vyv\u00edj\u00ed a vyr\u00e1b\u00ed kvalitn\u00ed a inovativn\u00ed produkty ur\u010den\u00e9 k tomu, aby Va\u0161e chv\u00edle str\u00e1ven\u00e9 v saun\u011b byly co nejv\u00edce relaxuj\u00edc\u00ed. &nbsp; M\u00e1m z\u00e1jem o tento produkt &nbsp;","breadcrumb":{"@id":"https:\/\/anderskafka.cz\/eshop\/produkt\/sentiotec-interierova-infrasauna-vitamy-kopirovat\/#breadcrumb"},"inLanguage":"cs","potentialAction":[{"@type":"ReadAction","target":["https:\/\/anderskafka.cz\/eshop\/produkt\/sentiotec-interierova-infrasauna-vitamy-kopirovat\/"]}]},{"@type":"BreadcrumbList","@id":"https:\/\/anderskafka.cz\/eshop\/produkt\/sentiotec-interierova-infrasauna-vitamy-kopirovat\/#breadcrumb","itemListElement":[{"@type":"ListItem","position":1,"name":"Obchod","item":"https:\/\/anderskafka.cz\/eshop\/obchod\/"},{"@type":"ListItem","position":2,"name":"HARVIA AUSTRIA interi\u00e9rov\u00e1 infrasauna VITAMY"}]}]}},"locations":[],"_links":{"self":[{"href":"https:\/\/anderskafka.cz\/eshop\/wp-json\/wp\/v2\/product\/1871"}],"collection":[{"href":"https:\/\/anderskafka.cz\/eshop\/wp-json\/wp\/v2\/product"}],"about":[{"href":"https:\/\/anderskafka.cz\/eshop\/wp-json\/wp\/v2\/types\/product"}],"replies":[{"embeddable":true,"href":"https:\/\/anderskafka.cz\/eshop\/wp-json\/wp\/v2\/comments?post=1871"}],"wp:featuredmedia":[{"embeddable":true,"href":"https:\/\/anderskafka.cz\/eshop\/wp-json\/wp\/v2\/media\/4504"}],"wp:attachment":[{"href":"https:\/\/anderskafka.cz\/eshop\/wp-json\/wp\/v2\/media?parent=1871"}],"wp:term":[{"taxonomy":"location","embeddable":true,"href":"https:\/\/anderskafka.cz\/eshop\/wp-json\/wp\/v2\/location?post=1871"},{"taxonomy":"product_cat","embeddable":true,"href":"https:\/\/anderskafka.cz\/eshop\/wp-json\/wp\/v2\/product_cat?post=1871"},{"taxonomy":"product_tag","embeddable":true,"href":"https:\/\/anderskafka.cz\/eshop\/wp-json\/wp\/v2\/product_tag?post=1871"}],"curies":[{"name":"wp","href":"https:\/\/api.w.org\/{rel}","templated":true}]}}