{"id":2340,"date":"2023-03-17T15:37:47","date_gmt":"2023-03-17T14:37:47","guid":{"rendered":"https:\/\/anderskafka.cz\/eshop\/?post_type=product&#038;p=2340"},"modified":"2025-05-15T11:30:02","modified_gmt":"2025-05-15T09:30:02","slug":"eliga-saunove-vedro-s-uchem-leskla-ocel","status":"publish","type":"product","link":"https:\/\/anderskafka.cz\/eshop\/produkt\/eliga-saunove-vedro-s-uchem-leskla-ocel\/","title":{"rendered":"ELIGA saunov\u00e9 v\u011bdro s uchem leskl\u00e1 ocel"},"content":{"rendered":"<p>V\u011bdro do sauny s kovov\u00fdmi \u010d\u00e1stmi z leskl\u00e9 oceli. Ucho je vyrobeno z ratanov\u00e9ho d\u0159eva, d\u00edky \u010demu\u017e nehroz\u00ed pop\u00e1len\u00ed o rozeh\u0159\u00e1t\u00fd kov.<\/p>\n<p>Po saunov\u00e1n\u00ed v\u011bdro v\u017edy vypr\u00e1zdn\u011bte a nenech\u00e1vejte jej vyschnout v hork\u00e9 a vlhk\u00e9 saun\u011b.<\/p>\n","protected":false},"excerpt":{"rendered":"<p>V\u011bdro do sauny s kovov\u00fdmi \u010d\u00e1stmi z leskl\u00e9 oceli. V\u011bdro se p\u0159\u00edjemn\u011b dr\u017e\u00ed d\u00edky uchu vyroben\u00e9mu z ratanov\u00e9ho d\u0159eva.<\/p>\n<p>N\u011bmeck\u00e1 spole\u010dnost ELIGA Saunatechnik GmbH je specialistou na saunovou techniku &amp; wellness s mnohalet\u00fdmi zku\u0161enostmi a know-how s v\u00fdrobou saunov\u00fdch dopl\u0148k\u016f a technologi\u00ed.<\/p>\n","protected":false},"featured_media":2388,"comment_status":"open","ping_status":"closed","template":"","meta":{"site-sidebar-layout":"default","site-content-layout":"default","ast-main-header-display":"","ast-hfb-above-header-display":"","ast-hfb-below-header-display":"","ast-hfb-mobile-header-display":"","site-post-title":"","ast-breadcrumbs-content":"","ast-featured-img":"","footer-sml-layout":"","theme-transparent-header-meta":"","adv-header-id-meta":"","stick-header-meta":"","header-above-stick-meta":"","header-main-stick-meta":"","header-below-stick-meta":""},"location":[],"product_cat":[100],"product_tag":[461],"yoast_head":"<!-- This site is optimized with the Yoast SEO plugin v18.5.1 - https:\/\/yoast.com\/wordpress\/plugins\/seo\/ -->\n<title>ELIGA saunov\u00e9 v\u011bdro s uchem leskl\u00e1 ocel - Anders &amp; Kafka E-SHOP<\/title>\n<meta name=\"description\" content=\"V\u011bdro do sauny s kovov\u00fdmi \u010d\u00e1stmi z leskl\u00e9 oceli. V\u011bdro se p\u0159\u00edjemn\u011b dr\u017e\u00ed d\u00edky uchu vyroben\u00e9mu z ratanov\u00e9ho d\u0159eva.  N\u011bmeck\u00e1 spole\u010dnost ELIGA Saunatechnik GmbH je specialistou na saunovou techniku &amp; wellness s mnohalet\u00fdmi zku\u0161enostmi a know-how s v\u00fdrobou saunov\u00fdch dopl\u0148k\u016f a technologi\u00ed.\" \/>\n<meta name=\"robots\" content=\"index, follow, max-snippet:-1, max-image-preview:large, max-video-preview:-1\" \/>\n<link rel=\"canonical\" href=\"https:\/\/anderskafka.cz\/eshop\/produkt\/eliga-saunove-vedro-s-uchem-leskla-ocel\/\" \/>\n<meta property=\"og:locale\" content=\"cs_CZ\" \/>\n<meta property=\"og:type\" content=\"article\" \/>\n<meta property=\"og:title\" content=\"ELIGA saunov\u00e9 v\u011bdro s uchem leskl\u00e1 ocel - Anders &amp; Kafka E-SHOP\" \/>\n<meta property=\"og:description\" content=\"V\u011bdro do sauny s kovov\u00fdmi \u010d\u00e1stmi z leskl\u00e9 oceli. V\u011bdro se p\u0159\u00edjemn\u011b dr\u017e\u00ed d\u00edky uchu vyroben\u00e9mu z ratanov\u00e9ho d\u0159eva.  N\u011bmeck\u00e1 spole\u010dnost ELIGA Saunatechnik GmbH je specialistou na saunovou techniku &amp; wellness s mnohalet\u00fdmi zku\u0161enostmi a know-how s v\u00fdrobou saunov\u00fdch dopl\u0148k\u016f a technologi\u00ed.\" \/>\n<meta property=\"og:url\" content=\"https:\/\/anderskafka.cz\/eshop\/produkt\/eliga-saunove-vedro-s-uchem-leskla-ocel\/\" \/>\n<meta property=\"og:site_name\" content=\"Anders &amp; Kafka E-SHOP\" \/>\n<meta property=\"article:modified_time\" content=\"2025-05-15T09:30:02+00:00\" \/>\n<meta property=\"og:image\" content=\"https:\/\/anderskafka.cz\/eshop\/wp-content\/uploads\/sites\/3\/2023\/03\/83799-Aufgusseimer-ca.-10-l-aus-Edelstahl-scaled.jpg\" \/>\n\t<meta property=\"og:image:width\" content=\"2560\" \/>\n\t<meta property=\"og:image:height\" content=\"1920\" \/>\n\t<meta property=\"og:image:type\" content=\"image\/jpeg\" \/>\n<meta name=\"twitter:card\" content=\"summary_large_image\" \/>\n<meta name=\"twitter:label1\" content=\"Odhadovan\u00e1 doba \u010dten\u00ed\" \/>\n\t<meta name=\"twitter:data1\" content=\"1 minuta\" \/>\n<script type=\"application\/ld+json\" class=\"yoast-schema-graph\">{\"@context\":\"https:\/\/schema.org\",\"@graph\":[{\"@type\":\"WebSite\",\"@id\":\"https:\/\/anderskafka.cz\/eshop\/#website\",\"url\":\"https:\/\/anderskafka.cz\/eshop\/\",\"name\":\"Anders &amp; Kafka E-SHOP\",\"description\":\"Anders &amp; Kafka E-SHOP\",\"potentialAction\":[{\"@type\":\"SearchAction\",\"target\":{\"@type\":\"EntryPoint\",\"urlTemplate\":\"https:\/\/anderskafka.cz\/eshop\/?s={search_term_string}\"},\"query-input\":\"required name=search_term_string\"}],\"inLanguage\":\"cs\"},{\"@type\":\"ImageObject\",\"@id\":\"https:\/\/anderskafka.cz\/eshop\/produkt\/eliga-saunove-vedro-s-uchem-leskla-ocel\/#primaryimage\",\"inLanguage\":\"cs\",\"url\":\"https:\/\/anderskafka.cz\/eshop\/wp-content\/uploads\/sites\/3\/2023\/03\/83799-Aufgusseimer-ca.-10-l-aus-Edelstahl-scaled.jpg\",\"contentUrl\":\"https:\/\/anderskafka.cz\/eshop\/wp-content\/uploads\/sites\/3\/2023\/03\/83799-Aufgusseimer-ca.-10-l-aus-Edelstahl-scaled.jpg\",\"width\":2560,\"height\":1920},{\"@type\":\"WebPage\",\"@id\":\"https:\/\/anderskafka.cz\/eshop\/produkt\/eliga-saunove-vedro-s-uchem-leskla-ocel\/#webpage\",\"url\":\"https:\/\/anderskafka.cz\/eshop\/produkt\/eliga-saunove-vedro-s-uchem-leskla-ocel\/\",\"name\":\"ELIGA saunov\u00e9 v\u011bdro s uchem leskl\u00e1 ocel - Anders &amp; Kafka E-SHOP\",\"isPartOf\":{\"@id\":\"https:\/\/anderskafka.cz\/eshop\/#website\"},\"primaryImageOfPage\":{\"@id\":\"https:\/\/anderskafka.cz\/eshop\/produkt\/eliga-saunove-vedro-s-uchem-leskla-ocel\/#primaryimage\"},\"datePublished\":\"2023-03-17T14:37:47+00:00\",\"dateModified\":\"2025-05-15T09:30:02+00:00\",\"description\":\"V\u011bdro do sauny s kovov\u00fdmi \u010d\u00e1stmi z leskl\u00e9 oceli. V\u011bdro se p\u0159\u00edjemn\u011b dr\u017e\u00ed d\u00edky uchu vyroben\u00e9mu z ratanov\u00e9ho d\u0159eva. N\u011bmeck\u00e1 spole\u010dnost ELIGA Saunatechnik GmbH je specialistou na saunovou techniku &amp; wellness s mnohalet\u00fdmi zku\u0161enostmi a know-how s v\u00fdrobou saunov\u00fdch dopl\u0148k\u016f a technologi\u00ed.\",\"breadcrumb\":{\"@id\":\"https:\/\/anderskafka.cz\/eshop\/produkt\/eliga-saunove-vedro-s-uchem-leskla-ocel\/#breadcrumb\"},\"inLanguage\":\"cs\",\"potentialAction\":[{\"@type\":\"ReadAction\",\"target\":[\"https:\/\/anderskafka.cz\/eshop\/produkt\/eliga-saunove-vedro-s-uchem-leskla-ocel\/\"]}]},{\"@type\":\"BreadcrumbList\",\"@id\":\"https:\/\/anderskafka.cz\/eshop\/produkt\/eliga-saunove-vedro-s-uchem-leskla-ocel\/#breadcrumb\",\"itemListElement\":[{\"@type\":\"ListItem\",\"position\":1,\"name\":\"Obchod\",\"item\":\"https:\/\/anderskafka.cz\/eshop\/obchod\/\"},{\"@type\":\"ListItem\",\"position\":2,\"name\":\"ELIGA saunov\u00e9 v\u011bdro s uchem leskl\u00e1 ocel\"}]}]}<\/script>\n<!-- \/ Yoast SEO plugin. -->","yoast_head_json":{"title":"ELIGA saunov\u00e9 v\u011bdro s uchem leskl\u00e1 ocel - Anders &amp; Kafka E-SHOP","description":"V\u011bdro do sauny s kovov\u00fdmi \u010d\u00e1stmi z leskl\u00e9 oceli. V\u011bdro se p\u0159\u00edjemn\u011b dr\u017e\u00ed d\u00edky uchu vyroben\u00e9mu z ratanov\u00e9ho d\u0159eva.  N\u011bmeck\u00e1 spole\u010dnost ELIGA Saunatechnik GmbH je specialistou na saunovou techniku &amp; wellness s mnohalet\u00fdmi zku\u0161enostmi a know-how s v\u00fdrobou saunov\u00fdch dopl\u0148k\u016f a technologi\u00ed.","robots":{"index":"index","follow":"follow","max-snippet":"max-snippet:-1","max-image-preview":"max-image-preview:large","max-video-preview":"max-video-preview:-1"},"canonical":"https:\/\/anderskafka.cz\/eshop\/produkt\/eliga-saunove-vedro-s-uchem-leskla-ocel\/","og_locale":"cs_CZ","og_type":"article","og_title":"ELIGA saunov\u00e9 v\u011bdro s uchem leskl\u00e1 ocel - Anders &amp; Kafka E-SHOP","og_description":"V\u011bdro do sauny s kovov\u00fdmi \u010d\u00e1stmi z leskl\u00e9 oceli. V\u011bdro se p\u0159\u00edjemn\u011b dr\u017e\u00ed d\u00edky uchu vyroben\u00e9mu z ratanov\u00e9ho d\u0159eva.  N\u011bmeck\u00e1 spole\u010dnost ELIGA Saunatechnik GmbH je specialistou na saunovou techniku &amp; wellness s mnohalet\u00fdmi zku\u0161enostmi a know-how s v\u00fdrobou saunov\u00fdch dopl\u0148k\u016f a technologi\u00ed.","og_url":"https:\/\/anderskafka.cz\/eshop\/produkt\/eliga-saunove-vedro-s-uchem-leskla-ocel\/","og_site_name":"Anders &amp; Kafka E-SHOP","article_modified_time":"2025-05-15T09:30:02+00:00","og_image":[{"width":2560,"height":1920,"url":"https:\/\/anderskafka.cz\/eshop\/wp-content\/uploads\/sites\/3\/2023\/03\/83799-Aufgusseimer-ca.-10-l-aus-Edelstahl-scaled.jpg","type":"image\/jpeg"}],"twitter_card":"summary_large_image","twitter_misc":{"Odhadovan\u00e1 doba \u010dten\u00ed":"1 minuta"},"schema":{"@context":"https:\/\/schema.org","@graph":[{"@type":"WebSite","@id":"https:\/\/anderskafka.cz\/eshop\/#website","url":"https:\/\/anderskafka.cz\/eshop\/","name":"Anders &amp; Kafka E-SHOP","description":"Anders &amp; Kafka E-SHOP","potentialAction":[{"@type":"SearchAction","target":{"@type":"EntryPoint","urlTemplate":"https:\/\/anderskafka.cz\/eshop\/?s={search_term_string}"},"query-input":"required name=search_term_string"}],"inLanguage":"cs"},{"@type":"ImageObject","@id":"https:\/\/anderskafka.cz\/eshop\/produkt\/eliga-saunove-vedro-s-uchem-leskla-ocel\/#primaryimage","inLanguage":"cs","url":"https:\/\/anderskafka.cz\/eshop\/wp-content\/uploads\/sites\/3\/2023\/03\/83799-Aufgusseimer-ca.-10-l-aus-Edelstahl-scaled.jpg","contentUrl":"https:\/\/anderskafka.cz\/eshop\/wp-content\/uploads\/sites\/3\/2023\/03\/83799-Aufgusseimer-ca.-10-l-aus-Edelstahl-scaled.jpg","width":2560,"height":1920},{"@type":"WebPage","@id":"https:\/\/anderskafka.cz\/eshop\/produkt\/eliga-saunove-vedro-s-uchem-leskla-ocel\/#webpage","url":"https:\/\/anderskafka.cz\/eshop\/produkt\/eliga-saunove-vedro-s-uchem-leskla-ocel\/","name":"ELIGA saunov\u00e9 v\u011bdro s uchem leskl\u00e1 ocel - Anders &amp; Kafka E-SHOP","isPartOf":{"@id":"https:\/\/anderskafka.cz\/eshop\/#website"},"primaryImageOfPage":{"@id":"https:\/\/anderskafka.cz\/eshop\/produkt\/eliga-saunove-vedro-s-uchem-leskla-ocel\/#primaryimage"},"datePublished":"2023-03-17T14:37:47+00:00","dateModified":"2025-05-15T09:30:02+00:00","description":"V\u011bdro do sauny s kovov\u00fdmi \u010d\u00e1stmi z leskl\u00e9 oceli. V\u011bdro se p\u0159\u00edjemn\u011b dr\u017e\u00ed d\u00edky uchu vyroben\u00e9mu z ratanov\u00e9ho d\u0159eva. N\u011bmeck\u00e1 spole\u010dnost ELIGA Saunatechnik GmbH je specialistou na saunovou techniku &amp; wellness s mnohalet\u00fdmi zku\u0161enostmi a know-how s v\u00fdrobou saunov\u00fdch dopl\u0148k\u016f a technologi\u00ed.","breadcrumb":{"@id":"https:\/\/anderskafka.cz\/eshop\/produkt\/eliga-saunove-vedro-s-uchem-leskla-ocel\/#breadcrumb"},"inLanguage":"cs","potentialAction":[{"@type":"ReadAction","target":["https:\/\/anderskafka.cz\/eshop\/produkt\/eliga-saunove-vedro-s-uchem-leskla-ocel\/"]}]},{"@type":"BreadcrumbList","@id":"https:\/\/anderskafka.cz\/eshop\/produkt\/eliga-saunove-vedro-s-uchem-leskla-ocel\/#breadcrumb","itemListElement":[{"@type":"ListItem","position":1,"name":"Obchod","item":"https:\/\/anderskafka.cz\/eshop\/obchod\/"},{"@type":"ListItem","position":2,"name":"ELIGA saunov\u00e9 v\u011bdro s uchem leskl\u00e1 ocel"}]}]}},"locations":[],"_links":{"self":[{"href":"https:\/\/anderskafka.cz\/eshop\/wp-json\/wp\/v2\/product\/2340"}],"collection":[{"href":"https:\/\/anderskafka.cz\/eshop\/wp-json\/wp\/v2\/product"}],"about":[{"href":"https:\/\/anderskafka.cz\/eshop\/wp-json\/wp\/v2\/types\/product"}],"replies":[{"embeddable":true,"href":"https:\/\/anderskafka.cz\/eshop\/wp-json\/wp\/v2\/comments?post=2340"}],"wp:featuredmedia":[{"embeddable":true,"href":"https:\/\/anderskafka.cz\/eshop\/wp-json\/wp\/v2\/media\/2388"}],"wp:attachment":[{"href":"https:\/\/anderskafka.cz\/eshop\/wp-json\/wp\/v2\/media?parent=2340"}],"wp:term":[{"taxonomy":"location","embeddable":true,"href":"https:\/\/anderskafka.cz\/eshop\/wp-json\/wp\/v2\/location?post=2340"},{"taxonomy":"product_cat","embeddable":true,"href":"https:\/\/anderskafka.cz\/eshop\/wp-json\/wp\/v2\/product_cat?post=2340"},{"taxonomy":"product_tag","embeddable":true,"href":"https:\/\/anderskafka.cz\/eshop\/wp-json\/wp\/v2\/product_tag?post=2340"}],"curies":[{"name":"wp","href":"https:\/\/api.w.org\/{rel}","templated":true}]}}

ELIGA saunové vědro s uchem lesklá ocel

<p>Vědro do sauny s kovovými částmi z lesklé oceli. Ucho je vyrobeno z ratanového dřeva, díky čemuž nehrozí popálení o rozehřátý kov.</p>
<p>Po saunování vědro vždy vyprázdněte a nenechávejte jej vyschnout v horké a vlhké sauně.</p>

<p>Vědro do sauny s kovovými částmi z lesklé oceli. Vědro se příjemně drží díky uchu vyrobenému z ratanového dřeva.</p>
<p>Německá společnost ELIGA Saunatechnik GmbH je specialistou na saunovou techniku &amp; wellness s mnohaletými zkušenostmi a know-how s výrobou saunových doplňků a technologií.</p>

<!-- This site is optimized with the Yoast SEO plugin v18.5.1 - https://yoast.com/wordpress/plugins/seo/ -->
<title>ELIGA saunové vědro s uchem lesklá ocel - Anders &amp; Kafka E-SHOP</title>
<meta name="description" content="Vědro do sauny s kovovými částmi z lesklé oceli. Vědro se příjemně drží díky uchu vyrobenému z ratanového dřeva.  Německá společnost ELIGA Saunatechnik GmbH je specialistou na saunovou techniku &amp; wellness s mnohaletými zkušenostmi a know-how s výrobou saunových doplňků a technologií." />
<meta name="robots" content="index, follow, max-snippet:-1, max-image-preview:large, max-video-preview:-1" />
<link rel="canonical" href="https://anderskafka.cz/eshop/produkt/eliga-saunove-vedro-s-uchem-leskla-ocel/" />
<meta property="og:locale" content="cs_CZ" />
<meta property="og:type" content="article" />
<meta property="og:title" content="ELIGA saunové vědro s uchem lesklá ocel - Anders &amp; Kafka E-SHOP" />
<meta property="og:description" content="Vědro do sauny s kovovými částmi z lesklé oceli. Vědro se příjemně drží díky uchu vyrobenému z ratanového dřeva.  Německá společnost ELIGA Saunatechnik GmbH je specialistou na saunovou techniku &amp; wellness s mnohaletými zkušenostmi a know-how s výrobou saunových doplňků a technologií." />
<meta property="og:url" content="https://anderskafka.cz/eshop/produkt/eliga-saunove-vedro-s-uchem-leskla-ocel/" />
<meta property="og:site_name" content="Anders &amp; Kafka E-SHOP" />
<meta property="article:modified_time" content="2025-05-15T09:30:02+00:00" />
<meta property="og:image" content="https://anderskafka.cz/eshop/wp-content/uploads/sites/3/2023/03/83799-Aufgusseimer-ca.-10-l-aus-Edelstahl-scaled.jpg" />
	<meta property="og:image:width" content="2560" />
	<meta property="og:image:height" content="1920" />
	<meta property="og:image:type" content="image/jpeg" />
<meta name="twitter:card" content="summary_large_image" />
<meta name="twitter:label1" content="Odhadovaná doba čtení" />
	<meta name="twitter:data1" content="1 minuta" />
<script type="application/ld+json" class="yoast-schema-graph">{"@context":"https://schema.org","@graph":[{"@type":"WebSite","@id":"https://anderskafka.cz/eshop/#website","url":"https://anderskafka.cz/eshop/","name":"Anders &amp; Kafka E-SHOP","description":"Anders &amp; Kafka E-SHOP","potentialAction":[{"@type":"SearchAction","target":{"@type":"EntryPoint","urlTemplate":"https://anderskafka.cz/eshop/?s={search_term_string}"},"query-input":"required name=search_term_string"}],"inLanguage":"cs"},{"@type":"ImageObject","@id":"https://anderskafka.cz/eshop/produkt/eliga-saunove-vedro-s-uchem-leskla-ocel/#primaryimage","inLanguage":"cs","url":"https://anderskafka.cz/eshop/wp-content/uploads/sites/3/2023/03/83799-Aufgusseimer-ca.-10-l-aus-Edelstahl-scaled.jpg","contentUrl":"https://anderskafka.cz/eshop/wp-content/uploads/sites/3/2023/03/83799-Aufgusseimer-ca.-10-l-aus-Edelstahl-scaled.jpg","width":2560,"height":1920},{"@type":"WebPage","@id":"https://anderskafka.cz/eshop/produkt/eliga-saunove-vedro-s-uchem-leskla-ocel/#webpage","url":"https://anderskafka.cz/eshop/produkt/eliga-saunove-vedro-s-uchem-leskla-ocel/","name":"ELIGA saunové vědro s uchem lesklá ocel - Anders &amp; Kafka E-SHOP","isPartOf":{"@id":"https://anderskafka.cz/eshop/#website"},"primaryImageOfPage":{"@id":"https://anderskafka.cz/eshop/produkt/eliga-saunove-vedro-s-uchem-leskla-ocel/#primaryimage"},"datePublished":"2023-03-17T14:37:47+00:00","dateModified":"2025-05-15T09:30:02+00:00","description":"Vědro do sauny s kovovými částmi z lesklé oceli. Vědro se příjemně drží díky uchu vyrobenému z ratanového dřeva. Německá společnost ELIGA Saunatechnik GmbH je specialistou na saunovou techniku &amp; wellness s mnohaletými zkušenostmi a know-how s výrobou saunových doplňků a technologií.","breadcrumb":{"@id":"https://anderskafka.cz/eshop/produkt/eliga-saunove-vedro-s-uchem-leskla-ocel/#breadcrumb"},"inLanguage":"cs","potentialAction":[{"@type":"ReadAction","target":["https://anderskafka.cz/eshop/produkt/eliga-saunove-vedro-s-uchem-leskla-ocel/"]}]},{"@type":"BreadcrumbList","@id":"https://anderskafka.cz/eshop/produkt/eliga-saunove-vedro-s-uchem-leskla-ocel/#breadcrumb","itemListElement":[{"@type":"ListItem","position":1,"name":"Obchod","item":"https://anderskafka.cz/eshop/obchod/"},{"@type":"ListItem","position":2,"name":"ELIGA saunové vědro s uchem lesklá ocel"}]}]}</script>
<!-- / Yoast SEO plugin. -->

ELIGA saunové vědro s uchem lesklá ocel - Anders &amp; Kafka E-SHOP

Vědro do sauny s kovovými částmi z lesklé oceli. Vědro se příjemně drží díky uchu vyrobenému z ratanového dřeva.  Německá společnost ELIGA Saunatechnik GmbH je specialistou na saunovou techniku &amp; wellness s mnohaletými zkušenostmi a know-how s výrobou saunových doplňků a technologií.

Vědro do sauny s kovovými částmi z lesklé oceli. Vědro se příjemně drží díky uchu vyrobenému z ratanového dřeva. Německá společnost ELIGA Saunatechnik GmbH je specialistou na saunovou techniku &amp; wellness s mnohaletými zkušenostmi a know-how s výrobou saunových doplňků a technologií.
