{"id":2761,"date":"2023-04-11T14:01:14","date_gmt":"2023-04-11T12:01:14","guid":{"rendered":"https:\/\/anderskafka.cz\/eshop\/?post_type=product&#038;p=2761"},"modified":"2026-03-27T08:24:38","modified_gmt":"2026-03-27T07:24:38","slug":"eos-scent-trophy-zavesna-odparovaci-miska-nad-saunova-kamna-s-krystaly","status":"publish","type":"product","link":"https:\/\/anderskafka.cz\/eshop\/produkt\/eos-scent-trophy-zavesna-odparovaci-miska-nad-saunova-kamna-s-krystaly\/","title":{"rendered":"EOS scent trophy \u2013 z\u00e1v\u011bsn\u00e1 odpa\u0159ovac\u00ed miska nad saunov\u00e1 kamna s krystaly"},"content":{"rendered":"<p>S designovou miskou na esence od EOS vnesete do sauny je\u0161t\u011b v\u00edce p\u0159\u00edrody. \u00da\u010dink\u016f v\u00fdrobku se dos\u00e1hne rozpou\u0161t\u011bn\u00edm vonn\u00fdch esenc\u00ed, bylinek, jin\u00fdch vonn\u00fdch l\u00e1tek ve vod\u011b nebo nah\u0159\u00edv\u00e1n\u00edm krystal\u016f soli. Zvy\u0161ov\u00e1n\u00edm v\u00fdkonu topn\u00e9ho za\u0159\u00edzen\u00ed sauny je voda oh\u0159\u00edv\u00e1na tak, aby se tyto l\u00e1tky uvol\u0148ovaly v saun\u011b spolu s vypa\u0159uj\u00edc\u00ed se vodou. Pokud se do misky dostane k soln\u00fdm krystal\u016fm i voda, vznik\u00e1 siln\u00e1 kyselina, kter\u00e1 m\u016f\u017ee poni\u010dit saunov\u00e1 kamna, pokud voda p\u0159ete\u010de z misky!<br \/>\nModel pro mont\u00e1\u017e na st\u011bnu. Vyrobeno ze skla s kvalitn\u00edm oto\u010dn\u00fdm nerezov\u00fdm ramenem v \u010dern\u00e9m proveden\u00ed pro provon\u011bn\u00ed saunov\u00e9 kabiny. N\u00e1dobu na esenci lze snadno vyjmout a vy\u010distit. Pomoc\u00ed oto\u010dn\u00e9ho mechanismu lze tak\u00e9 um\u00edstit nad topidlo sauny, \u010d\u00edm\u017e lze individu\u00e1ln\u011b ur\u010dit intenzitu odpa\u0159ov\u00e1n\u00ed.<\/p>\n<p>Upevn\u011bte n\u00e1st\u011bnn\u00fd dr\u017e\u00e1k uprost\u0159ed nad topnou plochou va\u0161eho saunov\u00e9ho topidla. V\u00fd\u0161ku volte tak, aby dno misky bylo cca 18-20 cm nad saunov\u00fdm oh\u0159\u00edva\u010dem (saunov\u00fdmi kameny). Miska m\u00e1 mont\u00e1\u017en\u00ed vzd\u00e1lenost cca 250 mm od st\u011bny a m\u011bla by b\u00fdt namontov\u00e1n uprost\u0159ed nad topnou plochou saunov\u00e9ho topidla.<br \/>\nBalen\u00ed obsahuje i himal\u00e1jsk\u00e9\u00a0soln\u00e9 kameny.<\/p>\n","protected":false},"excerpt":{"rendered":"<p>S designovou miskou na esence od EOS vnesete do sauny je\u0161t\u011b v\u00edce p\u0159\u00edrody a roz\u0161\u00ed\u0159\u00edte mo\u017enosti klasick\u00e9 finsk\u00e9 sauny o v\u00fdhody bio a aroma sauny. \u00da\u010dink\u016f v\u00fdrobku se dos\u00e1hne rozpou\u0161t\u011bn\u00edm vonn\u00fdch esenc\u00ed, bylinek, jin\u00fdch vonn\u00fdch l\u00e1tek ve vod\u011b nebo nah\u0159\u00edv\u00e1n\u00edm krystal\u016f soli. Balen\u00ed obsahuje himal\u00e1jsk\u00e9 soln\u00e9 kameny pro obohacen\u00ed vzduchu sol\u00ed pro p\u0159\u00edjemn\u00e9 &#8220;mo\u0159sk\u00e9 klima&#8221;.<\/p>\n<p>Model pro mont\u00e1\u017e na st\u011bnu. Vyrobeno ze skla s kvalitn\u00edm oto\u010dn\u00fdm nerezov\u00fdm ramenem v \u010dern\u00e9m proveden\u00ed pro provon\u011bn\u00ed saunov\u00e9 kabiny. N\u00e1dobu na esenci lze snadno vyjmout a vy\u010distit. Pomoc\u00ed oto\u010dn\u00e9ho mechanismu lze misku r\u016fzn\u011b um\u00edstit nad topidlo, \u010d\u00edm\u017e lze individu\u00e1ln\u011b ur\u010dit intenzitu odpa\u0159ov\u00e1n\u00ed.<\/p>\n<p>EOS, nejkvalitn\u011bj\u0161\u00ed produkty pro saunu vyroben\u00e9 v N\u011bmecku s 50ti letou tradic\u00ed.<\/p>\n<p><img loading=\"lazy\" class=\"size-full wp-image-1496 aligncenter\" src=\"https:\/\/anderskafka.cz\/eshop\/wp-content\/uploads\/sites\/3\/2022\/12\/made-in-germany-label-icon-of-german-flag-map-vector-22965302.jpg\" alt=\"\" width=\"250\" height=\"250\" srcset=\"https:\/\/anderskafka.cz\/eshop\/wp-content\/uploads\/sites\/3\/2022\/12\/made-in-germany-label-icon-of-german-flag-map-vector-22965302.jpg 250w, https:\/\/anderskafka.cz\/eshop\/wp-content\/uploads\/sites\/3\/2022\/12\/made-in-germany-label-icon-of-german-flag-map-vector-22965302-150x150.jpg 150w, https:\/\/anderskafka.cz\/eshop\/wp-content\/uploads\/sites\/3\/2022\/12\/made-in-germany-label-icon-of-german-flag-map-vector-22965302-100x100.jpg 100w, https:\/\/anderskafka.cz\/eshop\/wp-content\/uploads\/sites\/3\/2022\/12\/made-in-germany-label-icon-of-german-flag-map-vector-22965302-64x64.jpg 64w\" sizes=\"(max-width: 250px) 100vw, 250px\" \/><\/p>\n","protected":false},"featured_media":2762,"comment_status":"open","ping_status":"closed","template":"","meta":{"site-sidebar-layout":"default","site-content-layout":"default","ast-main-header-display":"","ast-hfb-above-header-display":"","ast-hfb-below-header-display":"","ast-hfb-mobile-header-display":"","site-post-title":"","ast-breadcrumbs-content":"","ast-featured-img":"","footer-sml-layout":"","theme-transparent-header-meta":"","adv-header-id-meta":"","stick-header-meta":"","header-above-stick-meta":"","header-main-stick-meta":"","header-below-stick-meta":""},"location":[],"product_cat":[303],"product_tag":[443],"yoast_head":"<!-- This site is optimized with the Yoast SEO plugin v18.5.1 - https:\/\/yoast.com\/wordpress\/plugins\/seo\/ -->\n<title>EOS scent trophy \u2013 z\u00e1v\u011bsn\u00e1 odpa\u0159ovac\u00ed miska nad saunov\u00e1 kamna s krystaly - Anders &amp; Kafka E-SHOP<\/title>\n<meta name=\"description\" content=\"S designovou miskou na esence od EOS vnesete do sauny je\u0161t\u011b v\u00edce p\u0159\u00edrody a roz\u0161\u00ed\u0159\u00edte mo\u017enosti klasick\u00e9 finsk\u00e9 sauny o v\u00fdhody bio a aroma sauny. \u00da\u010dink\u016f v\u00fdrobku se dos\u00e1hne rozpou\u0161t\u011bn\u00edm vonn\u00fdch esenc\u00ed, bylinek, jin\u00fdch vonn\u00fdch l\u00e1tek ve vod\u011b nebo nah\u0159\u00edv\u00e1n\u00edm krystal\u016f soli. Balen\u00ed obsahuje himal\u00e1jsk\u00e9 soln\u00e9 kameny pro obohacen\u00ed vzduchu sol\u00ed pro p\u0159\u00edjemn\u00e9 &quot;mo\u0159sk\u00e9 klima&quot;.  Model pro mont\u00e1\u017e na st\u011bnu. Vyrobeno ze skla s kvalitn\u00edm oto\u010dn\u00fdm nerezov\u00fdm ramenem v \u010dern\u00e9m proveden\u00ed pro provon\u011bn\u00ed saunov\u00e9 kabiny. N\u00e1dobu na esenci lze snadno vyjmout a vy\u010distit. Pomoc\u00ed oto\u010dn\u00e9ho mechanismu lze misku r\u016fzn\u011b um\u00edstit nad topidlo, \u010d\u00edm\u017e lze individu\u00e1ln\u011b ur\u010dit intenzitu odpa\u0159ov\u00e1n\u00ed.  EOS, nejkvalitn\u011bj\u0161\u00ed produkty pro saunu vyroben\u00e9 v N\u011bmecku s 50ti letou tradic\u00ed.\" \/>\n<meta name=\"robots\" content=\"index, follow, max-snippet:-1, max-image-preview:large, max-video-preview:-1\" \/>\n<link rel=\"canonical\" href=\"https:\/\/anderskafka.cz\/eshop\/produkt\/eos-scent-trophy-zavesna-odparovaci-miska-nad-saunova-kamna-s-krystaly\/\" \/>\n<meta property=\"og:locale\" content=\"cs_CZ\" \/>\n<meta property=\"og:type\" content=\"article\" \/>\n<meta property=\"og:title\" content=\"EOS scent trophy \u2013 z\u00e1v\u011bsn\u00e1 odpa\u0159ovac\u00ed miska nad saunov\u00e1 kamna s krystaly - Anders &amp; Kafka E-SHOP\" \/>\n<meta property=\"og:description\" content=\"S designovou miskou na esence od EOS vnesete do sauny je\u0161t\u011b v\u00edce p\u0159\u00edrody a roz\u0161\u00ed\u0159\u00edte mo\u017enosti klasick\u00e9 finsk\u00e9 sauny o v\u00fdhody bio a aroma sauny. \u00da\u010dink\u016f v\u00fdrobku se dos\u00e1hne rozpou\u0161t\u011bn\u00edm vonn\u00fdch esenc\u00ed, bylinek, jin\u00fdch vonn\u00fdch l\u00e1tek ve vod\u011b nebo nah\u0159\u00edv\u00e1n\u00edm krystal\u016f soli. Balen\u00ed obsahuje himal\u00e1jsk\u00e9 soln\u00e9 kameny pro obohacen\u00ed vzduchu sol\u00ed pro p\u0159\u00edjemn\u00e9 &quot;mo\u0159sk\u00e9 klima&quot;.  Model pro mont\u00e1\u017e na st\u011bnu. Vyrobeno ze skla s kvalitn\u00edm oto\u010dn\u00fdm nerezov\u00fdm ramenem v \u010dern\u00e9m proveden\u00ed pro provon\u011bn\u00ed saunov\u00e9 kabiny. N\u00e1dobu na esenci lze snadno vyjmout a vy\u010distit. Pomoc\u00ed oto\u010dn\u00e9ho mechanismu lze misku r\u016fzn\u011b um\u00edstit nad topidlo, \u010d\u00edm\u017e lze individu\u00e1ln\u011b ur\u010dit intenzitu odpa\u0159ov\u00e1n\u00ed.  EOS, nejkvalitn\u011bj\u0161\u00ed produkty pro saunu vyroben\u00e9 v N\u011bmecku s 50ti letou tradic\u00ed.\" \/>\n<meta property=\"og:url\" content=\"https:\/\/anderskafka.cz\/eshop\/produkt\/eos-scent-trophy-zavesna-odparovaci-miska-nad-saunova-kamna-s-krystaly\/\" \/>\n<meta property=\"og:site_name\" content=\"Anders &amp; Kafka E-SHOP\" \/>\n<meta property=\"article:modified_time\" content=\"2026-03-27T07:24:38+00:00\" \/>\n<meta property=\"og:image\" content=\"https:\/\/anderskafka.cz\/eshop\/wp-content\/uploads\/sites\/3\/2023\/04\/Essenszenschale_Alpha_ISVL_low-scaled.jpg\" \/>\n\t<meta property=\"og:image:width\" content=\"2560\" \/>\n\t<meta property=\"og:image:height\" content=\"2560\" \/>\n\t<meta property=\"og:image:type\" content=\"image\/jpeg\" \/>\n<meta name=\"twitter:card\" content=\"summary_large_image\" \/>\n<meta name=\"twitter:label1\" content=\"Odhadovan\u00e1 doba \u010dten\u00ed\" \/>\n\t<meta name=\"twitter:data1\" content=\"1 minuta\" \/>\n<script type=\"application\/ld+json\" class=\"yoast-schema-graph\">{\"@context\":\"https:\/\/schema.org\",\"@graph\":[{\"@type\":\"WebSite\",\"@id\":\"https:\/\/anderskafka.cz\/eshop\/#website\",\"url\":\"https:\/\/anderskafka.cz\/eshop\/\",\"name\":\"Anders &amp; Kafka E-SHOP\",\"description\":\"Anders &amp; Kafka E-SHOP\",\"potentialAction\":[{\"@type\":\"SearchAction\",\"target\":{\"@type\":\"EntryPoint\",\"urlTemplate\":\"https:\/\/anderskafka.cz\/eshop\/?s={search_term_string}\"},\"query-input\":\"required name=search_term_string\"}],\"inLanguage\":\"cs\"},{\"@type\":\"ImageObject\",\"@id\":\"https:\/\/anderskafka.cz\/eshop\/produkt\/eos-scent-trophy-zavesna-odparovaci-miska-nad-saunova-kamna-s-krystaly\/#primaryimage\",\"inLanguage\":\"cs\",\"url\":\"https:\/\/anderskafka.cz\/eshop\/wp-content\/uploads\/sites\/3\/2023\/04\/Essenszenschale_Alpha_ISVL_low-scaled.jpg\",\"contentUrl\":\"https:\/\/anderskafka.cz\/eshop\/wp-content\/uploads\/sites\/3\/2023\/04\/Essenszenschale_Alpha_ISVL_low-scaled.jpg\",\"width\":2560,\"height\":2560},{\"@type\":\"WebPage\",\"@id\":\"https:\/\/anderskafka.cz\/eshop\/produkt\/eos-scent-trophy-zavesna-odparovaci-miska-nad-saunova-kamna-s-krystaly\/#webpage\",\"url\":\"https:\/\/anderskafka.cz\/eshop\/produkt\/eos-scent-trophy-zavesna-odparovaci-miska-nad-saunova-kamna-s-krystaly\/\",\"name\":\"EOS scent trophy \u2013 z\u00e1v\u011bsn\u00e1 odpa\u0159ovac\u00ed miska nad saunov\u00e1 kamna s krystaly - Anders &amp; Kafka E-SHOP\",\"isPartOf\":{\"@id\":\"https:\/\/anderskafka.cz\/eshop\/#website\"},\"primaryImageOfPage\":{\"@id\":\"https:\/\/anderskafka.cz\/eshop\/produkt\/eos-scent-trophy-zavesna-odparovaci-miska-nad-saunova-kamna-s-krystaly\/#primaryimage\"},\"datePublished\":\"2023-04-11T12:01:14+00:00\",\"dateModified\":\"2026-03-27T07:24:38+00:00\",\"description\":\"S designovou miskou na esence od EOS vnesete do sauny je\u0161t\u011b v\u00edce p\u0159\u00edrody a roz\u0161\u00ed\u0159\u00edte mo\u017enosti klasick\u00e9 finsk\u00e9 sauny o v\u00fdhody bio a aroma sauny. \u00da\u010dink\u016f v\u00fdrobku se dos\u00e1hne rozpou\u0161t\u011bn\u00edm vonn\u00fdch esenc\u00ed, bylinek, jin\u00fdch vonn\u00fdch l\u00e1tek ve vod\u011b nebo nah\u0159\u00edv\u00e1n\u00edm krystal\u016f soli. Balen\u00ed obsahuje himal\u00e1jsk\u00e9 soln\u00e9 kameny pro obohacen\u00ed vzduchu sol\u00ed pro p\u0159\u00edjemn\u00e9 \\\"mo\u0159sk\u00e9 klima\\\". Model pro mont\u00e1\u017e na st\u011bnu. Vyrobeno ze skla s kvalitn\u00edm oto\u010dn\u00fdm nerezov\u00fdm ramenem v \u010dern\u00e9m proveden\u00ed pro provon\u011bn\u00ed saunov\u00e9 kabiny. N\u00e1dobu na esenci lze snadno vyjmout a vy\u010distit. Pomoc\u00ed oto\u010dn\u00e9ho mechanismu lze misku r\u016fzn\u011b um\u00edstit nad topidlo, \u010d\u00edm\u017e lze individu\u00e1ln\u011b ur\u010dit intenzitu odpa\u0159ov\u00e1n\u00ed. EOS, nejkvalitn\u011bj\u0161\u00ed produkty pro saunu vyroben\u00e9 v N\u011bmecku s 50ti letou tradic\u00ed.\",\"breadcrumb\":{\"@id\":\"https:\/\/anderskafka.cz\/eshop\/produkt\/eos-scent-trophy-zavesna-odparovaci-miska-nad-saunova-kamna-s-krystaly\/#breadcrumb\"},\"inLanguage\":\"cs\",\"potentialAction\":[{\"@type\":\"ReadAction\",\"target\":[\"https:\/\/anderskafka.cz\/eshop\/produkt\/eos-scent-trophy-zavesna-odparovaci-miska-nad-saunova-kamna-s-krystaly\/\"]}]},{\"@type\":\"BreadcrumbList\",\"@id\":\"https:\/\/anderskafka.cz\/eshop\/produkt\/eos-scent-trophy-zavesna-odparovaci-miska-nad-saunova-kamna-s-krystaly\/#breadcrumb\",\"itemListElement\":[{\"@type\":\"ListItem\",\"position\":1,\"name\":\"Obchod\",\"item\":\"https:\/\/anderskafka.cz\/eshop\/obchod\/\"},{\"@type\":\"ListItem\",\"position\":2,\"name\":\"EOS scent trophy \u2013 z\u00e1v\u011bsn\u00e1 odpa\u0159ovac\u00ed miska nad saunov\u00e1 kamna s krystaly\"}]}]}<\/script>\n<!-- \/ Yoast SEO plugin. -->","yoast_head_json":{"title":"EOS scent trophy \u2013 z\u00e1v\u011bsn\u00e1 odpa\u0159ovac\u00ed miska nad saunov\u00e1 kamna s krystaly - Anders &amp; Kafka E-SHOP","description":"S designovou miskou na esence od EOS vnesete do sauny je\u0161t\u011b v\u00edce p\u0159\u00edrody a roz\u0161\u00ed\u0159\u00edte mo\u017enosti klasick\u00e9 finsk\u00e9 sauny o v\u00fdhody bio a aroma sauny. \u00da\u010dink\u016f v\u00fdrobku se dos\u00e1hne rozpou\u0161t\u011bn\u00edm vonn\u00fdch esenc\u00ed, bylinek, jin\u00fdch vonn\u00fdch l\u00e1tek ve vod\u011b nebo nah\u0159\u00edv\u00e1n\u00edm krystal\u016f soli. Balen\u00ed obsahuje himal\u00e1jsk\u00e9 soln\u00e9 kameny pro obohacen\u00ed vzduchu sol\u00ed pro p\u0159\u00edjemn\u00e9 \"mo\u0159sk\u00e9 klima\".  Model pro mont\u00e1\u017e na st\u011bnu. Vyrobeno ze skla s kvalitn\u00edm oto\u010dn\u00fdm nerezov\u00fdm ramenem v \u010dern\u00e9m proveden\u00ed pro provon\u011bn\u00ed saunov\u00e9 kabiny. N\u00e1dobu na esenci lze snadno vyjmout a vy\u010distit. Pomoc\u00ed oto\u010dn\u00e9ho mechanismu lze misku r\u016fzn\u011b um\u00edstit nad topidlo, \u010d\u00edm\u017e lze individu\u00e1ln\u011b ur\u010dit intenzitu odpa\u0159ov\u00e1n\u00ed.  EOS, nejkvalitn\u011bj\u0161\u00ed produkty pro saunu vyroben\u00e9 v N\u011bmecku s 50ti letou tradic\u00ed.","robots":{"index":"index","follow":"follow","max-snippet":"max-snippet:-1","max-image-preview":"max-image-preview:large","max-video-preview":"max-video-preview:-1"},"canonical":"https:\/\/anderskafka.cz\/eshop\/produkt\/eos-scent-trophy-zavesna-odparovaci-miska-nad-saunova-kamna-s-krystaly\/","og_locale":"cs_CZ","og_type":"article","og_title":"EOS scent trophy \u2013 z\u00e1v\u011bsn\u00e1 odpa\u0159ovac\u00ed miska nad saunov\u00e1 kamna s krystaly - Anders &amp; Kafka E-SHOP","og_description":"S designovou miskou na esence od EOS vnesete do sauny je\u0161t\u011b v\u00edce p\u0159\u00edrody a roz\u0161\u00ed\u0159\u00edte mo\u017enosti klasick\u00e9 finsk\u00e9 sauny o v\u00fdhody bio a aroma sauny. \u00da\u010dink\u016f v\u00fdrobku se dos\u00e1hne rozpou\u0161t\u011bn\u00edm vonn\u00fdch esenc\u00ed, bylinek, jin\u00fdch vonn\u00fdch l\u00e1tek ve vod\u011b nebo nah\u0159\u00edv\u00e1n\u00edm krystal\u016f soli. Balen\u00ed obsahuje himal\u00e1jsk\u00e9 soln\u00e9 kameny pro obohacen\u00ed vzduchu sol\u00ed pro p\u0159\u00edjemn\u00e9 \"mo\u0159sk\u00e9 klima\".  Model pro mont\u00e1\u017e na st\u011bnu. Vyrobeno ze skla s kvalitn\u00edm oto\u010dn\u00fdm nerezov\u00fdm ramenem v \u010dern\u00e9m proveden\u00ed pro provon\u011bn\u00ed saunov\u00e9 kabiny. N\u00e1dobu na esenci lze snadno vyjmout a vy\u010distit. Pomoc\u00ed oto\u010dn\u00e9ho mechanismu lze misku r\u016fzn\u011b um\u00edstit nad topidlo, \u010d\u00edm\u017e lze individu\u00e1ln\u011b ur\u010dit intenzitu odpa\u0159ov\u00e1n\u00ed.  EOS, nejkvalitn\u011bj\u0161\u00ed produkty pro saunu vyroben\u00e9 v N\u011bmecku s 50ti letou tradic\u00ed.","og_url":"https:\/\/anderskafka.cz\/eshop\/produkt\/eos-scent-trophy-zavesna-odparovaci-miska-nad-saunova-kamna-s-krystaly\/","og_site_name":"Anders &amp; Kafka E-SHOP","article_modified_time":"2026-03-27T07:24:38+00:00","og_image":[{"width":2560,"height":2560,"url":"https:\/\/anderskafka.cz\/eshop\/wp-content\/uploads\/sites\/3\/2023\/04\/Essenszenschale_Alpha_ISVL_low-scaled.jpg","type":"image\/jpeg"}],"twitter_card":"summary_large_image","twitter_misc":{"Odhadovan\u00e1 doba \u010dten\u00ed":"1 minuta"},"schema":{"@context":"https:\/\/schema.org","@graph":[{"@type":"WebSite","@id":"https:\/\/anderskafka.cz\/eshop\/#website","url":"https:\/\/anderskafka.cz\/eshop\/","name":"Anders &amp; Kafka E-SHOP","description":"Anders &amp; Kafka E-SHOP","potentialAction":[{"@type":"SearchAction","target":{"@type":"EntryPoint","urlTemplate":"https:\/\/anderskafka.cz\/eshop\/?s={search_term_string}"},"query-input":"required name=search_term_string"}],"inLanguage":"cs"},{"@type":"ImageObject","@id":"https:\/\/anderskafka.cz\/eshop\/produkt\/eos-scent-trophy-zavesna-odparovaci-miska-nad-saunova-kamna-s-krystaly\/#primaryimage","inLanguage":"cs","url":"https:\/\/anderskafka.cz\/eshop\/wp-content\/uploads\/sites\/3\/2023\/04\/Essenszenschale_Alpha_ISVL_low-scaled.jpg","contentUrl":"https:\/\/anderskafka.cz\/eshop\/wp-content\/uploads\/sites\/3\/2023\/04\/Essenszenschale_Alpha_ISVL_low-scaled.jpg","width":2560,"height":2560},{"@type":"WebPage","@id":"https:\/\/anderskafka.cz\/eshop\/produkt\/eos-scent-trophy-zavesna-odparovaci-miska-nad-saunova-kamna-s-krystaly\/#webpage","url":"https:\/\/anderskafka.cz\/eshop\/produkt\/eos-scent-trophy-zavesna-odparovaci-miska-nad-saunova-kamna-s-krystaly\/","name":"EOS scent trophy \u2013 z\u00e1v\u011bsn\u00e1 odpa\u0159ovac\u00ed miska nad saunov\u00e1 kamna s krystaly - Anders &amp; Kafka E-SHOP","isPartOf":{"@id":"https:\/\/anderskafka.cz\/eshop\/#website"},"primaryImageOfPage":{"@id":"https:\/\/anderskafka.cz\/eshop\/produkt\/eos-scent-trophy-zavesna-odparovaci-miska-nad-saunova-kamna-s-krystaly\/#primaryimage"},"datePublished":"2023-04-11T12:01:14+00:00","dateModified":"2026-03-27T07:24:38+00:00","description":"S designovou miskou na esence od EOS vnesete do sauny je\u0161t\u011b v\u00edce p\u0159\u00edrody a roz\u0161\u00ed\u0159\u00edte mo\u017enosti klasick\u00e9 finsk\u00e9 sauny o v\u00fdhody bio a aroma sauny. \u00da\u010dink\u016f v\u00fdrobku se dos\u00e1hne rozpou\u0161t\u011bn\u00edm vonn\u00fdch esenc\u00ed, bylinek, jin\u00fdch vonn\u00fdch l\u00e1tek ve vod\u011b nebo nah\u0159\u00edv\u00e1n\u00edm krystal\u016f soli. Balen\u00ed obsahuje himal\u00e1jsk\u00e9 soln\u00e9 kameny pro obohacen\u00ed vzduchu sol\u00ed pro p\u0159\u00edjemn\u00e9 \"mo\u0159sk\u00e9 klima\". Model pro mont\u00e1\u017e na st\u011bnu. Vyrobeno ze skla s kvalitn\u00edm oto\u010dn\u00fdm nerezov\u00fdm ramenem v \u010dern\u00e9m proveden\u00ed pro provon\u011bn\u00ed saunov\u00e9 kabiny. N\u00e1dobu na esenci lze snadno vyjmout a vy\u010distit. Pomoc\u00ed oto\u010dn\u00e9ho mechanismu lze misku r\u016fzn\u011b um\u00edstit nad topidlo, \u010d\u00edm\u017e lze individu\u00e1ln\u011b ur\u010dit intenzitu odpa\u0159ov\u00e1n\u00ed. EOS, nejkvalitn\u011bj\u0161\u00ed produkty pro saunu vyroben\u00e9 v N\u011bmecku s 50ti letou tradic\u00ed.","breadcrumb":{"@id":"https:\/\/anderskafka.cz\/eshop\/produkt\/eos-scent-trophy-zavesna-odparovaci-miska-nad-saunova-kamna-s-krystaly\/#breadcrumb"},"inLanguage":"cs","potentialAction":[{"@type":"ReadAction","target":["https:\/\/anderskafka.cz\/eshop\/produkt\/eos-scent-trophy-zavesna-odparovaci-miska-nad-saunova-kamna-s-krystaly\/"]}]},{"@type":"BreadcrumbList","@id":"https:\/\/anderskafka.cz\/eshop\/produkt\/eos-scent-trophy-zavesna-odparovaci-miska-nad-saunova-kamna-s-krystaly\/#breadcrumb","itemListElement":[{"@type":"ListItem","position":1,"name":"Obchod","item":"https:\/\/anderskafka.cz\/eshop\/obchod\/"},{"@type":"ListItem","position":2,"name":"EOS scent trophy \u2013 z\u00e1v\u011bsn\u00e1 odpa\u0159ovac\u00ed miska nad saunov\u00e1 kamna s krystaly"}]}]}},"locations":[],"_links":{"self":[{"href":"https:\/\/anderskafka.cz\/eshop\/wp-json\/wp\/v2\/product\/2761"}],"collection":[{"href":"https:\/\/anderskafka.cz\/eshop\/wp-json\/wp\/v2\/product"}],"about":[{"href":"https:\/\/anderskafka.cz\/eshop\/wp-json\/wp\/v2\/types\/product"}],"replies":[{"embeddable":true,"href":"https:\/\/anderskafka.cz\/eshop\/wp-json\/wp\/v2\/comments?post=2761"}],"wp:featuredmedia":[{"embeddable":true,"href":"https:\/\/anderskafka.cz\/eshop\/wp-json\/wp\/v2\/media\/2762"}],"wp:attachment":[{"href":"https:\/\/anderskafka.cz\/eshop\/wp-json\/wp\/v2\/media?parent=2761"}],"wp:term":[{"taxonomy":"location","embeddable":true,"href":"https:\/\/anderskafka.cz\/eshop\/wp-json\/wp\/v2\/location?post=2761"},{"taxonomy":"product_cat","embeddable":true,"href":"https:\/\/anderskafka.cz\/eshop\/wp-json\/wp\/v2\/product_cat?post=2761"},{"taxonomy":"product_tag","embeddable":true,"href":"https:\/\/anderskafka.cz\/eshop\/wp-json\/wp\/v2\/product_tag?post=2761"}],"curies":[{"name":"wp","href":"https:\/\/api.w.org\/{rel}","templated":true}]}}