{"id":3539,"date":"2023-05-24T11:15:19","date_gmt":"2023-05-24T09:15:19","guid":{"rendered":"https:\/\/anderskafka.cz\/eshop\/?post_type=product&#038;p=3539"},"modified":"2024-12-05T09:40:39","modified_gmt":"2024-12-05T08:40:39","slug":"stojan-cerny-xl-do-150-kg","status":"publish","type":"product","link":"https:\/\/anderskafka.cz\/eshop\/produkt\/stojan-cerny-xl-do-150-kg\/","title":{"rendered":"stojan \u010dern\u00fd XL do 150 kg"},"content":{"rendered":"<div class=\"s1-categoryText-top clear\">\n<div class=\"userHTMLContent productListDescription s1-anim-show\">\n<p>Samostatn\u011b stoj\u00edc\u00ed stojan s nosnost\u00ed 150 kg. Baleno v kartonov\u00e9 krabici o rozm\u011brech 60 x 15 x 150 cm.<\/p>\n<\/div>\n<\/div>\n<p><strong>Stojan je prostorov\u011b n\u00e1ro\u010dn\u00fd, proto je nutn\u00e9 dob\u0159e zm\u011b\u0159it, zda je u V\u00e1s doma dostatek prostoru k jeho um\u00edst\u011bn\u00ed. Hmotnost stojanu je 20kg.<\/strong><\/p>\n<ul>\n<li>Rozm\u011bry cca v\u00fd\u0161ka 210 x \u0161\u00ed\u0159ka 140 x hloubka 160 cm<\/li>\n<li>Hmotnost cca 20 kg<\/li>\n<li>Nosnost 150 kg<\/li>\n<li>Materi\u00e1l ocel<\/li>\n<li>V\u00fdrobce Amanka<\/li>\n<\/ul>\n","protected":false},"excerpt":{"rendered":"<p>Samostatn\u011b stoj\u00edc\u00ed stojan s nosnost\u00ed 150 kg. Tento voln\u011b stoj\u00edc\u00ed stojan na z\u00e1v\u011bsn\u00e1 k\u0159esla je vyroben\u00fd z ocelov\u00fdch trubek lakovan\u00fdch na \u010derno. Dod\u00e1v\u00e1 se v demontu.<\/p>\n<p>&nbsp;<\/p>\n","protected":false},"featured_media":3543,"comment_status":"open","ping_status":"closed","template":"","meta":{"site-sidebar-layout":"default","site-content-layout":"default","ast-main-header-display":"","ast-hfb-above-header-display":"","ast-hfb-below-header-display":"","ast-hfb-mobile-header-display":"","site-post-title":"","ast-breadcrumbs-content":"","ast-featured-img":"","footer-sml-layout":"","theme-transparent-header-meta":"","adv-header-id-meta":"","stick-header-meta":"","header-above-stick-meta":"","header-main-stick-meta":"","header-below-stick-meta":""},"location":[],"product_cat":[931],"product_tag":[943],"yoast_head":"<!-- This site is optimized with the Yoast SEO plugin v18.5.1 - https:\/\/yoast.com\/wordpress\/plugins\/seo\/ -->\n<title>stojan \u010dern\u00fd XL do 150 kg - Anders &amp; Kafka E-SHOP<\/title>\n<meta name=\"description\" content=\"Samostatn\u011b stoj\u00edc\u00ed stojan s nosnost\u00ed 150 kg. Tento voln\u011b stoj\u00edc\u00ed stojan na z\u00e1v\u011bsn\u00e1 k\u0159esla je vyroben\u00fd z ocelov\u00fdch trubek lakovan\u00fdch na \u010derno. Dod\u00e1v\u00e1 se v demontu.  &nbsp;\" \/>\n<meta name=\"robots\" content=\"index, follow, max-snippet:-1, max-image-preview:large, max-video-preview:-1\" \/>\n<link rel=\"canonical\" href=\"https:\/\/anderskafka.cz\/eshop\/produkt\/stojan-cerny-xl-do-150-kg\/\" \/>\n<meta property=\"og:locale\" content=\"cs_CZ\" \/>\n<meta property=\"og:type\" content=\"article\" \/>\n<meta property=\"og:title\" content=\"stojan \u010dern\u00fd XL do 150 kg - Anders &amp; Kafka E-SHOP\" \/>\n<meta property=\"og:description\" content=\"Samostatn\u011b stoj\u00edc\u00ed stojan s nosnost\u00ed 150 kg. Tento voln\u011b stoj\u00edc\u00ed stojan na z\u00e1v\u011bsn\u00e1 k\u0159esla je vyroben\u00fd z ocelov\u00fdch trubek lakovan\u00fdch na \u010derno. Dod\u00e1v\u00e1 se v demontu.  &nbsp;\" \/>\n<meta property=\"og:url\" content=\"https:\/\/anderskafka.cz\/eshop\/produkt\/stojan-cerny-xl-do-150-kg\/\" \/>\n<meta property=\"og:site_name\" content=\"Anders &amp; Kafka E-SHOP\" \/>\n<meta property=\"article:modified_time\" content=\"2024-12-05T08:40:39+00:00\" \/>\n<meta property=\"og:image\" content=\"https:\/\/anderskafka.cz\/eshop\/wp-content\/uploads\/sites\/3\/2023\/05\/dalsi-foto.jpg\" \/>\n\t<meta property=\"og:image:width\" content=\"500\" \/>\n\t<meta property=\"og:image:height\" content=\"452\" \/>\n\t<meta property=\"og:image:type\" content=\"image\/jpeg\" \/>\n<meta name=\"twitter:card\" content=\"summary_large_image\" \/>\n<meta name=\"twitter:label1\" content=\"Odhadovan\u00e1 doba \u010dten\u00ed\" \/>\n\t<meta name=\"twitter:data1\" content=\"1 minuta\" \/>\n<script type=\"application\/ld+json\" class=\"yoast-schema-graph\">{\"@context\":\"https:\/\/schema.org\",\"@graph\":[{\"@type\":\"WebSite\",\"@id\":\"https:\/\/anderskafka.cz\/eshop\/#website\",\"url\":\"https:\/\/anderskafka.cz\/eshop\/\",\"name\":\"Anders &amp; Kafka E-SHOP\",\"description\":\"Anders &amp; Kafka E-SHOP\",\"potentialAction\":[{\"@type\":\"SearchAction\",\"target\":{\"@type\":\"EntryPoint\",\"urlTemplate\":\"https:\/\/anderskafka.cz\/eshop\/?s={search_term_string}\"},\"query-input\":\"required name=search_term_string\"}],\"inLanguage\":\"cs\"},{\"@type\":\"ImageObject\",\"@id\":\"https:\/\/anderskafka.cz\/eshop\/produkt\/stojan-cerny-xl-do-150-kg\/#primaryimage\",\"inLanguage\":\"cs\",\"url\":\"https:\/\/anderskafka.cz\/eshop\/wp-content\/uploads\/sites\/3\/2023\/05\/dalsi-foto.jpg\",\"contentUrl\":\"https:\/\/anderskafka.cz\/eshop\/wp-content\/uploads\/sites\/3\/2023\/05\/dalsi-foto.jpg\",\"width\":500,\"height\":452},{\"@type\":\"WebPage\",\"@id\":\"https:\/\/anderskafka.cz\/eshop\/produkt\/stojan-cerny-xl-do-150-kg\/#webpage\",\"url\":\"https:\/\/anderskafka.cz\/eshop\/produkt\/stojan-cerny-xl-do-150-kg\/\",\"name\":\"stojan \u010dern\u00fd XL do 150 kg - Anders &amp; Kafka E-SHOP\",\"isPartOf\":{\"@id\":\"https:\/\/anderskafka.cz\/eshop\/#website\"},\"primaryImageOfPage\":{\"@id\":\"https:\/\/anderskafka.cz\/eshop\/produkt\/stojan-cerny-xl-do-150-kg\/#primaryimage\"},\"datePublished\":\"2023-05-24T09:15:19+00:00\",\"dateModified\":\"2024-12-05T08:40:39+00:00\",\"description\":\"Samostatn\u011b stoj\u00edc\u00ed stojan s nosnost\u00ed 150 kg. Tento voln\u011b stoj\u00edc\u00ed stojan na z\u00e1v\u011bsn\u00e1 k\u0159esla je vyroben\u00fd z ocelov\u00fdch trubek lakovan\u00fdch na \u010derno. Dod\u00e1v\u00e1 se v demontu. &nbsp;\",\"breadcrumb\":{\"@id\":\"https:\/\/anderskafka.cz\/eshop\/produkt\/stojan-cerny-xl-do-150-kg\/#breadcrumb\"},\"inLanguage\":\"cs\",\"potentialAction\":[{\"@type\":\"ReadAction\",\"target\":[\"https:\/\/anderskafka.cz\/eshop\/produkt\/stojan-cerny-xl-do-150-kg\/\"]}]},{\"@type\":\"BreadcrumbList\",\"@id\":\"https:\/\/anderskafka.cz\/eshop\/produkt\/stojan-cerny-xl-do-150-kg\/#breadcrumb\",\"itemListElement\":[{\"@type\":\"ListItem\",\"position\":1,\"name\":\"Obchod\",\"item\":\"https:\/\/anderskafka.cz\/eshop\/obchod\/\"},{\"@type\":\"ListItem\",\"position\":2,\"name\":\"stojan \u010dern\u00fd XL do 150 kg\"}]}]}<\/script>\n<!-- \/ Yoast SEO plugin. -->","yoast_head_json":{"title":"stojan \u010dern\u00fd XL do 150 kg - Anders &amp; Kafka E-SHOP","description":"Samostatn\u011b stoj\u00edc\u00ed stojan s nosnost\u00ed 150 kg. Tento voln\u011b stoj\u00edc\u00ed stojan na z\u00e1v\u011bsn\u00e1 k\u0159esla je vyroben\u00fd z ocelov\u00fdch trubek lakovan\u00fdch na \u010derno. Dod\u00e1v\u00e1 se v demontu.  &nbsp;","robots":{"index":"index","follow":"follow","max-snippet":"max-snippet:-1","max-image-preview":"max-image-preview:large","max-video-preview":"max-video-preview:-1"},"canonical":"https:\/\/anderskafka.cz\/eshop\/produkt\/stojan-cerny-xl-do-150-kg\/","og_locale":"cs_CZ","og_type":"article","og_title":"stojan \u010dern\u00fd XL do 150 kg - Anders &amp; Kafka E-SHOP","og_description":"Samostatn\u011b stoj\u00edc\u00ed stojan s nosnost\u00ed 150 kg. Tento voln\u011b stoj\u00edc\u00ed stojan na z\u00e1v\u011bsn\u00e1 k\u0159esla je vyroben\u00fd z ocelov\u00fdch trubek lakovan\u00fdch na \u010derno. Dod\u00e1v\u00e1 se v demontu.  &nbsp;","og_url":"https:\/\/anderskafka.cz\/eshop\/produkt\/stojan-cerny-xl-do-150-kg\/","og_site_name":"Anders &amp; Kafka E-SHOP","article_modified_time":"2024-12-05T08:40:39+00:00","og_image":[{"width":500,"height":452,"url":"https:\/\/anderskafka.cz\/eshop\/wp-content\/uploads\/sites\/3\/2023\/05\/dalsi-foto.jpg","type":"image\/jpeg"}],"twitter_card":"summary_large_image","twitter_misc":{"Odhadovan\u00e1 doba \u010dten\u00ed":"1 minuta"},"schema":{"@context":"https:\/\/schema.org","@graph":[{"@type":"WebSite","@id":"https:\/\/anderskafka.cz\/eshop\/#website","url":"https:\/\/anderskafka.cz\/eshop\/","name":"Anders &amp; Kafka E-SHOP","description":"Anders &amp; Kafka E-SHOP","potentialAction":[{"@type":"SearchAction","target":{"@type":"EntryPoint","urlTemplate":"https:\/\/anderskafka.cz\/eshop\/?s={search_term_string}"},"query-input":"required name=search_term_string"}],"inLanguage":"cs"},{"@type":"ImageObject","@id":"https:\/\/anderskafka.cz\/eshop\/produkt\/stojan-cerny-xl-do-150-kg\/#primaryimage","inLanguage":"cs","url":"https:\/\/anderskafka.cz\/eshop\/wp-content\/uploads\/sites\/3\/2023\/05\/dalsi-foto.jpg","contentUrl":"https:\/\/anderskafka.cz\/eshop\/wp-content\/uploads\/sites\/3\/2023\/05\/dalsi-foto.jpg","width":500,"height":452},{"@type":"WebPage","@id":"https:\/\/anderskafka.cz\/eshop\/produkt\/stojan-cerny-xl-do-150-kg\/#webpage","url":"https:\/\/anderskafka.cz\/eshop\/produkt\/stojan-cerny-xl-do-150-kg\/","name":"stojan \u010dern\u00fd XL do 150 kg - Anders &amp; Kafka E-SHOP","isPartOf":{"@id":"https:\/\/anderskafka.cz\/eshop\/#website"},"primaryImageOfPage":{"@id":"https:\/\/anderskafka.cz\/eshop\/produkt\/stojan-cerny-xl-do-150-kg\/#primaryimage"},"datePublished":"2023-05-24T09:15:19+00:00","dateModified":"2024-12-05T08:40:39+00:00","description":"Samostatn\u011b stoj\u00edc\u00ed stojan s nosnost\u00ed 150 kg. Tento voln\u011b stoj\u00edc\u00ed stojan na z\u00e1v\u011bsn\u00e1 k\u0159esla je vyroben\u00fd z ocelov\u00fdch trubek lakovan\u00fdch na \u010derno. Dod\u00e1v\u00e1 se v demontu. &nbsp;","breadcrumb":{"@id":"https:\/\/anderskafka.cz\/eshop\/produkt\/stojan-cerny-xl-do-150-kg\/#breadcrumb"},"inLanguage":"cs","potentialAction":[{"@type":"ReadAction","target":["https:\/\/anderskafka.cz\/eshop\/produkt\/stojan-cerny-xl-do-150-kg\/"]}]},{"@type":"BreadcrumbList","@id":"https:\/\/anderskafka.cz\/eshop\/produkt\/stojan-cerny-xl-do-150-kg\/#breadcrumb","itemListElement":[{"@type":"ListItem","position":1,"name":"Obchod","item":"https:\/\/anderskafka.cz\/eshop\/obchod\/"},{"@type":"ListItem","position":2,"name":"stojan \u010dern\u00fd XL do 150 kg"}]}]}},"locations":[],"_links":{"self":[{"href":"https:\/\/anderskafka.cz\/eshop\/wp-json\/wp\/v2\/product\/3539"}],"collection":[{"href":"https:\/\/anderskafka.cz\/eshop\/wp-json\/wp\/v2\/product"}],"about":[{"href":"https:\/\/anderskafka.cz\/eshop\/wp-json\/wp\/v2\/types\/product"}],"replies":[{"embeddable":true,"href":"https:\/\/anderskafka.cz\/eshop\/wp-json\/wp\/v2\/comments?post=3539"}],"wp:featuredmedia":[{"embeddable":true,"href":"https:\/\/anderskafka.cz\/eshop\/wp-json\/wp\/v2\/media\/3543"}],"wp:attachment":[{"href":"https:\/\/anderskafka.cz\/eshop\/wp-json\/wp\/v2\/media?parent=3539"}],"wp:term":[{"taxonomy":"location","embeddable":true,"href":"https:\/\/anderskafka.cz\/eshop\/wp-json\/wp\/v2\/location?post=3539"},{"taxonomy":"product_cat","embeddable":true,"href":"https:\/\/anderskafka.cz\/eshop\/wp-json\/wp\/v2\/product_cat?post=3539"},{"taxonomy":"product_tag","embeddable":true,"href":"https:\/\/anderskafka.cz\/eshop\/wp-json\/wp\/v2\/product_tag?post=3539"}],"curies":[{"name":"wp","href":"https:\/\/api.w.org\/{rel}","templated":true}]}}