{"id":3792,"date":"2023-06-08T21:26:24","date_gmt":"2023-06-08T19:26:24","guid":{"rendered":"https:\/\/anderskafka.cz\/eshop\/?post_type=product&#038;p=3792"},"modified":"2025-07-12T22:14:54","modified_gmt":"2025-07-12T20:14:54","slug":"doterra-sun-telovy-mineralni-sprej-na-opalovani","status":"publish","type":"product","link":"https:\/\/anderskafka.cz\/eshop\/produkt\/doterra-sun-telovy-mineralni-sprej-na-opalovani\/","title":{"rendered":"doTERRA\u2122 sun t\u011blov\u00fd miner\u00e1ln\u00ed sprej na opalov\u00e1n\u00ed"},"content":{"rendered":"<p>d\u014dTERRA\u2122 sun opalovac\u00ed t\u011blov\u00fd a miner\u00e1ln\u00ed sprej. Kv\u011btinov\u00e9 v\u016fn\u011b olej\u016f Magnolie, Ylang-ylang a Smil italsk\u00fd se m\u00eds\u00ed s oleji \u010cerven\u00e1 mandarinka, Citronov\u00e1 tr\u00e1va, Mrkvov\u00e1 sem\u00ednka a Kadidlo a vytv\u00e1\u0159ej\u00ed lehk\u00e9, povzn\u00e1\u0161ej\u00edc\u00ed aroma. M\u00e1 ochrann\u00fd faktor SPF 30 proti UVA z\u00e1\u0159en\u00ed, \u010d\u00edm\u017e chr\u00e1n\u00ed zdrav\u00ed poko\u017eky, st\u00e1rnut\u00ed pleti i vzniku vr\u00e1sek. Je vod\u011bodoln\u00fd, vy\u017eivuj\u00edc\u00ed a zklid\u0148uj\u00edc\u00ed. Miner\u00e1ln\u00ed sprej d\u014dTERRA\u2122 sun je jedine\u010dn\u00e1 p\u0159\u00edrodn\u00ed ochrana p\u0159ed sluncem v praktick\u00e9m balen\u00ed. Sprej je k dispozici v hlin\u00edkov\u00e9 n\u00e1dobce s rozpra\u0161ova\u010dem bez aerosol\u016f, kter\u00e1 vytv\u00e1\u0159\u00ed souvislou mlhu pro snadnou aplikaci na cel\u00e9 t\u011blo. Aplikace je p\u0159\u00edjemn\u011b jednoduch\u00e1. Ochrana proti slunci V\u00e1m vydr\u017e\u00ed a\u017e 80 minut.<\/p>\n<ul style=\"font-weight: 400;\">\n<li>Nab\u00edz\u00ed ochrann\u00fd faktor SPF 30 v podob\u011b lehk\u00e9ho, hydrata\u010dn\u00edho miner\u00e1ln\u00edho spreje.<\/li>\n<li>Obsahuje ne-nano oxid zine\u010dnat\u00fd, avok\u00e1dov\u00fd olej, aloe vera, olej z malinov\u00fdch zrn\u00ed\u010dek a vitamin E.<\/li>\n<li>Neobsahuje ftal\u00e1ty, oxybenzon ani syntetick\u00e9 v\u016fn\u011b.<\/li>\n<li>V\u00fd\u017eivn\u00e9, intenzivn\u011b hydrata\u010dn\u00ed slo\u017een\u00ed je dermatologicky testov\u00e1no a je vod\u011bodoln\u00e9 po dobu a\u017e 80 minut.<\/li>\n<li>Vhodn\u00e9 pro vegany a bezpe\u010dn\u00e9 pro kor\u00e1lov\u00e9 \u00fatesy.<\/li>\n<\/ul>\n<p style=\"font-weight: 400;\">P\u0159ed pou\u017eit\u00edm d\u016fkladn\u011b prot\u0159epejte. Naneste v\u00a0dostate\u010dn\u00e9m mno\u017estv\u00ed 15\u00a0minut p\u0159ed slun\u011bn\u00edm. Nan\u00e1\u0161ejte na poko\u017eku v\u0161ude tam, kde je vystavena slune\u010dn\u00edm paprsk\u016fm. Aplikaci opakujte minim\u00e1ln\u011b ka\u017ed\u00e9 2\u00a0hodiny. Na t\u011blo: Dr\u017ete ve vzd\u00e1lenosti 10 a\u017e 15\u00a0cm od poko\u017eky. Plynul\u00fdm pohybem nast\u0159\u00edkejte v\u00a0dostate\u010dn\u00e9m mno\u017estv\u00ed na poko\u017eku. Vet\u0159ete do poko\u017eky, aby byla hydratovan\u00e1. Na obli\u010dej: Nast\u0159\u00edkejte na ruce a\u00a0vet\u0159ete do obli\u010deje. Nest\u0159\u00edkejte p\u0159\u00edmo do obli\u010deje.<\/p>\n<p style=\"font-weight: 400;\">Pouze k zevn\u00edmu pou\u017eit\u00ed. Nepou\u017e\u00edvejte na po\u0161kozenou ani naru\u0161enou poko\u017eku. Sprej nevdechujte. Objev\u00ed-li se vyr\u00e1\u017eka, p\u0159esta\u0148te p\u0159\u00edpravek pou\u017e\u00edvat a vyhledejte l\u00e9ka\u0159skou pomoc. M\u016f\u017ee doj\u00edt ke zv\u00fd\u0161en\u00e9 citlivosti k\u016f\u017ee. Uchov\u00e1vejte mimo dosah d\u011bt\u00ed. Zamezte styku s o\u010dima, vnit\u0159kem u\u0161\u00ed a s citliv\u00fdmi m\u00edsty na poko\u017ece. P\u0159i zasa\u017een\u00ed o\u010d\u00ed je vypl\u00e1chn\u011bte vodou. N\u00e1dobka je pod tlakem. Nepropichujte ani nespalujte. Neuchov\u00e1vejte p\u0159i teplot\u011b vy\u0161\u0161\u00ed ne\u017e 50 \u00b0C. U d\u011bt\u00ed ve v\u011bku do 6 m\u011bs\u00edc\u016f se ohledn\u011b pou\u017eit\u00ed pora\u010fte s l\u00e9ka\u0159em.<\/p>\n","protected":false},"excerpt":{"rendered":"<p>N\u00e1\u0161 d\u014dTERRA\u2122 sun t\u011blov\u00fd sprej na opalov\u00e1n\u00ed obsahuje optim\u00e1ln\u00ed ochranu proti slune\u010dn\u00edmu z\u00e1\u0159en\u00ed. Sprej vytv\u00e1\u0159\u00ed souvislou mlhu pro snadnou aplikaci na cel\u00e9 t\u011blo.<\/p>\n<p>Kv\u011btinov\u00e9 v\u016fn\u011b olej\u016f Magnolie, Ylang-ylang a Smil italsk\u00fd se m\u00eds\u00ed s oleji \u010cerven\u00e1 mandarinka, Citronov\u00e1 tr\u00e1va, Mrkvov\u00e1 sem\u00ednka a Kadidlo a vytv\u00e1\u0159ej\u00ed lehk\u00e9, povzn\u00e1\u0161ej\u00edc\u00ed aroma. Je ide\u00e1ln\u00ed pro V\u00e1s i celou Va\u0161i rodinu. Motivujte rodinu, aby pe\u010dovala o svou poko\u017eku p\u00e9\u010d\u00ed d\u014dTERRA\u2122 sun t\u011blov\u00fdm sprejem.<\/p>\n","protected":false},"featured_media":3856,"comment_status":"open","ping_status":"closed","template":"","meta":{"site-sidebar-layout":"default","site-content-layout":"default","ast-main-header-display":"","ast-hfb-above-header-display":"","ast-hfb-below-header-display":"","ast-hfb-mobile-header-display":"","site-post-title":"","ast-breadcrumbs-content":"","ast-featured-img":"","footer-sml-layout":"","theme-transparent-header-meta":"","adv-header-id-meta":"","stick-header-meta":"","header-above-stick-meta":"","header-main-stick-meta":"","header-below-stick-meta":""},"location":[],"product_cat":[960,1551],"product_tag":[958],"yoast_head":"<!-- This site is optimized with the Yoast SEO plugin v18.5.1 - https:\/\/yoast.com\/wordpress\/plugins\/seo\/ -->\n<title>doTERRA\u2122 sun t\u011blov\u00fd miner\u00e1ln\u00ed sprej na opalov\u00e1n\u00ed - Anders &amp; Kafka E-SHOP<\/title>\n<meta name=\"description\" content=\"N\u00e1\u0161 d\u014dTERRA\u2122 sun t\u011blov\u00fd sprej na opalov\u00e1n\u00ed obsahuje optim\u00e1ln\u00ed ochranu proti slune\u010dn\u00edmu z\u00e1\u0159en\u00ed. Sprej vytv\u00e1\u0159\u00ed souvislou mlhu pro snadnou aplikaci na cel\u00e9 t\u011blo.  Kv\u011btinov\u00e9 v\u016fn\u011b olej\u016f Magnolie, Ylang-ylang a Smil italsk\u00fd se m\u00eds\u00ed s oleji \u010cerven\u00e1 mandarinka, Citronov\u00e1 tr\u00e1va, Mrkvov\u00e1 sem\u00ednka a Kadidlo a vytv\u00e1\u0159ej\u00ed lehk\u00e9, povzn\u00e1\u0161ej\u00edc\u00ed aroma. Je ide\u00e1ln\u00ed pro V\u00e1s i celou Va\u0161i rodinu. Motivujte rodinu, aby pe\u010dovala o svou poko\u017eku p\u00e9\u010d\u00ed d\u014dTERRA\u2122 sun t\u011blov\u00fdm sprejem.\" \/>\n<meta name=\"robots\" content=\"index, follow, max-snippet:-1, max-image-preview:large, max-video-preview:-1\" \/>\n<link rel=\"canonical\" href=\"https:\/\/anderskafka.cz\/eshop\/produkt\/doterra-sun-telovy-mineralni-sprej-na-opalovani\/\" \/>\n<meta property=\"og:locale\" content=\"cs_CZ\" \/>\n<meta property=\"og:type\" content=\"article\" \/>\n<meta property=\"og:title\" content=\"doTERRA\u2122 sun t\u011blov\u00fd miner\u00e1ln\u00ed sprej na opalov\u00e1n\u00ed - Anders &amp; Kafka E-SHOP\" \/>\n<meta property=\"og:description\" content=\"N\u00e1\u0161 d\u014dTERRA\u2122 sun t\u011blov\u00fd sprej na opalov\u00e1n\u00ed obsahuje optim\u00e1ln\u00ed ochranu proti slune\u010dn\u00edmu z\u00e1\u0159en\u00ed. Sprej vytv\u00e1\u0159\u00ed souvislou mlhu pro snadnou aplikaci na cel\u00e9 t\u011blo.  Kv\u011btinov\u00e9 v\u016fn\u011b olej\u016f Magnolie, Ylang-ylang a Smil italsk\u00fd se m\u00eds\u00ed s oleji \u010cerven\u00e1 mandarinka, Citronov\u00e1 tr\u00e1va, Mrkvov\u00e1 sem\u00ednka a Kadidlo a vytv\u00e1\u0159ej\u00ed lehk\u00e9, povzn\u00e1\u0161ej\u00edc\u00ed aroma. Je ide\u00e1ln\u00ed pro V\u00e1s i celou Va\u0161i rodinu. Motivujte rodinu, aby pe\u010dovala o svou poko\u017eku p\u00e9\u010d\u00ed d\u014dTERRA\u2122 sun t\u011blov\u00fdm sprejem.\" \/>\n<meta property=\"og:url\" content=\"https:\/\/anderskafka.cz\/eshop\/produkt\/doterra-sun-telovy-mineralni-sprej-na-opalovani\/\" \/>\n<meta property=\"og:site_name\" content=\"Anders &amp; Kafka E-SHOP\" \/>\n<meta property=\"article:modified_time\" content=\"2025-07-12T20:14:54+00:00\" \/>\n<meta property=\"og:image\" content=\"https:\/\/anderskafka.cz\/eshop\/wp-content\/uploads\/sites\/3\/2023\/06\/EU_doTERRA_sun_body-spray-2.jpg\" \/>\n\t<meta property=\"og:image:width\" content=\"1280\" \/>\n\t<meta property=\"og:image:height\" content=\"1280\" \/>\n\t<meta property=\"og:image:type\" content=\"image\/jpeg\" \/>\n<meta name=\"twitter:card\" content=\"summary_large_image\" \/>\n<meta name=\"twitter:label1\" content=\"Odhadovan\u00e1 doba \u010dten\u00ed\" \/>\n\t<meta name=\"twitter:data1\" content=\"2 minuty\" \/>\n<script type=\"application\/ld+json\" class=\"yoast-schema-graph\">{\"@context\":\"https:\/\/schema.org\",\"@graph\":[{\"@type\":\"WebSite\",\"@id\":\"https:\/\/anderskafka.cz\/eshop\/#website\",\"url\":\"https:\/\/anderskafka.cz\/eshop\/\",\"name\":\"Anders &amp; Kafka E-SHOP\",\"description\":\"Anders &amp; Kafka E-SHOP\",\"potentialAction\":[{\"@type\":\"SearchAction\",\"target\":{\"@type\":\"EntryPoint\",\"urlTemplate\":\"https:\/\/anderskafka.cz\/eshop\/?s={search_term_string}\"},\"query-input\":\"required name=search_term_string\"}],\"inLanguage\":\"cs\"},{\"@type\":\"ImageObject\",\"@id\":\"https:\/\/anderskafka.cz\/eshop\/produkt\/doterra-sun-telovy-mineralni-sprej-na-opalovani\/#primaryimage\",\"inLanguage\":\"cs\",\"url\":\"https:\/\/anderskafka.cz\/eshop\/wp-content\/uploads\/sites\/3\/2023\/06\/EU_doTERRA_sun_body-spray-2.jpg\",\"contentUrl\":\"https:\/\/anderskafka.cz\/eshop\/wp-content\/uploads\/sites\/3\/2023\/06\/EU_doTERRA_sun_body-spray-2.jpg\",\"width\":1280,\"height\":1280},{\"@type\":\"WebPage\",\"@id\":\"https:\/\/anderskafka.cz\/eshop\/produkt\/doterra-sun-telovy-mineralni-sprej-na-opalovani\/#webpage\",\"url\":\"https:\/\/anderskafka.cz\/eshop\/produkt\/doterra-sun-telovy-mineralni-sprej-na-opalovani\/\",\"name\":\"doTERRA\u2122 sun t\u011blov\u00fd miner\u00e1ln\u00ed sprej na opalov\u00e1n\u00ed - Anders &amp; Kafka E-SHOP\",\"isPartOf\":{\"@id\":\"https:\/\/anderskafka.cz\/eshop\/#website\"},\"primaryImageOfPage\":{\"@id\":\"https:\/\/anderskafka.cz\/eshop\/produkt\/doterra-sun-telovy-mineralni-sprej-na-opalovani\/#primaryimage\"},\"datePublished\":\"2023-06-08T19:26:24+00:00\",\"dateModified\":\"2025-07-12T20:14:54+00:00\",\"description\":\"N\u00e1\u0161 d\u014dTERRA\u2122 sun t\u011blov\u00fd sprej na opalov\u00e1n\u00ed obsahuje optim\u00e1ln\u00ed ochranu proti slune\u010dn\u00edmu z\u00e1\u0159en\u00ed. Sprej vytv\u00e1\u0159\u00ed souvislou mlhu pro snadnou aplikaci na cel\u00e9 t\u011blo. Kv\u011btinov\u00e9 v\u016fn\u011b olej\u016f Magnolie, Ylang-ylang a Smil italsk\u00fd se m\u00eds\u00ed s oleji \u010cerven\u00e1 mandarinka, Citronov\u00e1 tr\u00e1va, Mrkvov\u00e1 sem\u00ednka a Kadidlo a vytv\u00e1\u0159ej\u00ed lehk\u00e9, povzn\u00e1\u0161ej\u00edc\u00ed aroma. Je ide\u00e1ln\u00ed pro V\u00e1s i celou Va\u0161i rodinu. Motivujte rodinu, aby pe\u010dovala o svou poko\u017eku p\u00e9\u010d\u00ed d\u014dTERRA\u2122 sun t\u011blov\u00fdm sprejem.\",\"breadcrumb\":{\"@id\":\"https:\/\/anderskafka.cz\/eshop\/produkt\/doterra-sun-telovy-mineralni-sprej-na-opalovani\/#breadcrumb\"},\"inLanguage\":\"cs\",\"potentialAction\":[{\"@type\":\"ReadAction\",\"target\":[\"https:\/\/anderskafka.cz\/eshop\/produkt\/doterra-sun-telovy-mineralni-sprej-na-opalovani\/\"]}]},{\"@type\":\"BreadcrumbList\",\"@id\":\"https:\/\/anderskafka.cz\/eshop\/produkt\/doterra-sun-telovy-mineralni-sprej-na-opalovani\/#breadcrumb\",\"itemListElement\":[{\"@type\":\"ListItem\",\"position\":1,\"name\":\"Obchod\",\"item\":\"https:\/\/anderskafka.cz\/eshop\/obchod\/\"},{\"@type\":\"ListItem\",\"position\":2,\"name\":\"doTERRA\u2122 sun t\u011blov\u00fd miner\u00e1ln\u00ed sprej na opalov\u00e1n\u00ed\"}]}]}<\/script>\n<!-- \/ Yoast SEO plugin. -->","yoast_head_json":{"title":"doTERRA\u2122 sun t\u011blov\u00fd miner\u00e1ln\u00ed sprej na opalov\u00e1n\u00ed - Anders &amp; Kafka E-SHOP","description":"N\u00e1\u0161 d\u014dTERRA\u2122 sun t\u011blov\u00fd sprej na opalov\u00e1n\u00ed obsahuje optim\u00e1ln\u00ed ochranu proti slune\u010dn\u00edmu z\u00e1\u0159en\u00ed. Sprej vytv\u00e1\u0159\u00ed souvislou mlhu pro snadnou aplikaci na cel\u00e9 t\u011blo.  Kv\u011btinov\u00e9 v\u016fn\u011b olej\u016f Magnolie, Ylang-ylang a Smil italsk\u00fd se m\u00eds\u00ed s oleji \u010cerven\u00e1 mandarinka, Citronov\u00e1 tr\u00e1va, Mrkvov\u00e1 sem\u00ednka a Kadidlo a vytv\u00e1\u0159ej\u00ed lehk\u00e9, povzn\u00e1\u0161ej\u00edc\u00ed aroma. Je ide\u00e1ln\u00ed pro V\u00e1s i celou Va\u0161i rodinu. Motivujte rodinu, aby pe\u010dovala o svou poko\u017eku p\u00e9\u010d\u00ed d\u014dTERRA\u2122 sun t\u011blov\u00fdm sprejem.","robots":{"index":"index","follow":"follow","max-snippet":"max-snippet:-1","max-image-preview":"max-image-preview:large","max-video-preview":"max-video-preview:-1"},"canonical":"https:\/\/anderskafka.cz\/eshop\/produkt\/doterra-sun-telovy-mineralni-sprej-na-opalovani\/","og_locale":"cs_CZ","og_type":"article","og_title":"doTERRA\u2122 sun t\u011blov\u00fd miner\u00e1ln\u00ed sprej na opalov\u00e1n\u00ed - Anders &amp; Kafka E-SHOP","og_description":"N\u00e1\u0161 d\u014dTERRA\u2122 sun t\u011blov\u00fd sprej na opalov\u00e1n\u00ed obsahuje optim\u00e1ln\u00ed ochranu proti slune\u010dn\u00edmu z\u00e1\u0159en\u00ed. Sprej vytv\u00e1\u0159\u00ed souvislou mlhu pro snadnou aplikaci na cel\u00e9 t\u011blo.  Kv\u011btinov\u00e9 v\u016fn\u011b olej\u016f Magnolie, Ylang-ylang a Smil italsk\u00fd se m\u00eds\u00ed s oleji \u010cerven\u00e1 mandarinka, Citronov\u00e1 tr\u00e1va, Mrkvov\u00e1 sem\u00ednka a Kadidlo a vytv\u00e1\u0159ej\u00ed lehk\u00e9, povzn\u00e1\u0161ej\u00edc\u00ed aroma. Je ide\u00e1ln\u00ed pro V\u00e1s i celou Va\u0161i rodinu. Motivujte rodinu, aby pe\u010dovala o svou poko\u017eku p\u00e9\u010d\u00ed d\u014dTERRA\u2122 sun t\u011blov\u00fdm sprejem.","og_url":"https:\/\/anderskafka.cz\/eshop\/produkt\/doterra-sun-telovy-mineralni-sprej-na-opalovani\/","og_site_name":"Anders &amp; Kafka E-SHOP","article_modified_time":"2025-07-12T20:14:54+00:00","og_image":[{"width":1280,"height":1280,"url":"https:\/\/anderskafka.cz\/eshop\/wp-content\/uploads\/sites\/3\/2023\/06\/EU_doTERRA_sun_body-spray-2.jpg","type":"image\/jpeg"}],"twitter_card":"summary_large_image","twitter_misc":{"Odhadovan\u00e1 doba \u010dten\u00ed":"2 minuty"},"schema":{"@context":"https:\/\/schema.org","@graph":[{"@type":"WebSite","@id":"https:\/\/anderskafka.cz\/eshop\/#website","url":"https:\/\/anderskafka.cz\/eshop\/","name":"Anders &amp; Kafka E-SHOP","description":"Anders &amp; Kafka E-SHOP","potentialAction":[{"@type":"SearchAction","target":{"@type":"EntryPoint","urlTemplate":"https:\/\/anderskafka.cz\/eshop\/?s={search_term_string}"},"query-input":"required name=search_term_string"}],"inLanguage":"cs"},{"@type":"ImageObject","@id":"https:\/\/anderskafka.cz\/eshop\/produkt\/doterra-sun-telovy-mineralni-sprej-na-opalovani\/#primaryimage","inLanguage":"cs","url":"https:\/\/anderskafka.cz\/eshop\/wp-content\/uploads\/sites\/3\/2023\/06\/EU_doTERRA_sun_body-spray-2.jpg","contentUrl":"https:\/\/anderskafka.cz\/eshop\/wp-content\/uploads\/sites\/3\/2023\/06\/EU_doTERRA_sun_body-spray-2.jpg","width":1280,"height":1280},{"@type":"WebPage","@id":"https:\/\/anderskafka.cz\/eshop\/produkt\/doterra-sun-telovy-mineralni-sprej-na-opalovani\/#webpage","url":"https:\/\/anderskafka.cz\/eshop\/produkt\/doterra-sun-telovy-mineralni-sprej-na-opalovani\/","name":"doTERRA\u2122 sun t\u011blov\u00fd miner\u00e1ln\u00ed sprej na opalov\u00e1n\u00ed - Anders &amp; Kafka E-SHOP","isPartOf":{"@id":"https:\/\/anderskafka.cz\/eshop\/#website"},"primaryImageOfPage":{"@id":"https:\/\/anderskafka.cz\/eshop\/produkt\/doterra-sun-telovy-mineralni-sprej-na-opalovani\/#primaryimage"},"datePublished":"2023-06-08T19:26:24+00:00","dateModified":"2025-07-12T20:14:54+00:00","description":"N\u00e1\u0161 d\u014dTERRA\u2122 sun t\u011blov\u00fd sprej na opalov\u00e1n\u00ed obsahuje optim\u00e1ln\u00ed ochranu proti slune\u010dn\u00edmu z\u00e1\u0159en\u00ed. Sprej vytv\u00e1\u0159\u00ed souvislou mlhu pro snadnou aplikaci na cel\u00e9 t\u011blo. Kv\u011btinov\u00e9 v\u016fn\u011b olej\u016f Magnolie, Ylang-ylang a Smil italsk\u00fd se m\u00eds\u00ed s oleji \u010cerven\u00e1 mandarinka, Citronov\u00e1 tr\u00e1va, Mrkvov\u00e1 sem\u00ednka a Kadidlo a vytv\u00e1\u0159ej\u00ed lehk\u00e9, povzn\u00e1\u0161ej\u00edc\u00ed aroma. Je ide\u00e1ln\u00ed pro V\u00e1s i celou Va\u0161i rodinu. Motivujte rodinu, aby pe\u010dovala o svou poko\u017eku p\u00e9\u010d\u00ed d\u014dTERRA\u2122 sun t\u011blov\u00fdm sprejem.","breadcrumb":{"@id":"https:\/\/anderskafka.cz\/eshop\/produkt\/doterra-sun-telovy-mineralni-sprej-na-opalovani\/#breadcrumb"},"inLanguage":"cs","potentialAction":[{"@type":"ReadAction","target":["https:\/\/anderskafka.cz\/eshop\/produkt\/doterra-sun-telovy-mineralni-sprej-na-opalovani\/"]}]},{"@type":"BreadcrumbList","@id":"https:\/\/anderskafka.cz\/eshop\/produkt\/doterra-sun-telovy-mineralni-sprej-na-opalovani\/#breadcrumb","itemListElement":[{"@type":"ListItem","position":1,"name":"Obchod","item":"https:\/\/anderskafka.cz\/eshop\/obchod\/"},{"@type":"ListItem","position":2,"name":"doTERRA\u2122 sun t\u011blov\u00fd miner\u00e1ln\u00ed sprej na opalov\u00e1n\u00ed"}]}]}},"locations":[],"_links":{"self":[{"href":"https:\/\/anderskafka.cz\/eshop\/wp-json\/wp\/v2\/product\/3792"}],"collection":[{"href":"https:\/\/anderskafka.cz\/eshop\/wp-json\/wp\/v2\/product"}],"about":[{"href":"https:\/\/anderskafka.cz\/eshop\/wp-json\/wp\/v2\/types\/product"}],"replies":[{"embeddable":true,"href":"https:\/\/anderskafka.cz\/eshop\/wp-json\/wp\/v2\/comments?post=3792"}],"wp:featuredmedia":[{"embeddable":true,"href":"https:\/\/anderskafka.cz\/eshop\/wp-json\/wp\/v2\/media\/3856"}],"wp:attachment":[{"href":"https:\/\/anderskafka.cz\/eshop\/wp-json\/wp\/v2\/media?parent=3792"}],"wp:term":[{"taxonomy":"location","embeddable":true,"href":"https:\/\/anderskafka.cz\/eshop\/wp-json\/wp\/v2\/location?post=3792"},{"taxonomy":"product_cat","embeddable":true,"href":"https:\/\/anderskafka.cz\/eshop\/wp-json\/wp\/v2\/product_cat?post=3792"},{"taxonomy":"product_tag","embeddable":true,"href":"https:\/\/anderskafka.cz\/eshop\/wp-json\/wp\/v2\/product_tag?post=3792"}],"curies":[{"name":"wp","href":"https:\/\/api.w.org\/{rel}","templated":true}]}}