{"id":3931,"date":"2023-07-06T12:31:38","date_gmt":"2023-07-06T10:31:38","guid":{"rendered":"https:\/\/anderskafka.cz\/eshop\/?post_type=product&#038;p=3931"},"modified":"2026-03-13T09:06:43","modified_gmt":"2026-03-13T08:06:43","slug":"doterra-levandule-lavender-15-ml","status":"publish","type":"product","link":"https:\/\/anderskafka.cz\/eshop\/produkt\/doterra-levandule-lavender-15-ml\/","title":{"rendered":"Esenci\u00e1ln\u00ed olej d\u014dTERRA\u2122 Levandule \u2013 Lavender 15 ml"},"content":{"rendered":"<p>D\u014dTERRA\u2122 esenci\u00e1ln\u00ed olej Levandule se d\u00edky sv\u00e9 nezam\u011bniteln\u00e9 v\u016fni a v\u0161estrann\u00fdm zp\u016fsob\u016fm vyu\u017eit\u00ed \u010dasto pou\u017e\u00edv\u00e1 na podporu pocit\u016f klidu a uvoln\u011bn\u00ed.<\/p>\n<p>Levandule (<em>Lavender, Lavandula angustifolia<\/em>) p\u0159isp\u00edv\u00e1 ke zdrav\u00e9mu stavu pleti. Uklid\u0148uje a sni\u017euje stres. M\u016f\u017ee podpo\u0159it hojen\u00ed ran. Podporuje zdravou poko\u017eku. M\u016f\u017ee pomoci tlumit bolest. Uklid\u0148uje a sni\u017euje stres.<\/p>\n<p>POU\u017dIT\u00cd<\/p>\n<p>P\u0159idejte p\u00e1r kapek do saunov\u00e9ho v\u011bdra s vodou a postupn\u011b nal\u00e9vejte na rozp\u00e1len\u00e9 saunov\u00e9 kameny.<br \/>\nNakapejte do vody v difuz\u00e9ru.<br \/>\nP\u0159idejte kapku do sv\u00e9 p\u00e9\u010de o ple\u0165.<br \/>\nNakapejte na pol\u0161t\u00e1\u0159 pro kvalitn\u011bj\u0161\u00ed sp\u00e1nek.<br \/>\nNa mas\u00e1\u017e i koupel sm\u00edchejte p\u00e1r kapek s nosn\u00fdm olejem.<\/p>\n<p style=\"font-weight: 400;\">Citliv\u00e1 poko\u017eka m\u016f\u017ee reagovat podr\u00e1\u017ed\u011bn\u00edm. Uchov\u00e1vejte mimo dosah d\u011bt\u00ed. Zamezte styku s o\u010dima, vnit\u0159kem u\u0161\u00ed i s citliv\u00fdmi m\u00edsty na poko\u017ece.<\/p>\n<p>&nbsp;<\/p>\n<div>\n<p>Dle na\u0159\u00edzen\u00ed Evropsk\u00e9ho parlamentu nejsme opr\u00e1vn\u011bni uv\u00e1d\u011bt u v\u00fdrobk\u016f neschv\u00e1len\u00e1 zdravotn\u00ed tvrzen\u00ed. Zdravotn\u00ed tvrzen\u00ed zde nen\u00ed mo\u017en\u00e9 uv\u00e1d\u011bt ani v r\u00e1mci osobn\u00edch zku\u0161enost\u00ed a referenc\u00ed.<\/p>\n<p style=\"font-weight: 400;\">Obsah t\u00e9to webov\u00e9 str\u00e1nky vych\u00e1z\u00ed z n\u00e1zor\u016f spole\u010dnosti doTERRA. Informace na t\u00e9to webov\u00e9 str\u00e1nce nemaj\u00ed za \u00fa\u010del nahradit individu\u00e1ln\u00ed vztah s kvalifikovan\u00fdm zdravotnick\u00fdm pracovn\u00edkem a nejsou ur\u010deny jako l\u00e9ka\u0159sk\u00e9 rady.<\/p>\n<\/div>\n","protected":false},"excerpt":{"rendered":"<p>D\u014dTERRA\u2122 esenci\u00e1ln\u00ed olej Levanudule je velmi obl\u00edben\u00fd pro svoje univerz\u00e1ln\u00ed pou\u017eit\u00ed. Levandule je zn\u00e1m\u00e1 sv\u00fdmi blahod\u00e1rn\u00fdmi \u00fa\u010dinky na lidsk\u00e9 zdrav\u00ed ji\u017e od prad\u00e1vna. Zklid\u0148uj\u00edc\u00ed vlastnosti tohoto oleje jsou d\u016fvodem jeho pou\u017e\u00edvan\u00ed p\u0159i relaxaci. Zkuste levandulov\u00fd olej d\u014dTERRA a u\u017eijte si jeho prosp\u011b\u0161n\u00e9 \u00fa\u010dinky na t\u011blo, sp\u00e1nek i klidn\u00fd stav mysli.<\/p>\n<p>P\u0159idejte p\u00e1r kapek do saunov\u00e9ho v\u011bdra s vodou a postupn\u011b nal\u00e9vejte na rozp\u00e1len\u00e9 saunov\u00e9 kameny.<\/p>\n","protected":false},"featured_media":3932,"comment_status":"open","ping_status":"closed","template":"","meta":{"site-sidebar-layout":"default","site-content-layout":"default","ast-main-header-display":"","ast-hfb-above-header-display":"","ast-hfb-below-header-display":"","ast-hfb-mobile-header-display":"","site-post-title":"","ast-breadcrumbs-content":"","ast-featured-img":"","footer-sml-layout":"","theme-transparent-header-meta":"","adv-header-id-meta":"","stick-header-meta":"","header-above-stick-meta":"","header-main-stick-meta":"","header-below-stick-meta":""},"location":[],"product_cat":[959,1551],"product_tag":[958],"yoast_head":"<!-- This site is optimized with the Yoast SEO plugin v18.5.1 - https:\/\/yoast.com\/wordpress\/plugins\/seo\/ -->\n<title>Esenci\u00e1ln\u00ed olej d\u014dTERRA\u2122 Levandule \u2013 Lavender 15 ml - Anders &amp; Kafka E-SHOP<\/title>\n<meta name=\"description\" content=\"D\u014dTERRA\u2122 esenci\u00e1ln\u00ed olej Levanudule je velmi obl\u00edben\u00fd pro svoje univerz\u00e1ln\u00ed pou\u017eit\u00ed. Levandule je zn\u00e1m\u00e1 sv\u00fdmi blahod\u00e1rn\u00fdmi \u00fa\u010dinky na lidsk\u00e9 zdrav\u00ed ji\u017e od prad\u00e1vna. Zklid\u0148uj\u00edc\u00ed vlastnosti tohoto oleje jsou d\u016fvodem jeho pou\u017e\u00edvan\u00ed p\u0159i relaxaci. Zkuste levandulov\u00fd olej d\u014dTERRA a u\u017eijte si jeho prosp\u011b\u0161n\u00e9 \u00fa\u010dinky na t\u011blo, sp\u00e1nek i klidn\u00fd stav mysli.  P\u0159idejte p\u00e1r kapek do saunov\u00e9ho v\u011bdra s vodou a postupn\u011b nal\u00e9vejte na rozp\u00e1len\u00e9 saunov\u00e9 kameny.\" \/>\n<meta name=\"robots\" content=\"index, follow, max-snippet:-1, max-image-preview:large, max-video-preview:-1\" \/>\n<link rel=\"canonical\" href=\"https:\/\/anderskafka.cz\/eshop\/produkt\/doterra-levandule-lavender-15-ml\/\" \/>\n<meta property=\"og:locale\" content=\"cs_CZ\" \/>\n<meta property=\"og:type\" content=\"article\" \/>\n<meta property=\"og:title\" content=\"Esenci\u00e1ln\u00ed olej d\u014dTERRA\u2122 Levandule \u2013 Lavender 15 ml - Anders &amp; Kafka E-SHOP\" \/>\n<meta property=\"og:description\" content=\"D\u014dTERRA\u2122 esenci\u00e1ln\u00ed olej Levanudule je velmi obl\u00edben\u00fd pro svoje univerz\u00e1ln\u00ed pou\u017eit\u00ed. Levandule je zn\u00e1m\u00e1 sv\u00fdmi blahod\u00e1rn\u00fdmi \u00fa\u010dinky na lidsk\u00e9 zdrav\u00ed ji\u017e od prad\u00e1vna. Zklid\u0148uj\u00edc\u00ed vlastnosti tohoto oleje jsou d\u016fvodem jeho pou\u017e\u00edvan\u00ed p\u0159i relaxaci. Zkuste levandulov\u00fd olej d\u014dTERRA a u\u017eijte si jeho prosp\u011b\u0161n\u00e9 \u00fa\u010dinky na t\u011blo, sp\u00e1nek i klidn\u00fd stav mysli.  P\u0159idejte p\u00e1r kapek do saunov\u00e9ho v\u011bdra s vodou a postupn\u011b nal\u00e9vejte na rozp\u00e1len\u00e9 saunov\u00e9 kameny.\" \/>\n<meta property=\"og:url\" content=\"https:\/\/anderskafka.cz\/eshop\/produkt\/doterra-levandule-lavender-15-ml\/\" \/>\n<meta property=\"og:site_name\" content=\"Anders &amp; Kafka E-SHOP\" \/>\n<meta property=\"article:modified_time\" content=\"2026-03-13T08:06:43+00:00\" \/>\n<meta property=\"og:image\" content=\"https:\/\/anderskafka.cz\/eshop\/wp-content\/uploads\/sites\/3\/2023\/07\/EU_Levandule-15ml.jpg\" \/>\n\t<meta property=\"og:image:width\" content=\"1280\" \/>\n\t<meta property=\"og:image:height\" content=\"1280\" \/>\n\t<meta property=\"og:image:type\" content=\"image\/jpeg\" \/>\n<meta name=\"twitter:card\" content=\"summary_large_image\" \/>\n<meta name=\"twitter:label1\" content=\"Odhadovan\u00e1 doba \u010dten\u00ed\" \/>\n\t<meta name=\"twitter:data1\" content=\"2 minuty\" \/>\n<script type=\"application\/ld+json\" class=\"yoast-schema-graph\">{\"@context\":\"https:\/\/schema.org\",\"@graph\":[{\"@type\":\"WebSite\",\"@id\":\"https:\/\/anderskafka.cz\/eshop\/#website\",\"url\":\"https:\/\/anderskafka.cz\/eshop\/\",\"name\":\"Anders &amp; Kafka E-SHOP\",\"description\":\"Anders &amp; Kafka E-SHOP\",\"potentialAction\":[{\"@type\":\"SearchAction\",\"target\":{\"@type\":\"EntryPoint\",\"urlTemplate\":\"https:\/\/anderskafka.cz\/eshop\/?s={search_term_string}\"},\"query-input\":\"required name=search_term_string\"}],\"inLanguage\":\"cs\"},{\"@type\":\"ImageObject\",\"@id\":\"https:\/\/anderskafka.cz\/eshop\/produkt\/doterra-levandule-lavender-15-ml\/#primaryimage\",\"inLanguage\":\"cs\",\"url\":\"https:\/\/anderskafka.cz\/eshop\/wp-content\/uploads\/sites\/3\/2023\/07\/EU_Levandule-15ml.jpg\",\"contentUrl\":\"https:\/\/anderskafka.cz\/eshop\/wp-content\/uploads\/sites\/3\/2023\/07\/EU_Levandule-15ml.jpg\",\"width\":1280,\"height\":1280},{\"@type\":\"WebPage\",\"@id\":\"https:\/\/anderskafka.cz\/eshop\/produkt\/doterra-levandule-lavender-15-ml\/#webpage\",\"url\":\"https:\/\/anderskafka.cz\/eshop\/produkt\/doterra-levandule-lavender-15-ml\/\",\"name\":\"Esenci\u00e1ln\u00ed olej d\u014dTERRA\u2122 Levandule \u2013 Lavender 15 ml - Anders &amp; Kafka E-SHOP\",\"isPartOf\":{\"@id\":\"https:\/\/anderskafka.cz\/eshop\/#website\"},\"primaryImageOfPage\":{\"@id\":\"https:\/\/anderskafka.cz\/eshop\/produkt\/doterra-levandule-lavender-15-ml\/#primaryimage\"},\"datePublished\":\"2023-07-06T10:31:38+00:00\",\"dateModified\":\"2026-03-13T08:06:43+00:00\",\"description\":\"D\u014dTERRA\u2122 esenci\u00e1ln\u00ed olej Levanudule je velmi obl\u00edben\u00fd pro svoje univerz\u00e1ln\u00ed pou\u017eit\u00ed. Levandule je zn\u00e1m\u00e1 sv\u00fdmi blahod\u00e1rn\u00fdmi \u00fa\u010dinky na lidsk\u00e9 zdrav\u00ed ji\u017e od prad\u00e1vna. Zklid\u0148uj\u00edc\u00ed vlastnosti tohoto oleje jsou d\u016fvodem jeho pou\u017e\u00edvan\u00ed p\u0159i relaxaci. Zkuste levandulov\u00fd olej d\u014dTERRA a u\u017eijte si jeho prosp\u011b\u0161n\u00e9 \u00fa\u010dinky na t\u011blo, sp\u00e1nek i klidn\u00fd stav mysli. P\u0159idejte p\u00e1r kapek do saunov\u00e9ho v\u011bdra s vodou a postupn\u011b nal\u00e9vejte na rozp\u00e1len\u00e9 saunov\u00e9 kameny.\",\"breadcrumb\":{\"@id\":\"https:\/\/anderskafka.cz\/eshop\/produkt\/doterra-levandule-lavender-15-ml\/#breadcrumb\"},\"inLanguage\":\"cs\",\"potentialAction\":[{\"@type\":\"ReadAction\",\"target\":[\"https:\/\/anderskafka.cz\/eshop\/produkt\/doterra-levandule-lavender-15-ml\/\"]}]},{\"@type\":\"BreadcrumbList\",\"@id\":\"https:\/\/anderskafka.cz\/eshop\/produkt\/doterra-levandule-lavender-15-ml\/#breadcrumb\",\"itemListElement\":[{\"@type\":\"ListItem\",\"position\":1,\"name\":\"Obchod\",\"item\":\"https:\/\/anderskafka.cz\/eshop\/obchod\/\"},{\"@type\":\"ListItem\",\"position\":2,\"name\":\"Esenci\u00e1ln\u00ed olej d\u014dTERRA\u2122 Levandule \u2013 Lavender 15 ml\"}]}]}<\/script>\n<!-- \/ Yoast SEO plugin. -->","yoast_head_json":{"title":"Esenci\u00e1ln\u00ed olej d\u014dTERRA\u2122 Levandule \u2013 Lavender 15 ml - Anders &amp; Kafka E-SHOP","description":"D\u014dTERRA\u2122 esenci\u00e1ln\u00ed olej Levanudule je velmi obl\u00edben\u00fd pro svoje univerz\u00e1ln\u00ed pou\u017eit\u00ed. Levandule je zn\u00e1m\u00e1 sv\u00fdmi blahod\u00e1rn\u00fdmi \u00fa\u010dinky na lidsk\u00e9 zdrav\u00ed ji\u017e od prad\u00e1vna. Zklid\u0148uj\u00edc\u00ed vlastnosti tohoto oleje jsou d\u016fvodem jeho pou\u017e\u00edvan\u00ed p\u0159i relaxaci. Zkuste levandulov\u00fd olej d\u014dTERRA a u\u017eijte si jeho prosp\u011b\u0161n\u00e9 \u00fa\u010dinky na t\u011blo, sp\u00e1nek i klidn\u00fd stav mysli.  P\u0159idejte p\u00e1r kapek do saunov\u00e9ho v\u011bdra s vodou a postupn\u011b nal\u00e9vejte na rozp\u00e1len\u00e9 saunov\u00e9 kameny.","robots":{"index":"index","follow":"follow","max-snippet":"max-snippet:-1","max-image-preview":"max-image-preview:large","max-video-preview":"max-video-preview:-1"},"canonical":"https:\/\/anderskafka.cz\/eshop\/produkt\/doterra-levandule-lavender-15-ml\/","og_locale":"cs_CZ","og_type":"article","og_title":"Esenci\u00e1ln\u00ed olej d\u014dTERRA\u2122 Levandule \u2013 Lavender 15 ml - Anders &amp; Kafka E-SHOP","og_description":"D\u014dTERRA\u2122 esenci\u00e1ln\u00ed olej Levanudule je velmi obl\u00edben\u00fd pro svoje univerz\u00e1ln\u00ed pou\u017eit\u00ed. Levandule je zn\u00e1m\u00e1 sv\u00fdmi blahod\u00e1rn\u00fdmi \u00fa\u010dinky na lidsk\u00e9 zdrav\u00ed ji\u017e od prad\u00e1vna. Zklid\u0148uj\u00edc\u00ed vlastnosti tohoto oleje jsou d\u016fvodem jeho pou\u017e\u00edvan\u00ed p\u0159i relaxaci. Zkuste levandulov\u00fd olej d\u014dTERRA a u\u017eijte si jeho prosp\u011b\u0161n\u00e9 \u00fa\u010dinky na t\u011blo, sp\u00e1nek i klidn\u00fd stav mysli.  P\u0159idejte p\u00e1r kapek do saunov\u00e9ho v\u011bdra s vodou a postupn\u011b nal\u00e9vejte na rozp\u00e1len\u00e9 saunov\u00e9 kameny.","og_url":"https:\/\/anderskafka.cz\/eshop\/produkt\/doterra-levandule-lavender-15-ml\/","og_site_name":"Anders &amp; Kafka E-SHOP","article_modified_time":"2026-03-13T08:06:43+00:00","og_image":[{"width":1280,"height":1280,"url":"https:\/\/anderskafka.cz\/eshop\/wp-content\/uploads\/sites\/3\/2023\/07\/EU_Levandule-15ml.jpg","type":"image\/jpeg"}],"twitter_card":"summary_large_image","twitter_misc":{"Odhadovan\u00e1 doba \u010dten\u00ed":"2 minuty"},"schema":{"@context":"https:\/\/schema.org","@graph":[{"@type":"WebSite","@id":"https:\/\/anderskafka.cz\/eshop\/#website","url":"https:\/\/anderskafka.cz\/eshop\/","name":"Anders &amp; Kafka E-SHOP","description":"Anders &amp; Kafka E-SHOP","potentialAction":[{"@type":"SearchAction","target":{"@type":"EntryPoint","urlTemplate":"https:\/\/anderskafka.cz\/eshop\/?s={search_term_string}"},"query-input":"required name=search_term_string"}],"inLanguage":"cs"},{"@type":"ImageObject","@id":"https:\/\/anderskafka.cz\/eshop\/produkt\/doterra-levandule-lavender-15-ml\/#primaryimage","inLanguage":"cs","url":"https:\/\/anderskafka.cz\/eshop\/wp-content\/uploads\/sites\/3\/2023\/07\/EU_Levandule-15ml.jpg","contentUrl":"https:\/\/anderskafka.cz\/eshop\/wp-content\/uploads\/sites\/3\/2023\/07\/EU_Levandule-15ml.jpg","width":1280,"height":1280},{"@type":"WebPage","@id":"https:\/\/anderskafka.cz\/eshop\/produkt\/doterra-levandule-lavender-15-ml\/#webpage","url":"https:\/\/anderskafka.cz\/eshop\/produkt\/doterra-levandule-lavender-15-ml\/","name":"Esenci\u00e1ln\u00ed olej d\u014dTERRA\u2122 Levandule \u2013 Lavender 15 ml - Anders &amp; Kafka E-SHOP","isPartOf":{"@id":"https:\/\/anderskafka.cz\/eshop\/#website"},"primaryImageOfPage":{"@id":"https:\/\/anderskafka.cz\/eshop\/produkt\/doterra-levandule-lavender-15-ml\/#primaryimage"},"datePublished":"2023-07-06T10:31:38+00:00","dateModified":"2026-03-13T08:06:43+00:00","description":"D\u014dTERRA\u2122 esenci\u00e1ln\u00ed olej Levanudule je velmi obl\u00edben\u00fd pro svoje univerz\u00e1ln\u00ed pou\u017eit\u00ed. Levandule je zn\u00e1m\u00e1 sv\u00fdmi blahod\u00e1rn\u00fdmi \u00fa\u010dinky na lidsk\u00e9 zdrav\u00ed ji\u017e od prad\u00e1vna. Zklid\u0148uj\u00edc\u00ed vlastnosti tohoto oleje jsou d\u016fvodem jeho pou\u017e\u00edvan\u00ed p\u0159i relaxaci. Zkuste levandulov\u00fd olej d\u014dTERRA a u\u017eijte si jeho prosp\u011b\u0161n\u00e9 \u00fa\u010dinky na t\u011blo, sp\u00e1nek i klidn\u00fd stav mysli. P\u0159idejte p\u00e1r kapek do saunov\u00e9ho v\u011bdra s vodou a postupn\u011b nal\u00e9vejte na rozp\u00e1len\u00e9 saunov\u00e9 kameny.","breadcrumb":{"@id":"https:\/\/anderskafka.cz\/eshop\/produkt\/doterra-levandule-lavender-15-ml\/#breadcrumb"},"inLanguage":"cs","potentialAction":[{"@type":"ReadAction","target":["https:\/\/anderskafka.cz\/eshop\/produkt\/doterra-levandule-lavender-15-ml\/"]}]},{"@type":"BreadcrumbList","@id":"https:\/\/anderskafka.cz\/eshop\/produkt\/doterra-levandule-lavender-15-ml\/#breadcrumb","itemListElement":[{"@type":"ListItem","position":1,"name":"Obchod","item":"https:\/\/anderskafka.cz\/eshop\/obchod\/"},{"@type":"ListItem","position":2,"name":"Esenci\u00e1ln\u00ed olej d\u014dTERRA\u2122 Levandule \u2013 Lavender 15 ml"}]}]}},"locations":[],"_links":{"self":[{"href":"https:\/\/anderskafka.cz\/eshop\/wp-json\/wp\/v2\/product\/3931"}],"collection":[{"href":"https:\/\/anderskafka.cz\/eshop\/wp-json\/wp\/v2\/product"}],"about":[{"href":"https:\/\/anderskafka.cz\/eshop\/wp-json\/wp\/v2\/types\/product"}],"replies":[{"embeddable":true,"href":"https:\/\/anderskafka.cz\/eshop\/wp-json\/wp\/v2\/comments?post=3931"}],"wp:featuredmedia":[{"embeddable":true,"href":"https:\/\/anderskafka.cz\/eshop\/wp-json\/wp\/v2\/media\/3932"}],"wp:attachment":[{"href":"https:\/\/anderskafka.cz\/eshop\/wp-json\/wp\/v2\/media?parent=3931"}],"wp:term":[{"taxonomy":"location","embeddable":true,"href":"https:\/\/anderskafka.cz\/eshop\/wp-json\/wp\/v2\/location?post=3931"},{"taxonomy":"product_cat","embeddable":true,"href":"https:\/\/anderskafka.cz\/eshop\/wp-json\/wp\/v2\/product_cat?post=3931"},{"taxonomy":"product_tag","embeddable":true,"href":"https:\/\/anderskafka.cz\/eshop\/wp-json\/wp\/v2\/product_tag?post=3931"}],"curies":[{"name":"wp","href":"https:\/\/api.w.org\/{rel}","templated":true}]}}