{"id":4405,"date":"2023-10-21T09:38:04","date_gmt":"2023-10-21T07:38:04","guid":{"rendered":"https:\/\/anderskafka.cz\/eshop\/?post_type=product&#038;p=4405"},"modified":"2026-04-13T09:52:46","modified_gmt":"2026-04-13T07:52:46","slug":"huum-core-6kw-9kw-a-105kw-elegantni-saunove-elektricke-topidlo-s-moznosti-volby-plaste-montaz-na-podlahu","status":"publish","type":"product","link":"https:\/\/anderskafka.cz\/eshop\/produkt\/huum-core-6kw-9kw-a-105kw-elegantni-saunove-elektricke-topidlo-s-moznosti-volby-plaste-montaz-na-podlahu\/","title":{"rendered":"HUUM CORE \u2013 6\/9\/10,5KW \u2013 elegantn\u00ed saunov\u00e9 elektrick\u00e9 topidlo s mo\u017enost\u00ed volby pl\u00e1\u0161t\u011b , mont\u00e1\u017e na podlahu"},"content":{"rendered":"<p style=\"font-weight: 400;\">Jedine\u010dn\u00fd design.<br \/>\nPol\u00e9v\u00e1n\u00edm saunov\u00fdch kamen\u016f topidlo produkuje jemnou p\u00e1ru.<br \/>\nOvl\u00e1d\u00e1n\u00ed pomoc\u00ed mobiln\u00ed aplikace nebo extern\u00edho ovlada\u010de nen\u00ed sou\u010d\u00e1st\u00ed balen\u00ed.<br \/>\nZ\u00e1ruka 5 let.<br \/>\n<span class=\"y2iqfc\">Rychl\u00e1 a snadn\u00e1 mont\u00e1\u017e, v\u00fd\u0161kov\u011b nastaviteln\u00e9 pomoc\u00ed <strong>\u0161roubovac\u00edch no\u017ei\u010dek<\/strong>.<br \/>\n<\/span>Ur\u010deno pro mont\u00e1\u017e na podlahu.<br \/>\n<span style=\"font-size: 16px;\">Topidlo pojme 30 kg saunov\u00fdch kamen\u016f, kter\u00e9 nejsou sou\u010d\u00e1st\u00ed balen\u00ed. Doporu\u010dujeme ov\u00e1ln\u00e9 HUUM saunov\u00e9 kameny o rozm\u011brech 5-10 cm.<\/span><\/p>\n<p>Topidlo je mo\u017enost zakoupit bez \u00a0povrchov\u00fdch obkladov\u00fdch panel\u016f a pak zapustit do \u00farovn\u011b lavice nebo zvolit n\u011bkterou z variant d\u0159ev\u011bn\u00fdch obkladov\u00fdch panel\u016f.<\/p>\n","protected":false},"excerpt":{"rendered":"<p style=\"font-weight: 400; text-align: left;\">Elektrick\u00e1 saunov\u00e1 kamna CORE nab\u00edz\u00ed flexibilitu a styl. Lze je p\u0159izp\u016fsobit tak, aby vyhovovala designu Va\u0161\u00ed sauny a je k dispozici ve dvou variant\u00e1ch: CORE Black a CORE. Pokud d\u00e1v\u00e1te p\u0159ednost hotov\u00e9mu \u0159e\u0161en\u00ed, stylov\u00fd CORE Black s elegantn\u00edm \u010dern\u00fdm kovov\u00fdm pl\u00e1\u0161t\u011bm je skv\u011blou volbou. Pokud v\u0161ak chcete personalizovan\u00fd design, model CORE umo\u017e\u0148uje snadn\u00e9 p\u0159izp\u016fsoben\u00ed pomoc\u00ed keramick\u00fdch dla\u017edic, kamene, skla nebo d\u0159eva. M\u016f\u017eete si tak\u00e9 vybrat z r\u016fzn\u00fdch barevn\u00fdch kryc\u00edch li\u0161t pro horn\u00ed lem a d\u0159ev\u011bn\u00fdch obkladov\u00fdch \u00a0panel\u016f. Nav\u00edc mal\u00e9 bezpe\u010dnostn\u00ed vzd\u00e1lenosti oh\u0159\u00edva\u010de umo\u017e\u0148uj\u00ed r\u016fzn\u00e9 mo\u017enosti um\u00edst\u011bn\u00ed v\u010detn\u011b zabudov\u00e1n\u00ed do saunov\u00e9 lavice. Navzdory sv\u00fdm kompaktn\u00edm rozm\u011br\u016fm v\u00fdkonn\u00e1 saunov\u00e1 kamna CORE rychle vyh\u0159ej\u00ed saunu a poskytuj\u00ed jemn\u00fd parn\u00ed z\u00e1\u017eitek.<\/p>\n<p style=\"font-weight: 400; text-align: left;\">Topidlo je ur\u010deno pro extern\u00ed \u0159\u00eddic\u00ed jednotku. \u00a0Na topidlo je poskytov\u00e1na nadstandardn\u00ed p\u011btilet\u00e1 z\u00e1ruka.<\/p>\n<p>Saunov\u00e9 produkty spole\u010dnosti HUUM inspirovan\u00e1 p\u0159\u00edrodou kombinuj\u00ed starod\u00e1vn\u00e9 estonsk\u00e9 saunov\u00e9 d\u011bdictv\u00ed, m\u00edrnou p\u00e1ru a modern\u00ed technologii.<\/p>\n<p><img loading=\"lazy\" class=\"size-full wp-image-4250 aligncenter\" src=\"https:\/\/anderskafka.cz\/eshop\/wp-content\/uploads\/sites\/3\/2023\/10\/Unknown-2.png\" alt=\"\" width=\"225\" height=\"225\" srcset=\"https:\/\/anderskafka.cz\/eshop\/wp-content\/uploads\/sites\/3\/2023\/10\/Unknown-2.png 225w, https:\/\/anderskafka.cz\/eshop\/wp-content\/uploads\/sites\/3\/2023\/10\/Unknown-2-150x150.png 150w, https:\/\/anderskafka.cz\/eshop\/wp-content\/uploads\/sites\/3\/2023\/10\/Unknown-2-100x100.png 100w, https:\/\/anderskafka.cz\/eshop\/wp-content\/uploads\/sites\/3\/2023\/10\/Unknown-2-64x64.png 64w\" sizes=\"(max-width: 225px) 100vw, 225px\" \/><\/p>\n<table border=\"0\" width=\"347\" cellspacing=\"0\" cellpadding=\"0\">\n<colgroup>\n<col width=\"175\" \/>\n<col width=\"172\" \/><\/colgroup>\n<tbody>\n<tr>\n<td class=\"xl66\" width=\"175\" height=\"25\">v\u00fdkon topidla (KW)<\/td>\n<td class=\"xl66\" width=\"172\">velikost sauny (m<span class=\"font6\"><sup>3<\/sup><\/span><span class=\"font5\">)<\/span><\/td>\n<\/tr>\n<tr>\n<td align=\"right\" height=\"21\">6<\/td>\n<td class=\"xl65\">5-9<\/td>\n<\/tr>\n<tr>\n<td align=\"right\" height=\"21\">9<\/td>\n<td class=\"xl65\">8-13<\/td>\n<\/tr>\n<tr>\n<td align=\"right\" height=\"21\">10,5<\/td>\n<td>10-16<\/td>\n<\/tr>\n<\/tbody>\n<\/table>\n","protected":false},"featured_media":4429,"comment_status":"open","ping_status":"closed","template":"","meta":{"site-sidebar-layout":"default","site-content-layout":"default","ast-main-header-display":"","ast-hfb-above-header-display":"","ast-hfb-below-header-display":"","ast-hfb-mobile-header-display":"","site-post-title":"","ast-breadcrumbs-content":"","ast-featured-img":"","footer-sml-layout":"","theme-transparent-header-meta":"","adv-header-id-meta":"","stick-header-meta":"","header-above-stick-meta":"","header-main-stick-meta":"","header-below-stick-meta":""},"location":[1492,1491],"product_cat":[540],"product_tag":[1028],"yoast_head":"<!-- This site is optimized with the Yoast SEO plugin v18.5.1 - https:\/\/yoast.com\/wordpress\/plugins\/seo\/ -->\n<title>HUUM CORE \u2013 6\/9\/10,5KW \u2013 elegantn\u00ed saunov\u00e9 elektrick\u00e9 topidlo s mo\u017enost\u00ed volby pl\u00e1\u0161t\u011b , mont\u00e1\u017e na podlahu - Anders &amp; Kafka E-SHOP<\/title>\n<meta name=\"description\" content=\"Elektrick\u00e1 saunov\u00e1 kamna CORE nab\u00edz\u00ed flexibilitu a styl. Lze je p\u0159izp\u016fsobit tak, aby vyhovovala designu Va\u0161\u00ed sauny a je k dispozici ve dvou variant\u00e1ch: CORE Black a CORE. Pokud d\u00e1v\u00e1te p\u0159ednost hotov\u00e9mu \u0159e\u0161en\u00ed, stylov\u00fd CORE Black s elegantn\u00edm \u010dern\u00fdm kovov\u00fdm pl\u00e1\u0161t\u011bm je skv\u011blou volbou. Pokud v\u0161ak chcete personalizovan\u00fd design, model CORE umo\u017e\u0148uje snadn\u00e9 p\u0159izp\u016fsoben\u00ed pomoc\u00ed keramick\u00fdch dla\u017edic, kamene, skla nebo d\u0159eva. M\u016f\u017eete si tak\u00e9 vybrat z r\u016fzn\u00fdch barevn\u00fdch kryc\u00edch li\u0161t pro horn\u00ed lem a d\u0159ev\u011bn\u00fdch obkladov\u00fdch \u00a0panel\u016f. Nav\u00edc mal\u00e9 bezpe\u010dnostn\u00ed vzd\u00e1lenosti oh\u0159\u00edva\u010de umo\u017e\u0148uj\u00ed r\u016fzn\u00e9 mo\u017enosti um\u00edst\u011bn\u00ed v\u010detn\u011b zabudov\u00e1n\u00ed do saunov\u00e9 lavice. Navzdory sv\u00fdm kompaktn\u00edm rozm\u011br\u016fm v\u00fdkonn\u00e1 saunov\u00e1 kamna CORE rychle vyh\u0159ej\u00ed saunu a poskytuj\u00ed jemn\u00fd parn\u00ed z\u00e1\u017eitek. Topidlo je ur\u010deno pro extern\u00ed \u0159\u00eddic\u00ed jednotku. \u00a0Na topidlo je poskytov\u00e1na nadstandardn\u00ed p\u011btilet\u00e1 z\u00e1ruka. Saunov\u00e9 produkty spole\u010dnosti HUUM inspirovan\u00e1 p\u0159\u00edrodou kombinuj\u00ed starod\u00e1vn\u00e9 estonsk\u00e9 saunov\u00e9 d\u011bdictv\u00ed, m\u00edrnou p\u00e1ru a modern\u00ed technologii.       v\u00fdkon topidla (KW) velikost sauny (m3)   6 5-9   9 8-13   10,5 10-16\" \/>\n<meta name=\"robots\" content=\"index, follow, max-snippet:-1, max-image-preview:large, max-video-preview:-1\" \/>\n<link rel=\"canonical\" href=\"https:\/\/anderskafka.cz\/eshop\/produkt\/huum-core-6kw-9kw-a-105kw-elegantni-saunove-elektricke-topidlo-s-moznosti-volby-plaste-montaz-na-podlahu\/\" \/>\n<meta property=\"og:locale\" content=\"cs_CZ\" \/>\n<meta property=\"og:type\" content=\"article\" \/>\n<meta property=\"og:title\" content=\"HUUM CORE \u2013 6\/9\/10,5KW \u2013 elegantn\u00ed saunov\u00e9 elektrick\u00e9 topidlo s mo\u017enost\u00ed volby pl\u00e1\u0161t\u011b , mont\u00e1\u017e na podlahu - Anders &amp; Kafka E-SHOP\" \/>\n<meta property=\"og:description\" content=\"Elektrick\u00e1 saunov\u00e1 kamna CORE nab\u00edz\u00ed flexibilitu a styl. Lze je p\u0159izp\u016fsobit tak, aby vyhovovala designu Va\u0161\u00ed sauny a je k dispozici ve dvou variant\u00e1ch: CORE Black a CORE. Pokud d\u00e1v\u00e1te p\u0159ednost hotov\u00e9mu \u0159e\u0161en\u00ed, stylov\u00fd CORE Black s elegantn\u00edm \u010dern\u00fdm kovov\u00fdm pl\u00e1\u0161t\u011bm je skv\u011blou volbou. Pokud v\u0161ak chcete personalizovan\u00fd design, model CORE umo\u017e\u0148uje snadn\u00e9 p\u0159izp\u016fsoben\u00ed pomoc\u00ed keramick\u00fdch dla\u017edic, kamene, skla nebo d\u0159eva. M\u016f\u017eete si tak\u00e9 vybrat z r\u016fzn\u00fdch barevn\u00fdch kryc\u00edch li\u0161t pro horn\u00ed lem a d\u0159ev\u011bn\u00fdch obkladov\u00fdch \u00a0panel\u016f. Nav\u00edc mal\u00e9 bezpe\u010dnostn\u00ed vzd\u00e1lenosti oh\u0159\u00edva\u010de umo\u017e\u0148uj\u00ed r\u016fzn\u00e9 mo\u017enosti um\u00edst\u011bn\u00ed v\u010detn\u011b zabudov\u00e1n\u00ed do saunov\u00e9 lavice. Navzdory sv\u00fdm kompaktn\u00edm rozm\u011br\u016fm v\u00fdkonn\u00e1 saunov\u00e1 kamna CORE rychle vyh\u0159ej\u00ed saunu a poskytuj\u00ed jemn\u00fd parn\u00ed z\u00e1\u017eitek. Topidlo je ur\u010deno pro extern\u00ed \u0159\u00eddic\u00ed jednotku. \u00a0Na topidlo je poskytov\u00e1na nadstandardn\u00ed p\u011btilet\u00e1 z\u00e1ruka. Saunov\u00e9 produkty spole\u010dnosti HUUM inspirovan\u00e1 p\u0159\u00edrodou kombinuj\u00ed starod\u00e1vn\u00e9 estonsk\u00e9 saunov\u00e9 d\u011bdictv\u00ed, m\u00edrnou p\u00e1ru a modern\u00ed technologii.       v\u00fdkon topidla (KW) velikost sauny (m3)   6 5-9   9 8-13   10,5 10-16\" \/>\n<meta property=\"og:url\" content=\"https:\/\/anderskafka.cz\/eshop\/produkt\/huum-core-6kw-9kw-a-105kw-elegantni-saunove-elektricke-topidlo-s-moznosti-volby-plaste-montaz-na-podlahu\/\" \/>\n<meta property=\"og:site_name\" content=\"Anders &amp; Kafka E-SHOP\" \/>\n<meta property=\"article:modified_time\" content=\"2026-04-13T07:52:46+00:00\" \/>\n<meta property=\"og:image\" content=\"https:\/\/anderskafka.cz\/eshop\/wp-content\/uploads\/sites\/3\/2023\/10\/b1-core-bk_web.jpg\" \/>\n\t<meta property=\"og:image:width\" content=\"1280\" \/>\n\t<meta property=\"og:image:height\" content=\"1280\" \/>\n\t<meta property=\"og:image:type\" content=\"image\/jpeg\" \/>\n<meta name=\"twitter:card\" content=\"summary_large_image\" \/>\n<meta name=\"twitter:label1\" content=\"Odhadovan\u00e1 doba \u010dten\u00ed\" \/>\n\t<meta name=\"twitter:data1\" content=\"1 minuta\" \/>\n<script type=\"application\/ld+json\" class=\"yoast-schema-graph\">{\"@context\":\"https:\/\/schema.org\",\"@graph\":[{\"@type\":\"WebSite\",\"@id\":\"https:\/\/anderskafka.cz\/eshop\/#website\",\"url\":\"https:\/\/anderskafka.cz\/eshop\/\",\"name\":\"Anders &amp; Kafka E-SHOP\",\"description\":\"Anders &amp; Kafka E-SHOP\",\"potentialAction\":[{\"@type\":\"SearchAction\",\"target\":{\"@type\":\"EntryPoint\",\"urlTemplate\":\"https:\/\/anderskafka.cz\/eshop\/?s={search_term_string}\"},\"query-input\":\"required name=search_term_string\"}],\"inLanguage\":\"cs\"},{\"@type\":\"ImageObject\",\"@id\":\"https:\/\/anderskafka.cz\/eshop\/produkt\/huum-core-6kw-9kw-a-105kw-elegantni-saunove-elektricke-topidlo-s-moznosti-volby-plaste-montaz-na-podlahu\/#primaryimage\",\"inLanguage\":\"cs\",\"url\":\"https:\/\/anderskafka.cz\/eshop\/wp-content\/uploads\/sites\/3\/2023\/10\/b1-core-bk_web.jpg\",\"contentUrl\":\"https:\/\/anderskafka.cz\/eshop\/wp-content\/uploads\/sites\/3\/2023\/10\/b1-core-bk_web.jpg\",\"width\":1280,\"height\":1280},{\"@type\":\"WebPage\",\"@id\":\"https:\/\/anderskafka.cz\/eshop\/produkt\/huum-core-6kw-9kw-a-105kw-elegantni-saunove-elektricke-topidlo-s-moznosti-volby-plaste-montaz-na-podlahu\/#webpage\",\"url\":\"https:\/\/anderskafka.cz\/eshop\/produkt\/huum-core-6kw-9kw-a-105kw-elegantni-saunove-elektricke-topidlo-s-moznosti-volby-plaste-montaz-na-podlahu\/\",\"name\":\"HUUM CORE \u2013 6\/9\/10,5KW \u2013 elegantn\u00ed saunov\u00e9 elektrick\u00e9 topidlo s mo\u017enost\u00ed volby pl\u00e1\u0161t\u011b , mont\u00e1\u017e na podlahu - Anders &amp; Kafka E-SHOP\",\"isPartOf\":{\"@id\":\"https:\/\/anderskafka.cz\/eshop\/#website\"},\"primaryImageOfPage\":{\"@id\":\"https:\/\/anderskafka.cz\/eshop\/produkt\/huum-core-6kw-9kw-a-105kw-elegantni-saunove-elektricke-topidlo-s-moznosti-volby-plaste-montaz-na-podlahu\/#primaryimage\"},\"datePublished\":\"2023-10-21T07:38:04+00:00\",\"dateModified\":\"2026-04-13T07:52:46+00:00\",\"description\":\"Elektrick\u00e1 saunov\u00e1 kamna CORE nab\u00edz\u00ed flexibilitu a styl. Lze je p\u0159izp\u016fsobit tak, aby vyhovovala designu Va\u0161\u00ed sauny a je k dispozici ve dvou variant\u00e1ch: CORE Black a CORE. Pokud d\u00e1v\u00e1te p\u0159ednost hotov\u00e9mu \u0159e\u0161en\u00ed, stylov\u00fd CORE Black s elegantn\u00edm \u010dern\u00fdm kovov\u00fdm pl\u00e1\u0161t\u011bm je skv\u011blou volbou. Pokud v\u0161ak chcete personalizovan\u00fd design, model CORE umo\u017e\u0148uje snadn\u00e9 p\u0159izp\u016fsoben\u00ed pomoc\u00ed keramick\u00fdch dla\u017edic, kamene, skla nebo d\u0159eva. M\u016f\u017eete si tak\u00e9 vybrat z r\u016fzn\u00fdch barevn\u00fdch kryc\u00edch li\u0161t pro horn\u00ed lem a d\u0159ev\u011bn\u00fdch obkladov\u00fdch \u00a0panel\u016f. Nav\u00edc mal\u00e9 bezpe\u010dnostn\u00ed vzd\u00e1lenosti oh\u0159\u00edva\u010de umo\u017e\u0148uj\u00ed r\u016fzn\u00e9 mo\u017enosti um\u00edst\u011bn\u00ed v\u010detn\u011b zabudov\u00e1n\u00ed do saunov\u00e9 lavice. Navzdory sv\u00fdm kompaktn\u00edm rozm\u011br\u016fm v\u00fdkonn\u00e1 saunov\u00e1 kamna CORE rychle vyh\u0159ej\u00ed saunu a poskytuj\u00ed jemn\u00fd parn\u00ed z\u00e1\u017eitek. Topidlo je ur\u010deno pro extern\u00ed \u0159\u00eddic\u00ed jednotku. \u00a0Na topidlo je poskytov\u00e1na nadstandardn\u00ed p\u011btilet\u00e1 z\u00e1ruka. Saunov\u00e9 produkty spole\u010dnosti HUUM inspirovan\u00e1 p\u0159\u00edrodou kombinuj\u00ed starod\u00e1vn\u00e9 estonsk\u00e9 saunov\u00e9 d\u011bdictv\u00ed, m\u00edrnou p\u00e1ru a modern\u00ed technologii. v\u00fdkon topidla (KW) velikost sauny (m3) 6 5-9 9 8-13 10,5 10-16\",\"breadcrumb\":{\"@id\":\"https:\/\/anderskafka.cz\/eshop\/produkt\/huum-core-6kw-9kw-a-105kw-elegantni-saunove-elektricke-topidlo-s-moznosti-volby-plaste-montaz-na-podlahu\/#breadcrumb\"},\"inLanguage\":\"cs\",\"potentialAction\":[{\"@type\":\"ReadAction\",\"target\":[\"https:\/\/anderskafka.cz\/eshop\/produkt\/huum-core-6kw-9kw-a-105kw-elegantni-saunove-elektricke-topidlo-s-moznosti-volby-plaste-montaz-na-podlahu\/\"]}]},{\"@type\":\"BreadcrumbList\",\"@id\":\"https:\/\/anderskafka.cz\/eshop\/produkt\/huum-core-6kw-9kw-a-105kw-elegantni-saunove-elektricke-topidlo-s-moznosti-volby-plaste-montaz-na-podlahu\/#breadcrumb\",\"itemListElement\":[{\"@type\":\"ListItem\",\"position\":1,\"name\":\"Obchod\",\"item\":\"https:\/\/anderskafka.cz\/eshop\/obchod\/\"},{\"@type\":\"ListItem\",\"position\":2,\"name\":\"HUUM CORE \u2013 6\/9\/10,5KW \u2013 elegantn\u00ed saunov\u00e9 elektrick\u00e9 topidlo s mo\u017enost\u00ed volby pl\u00e1\u0161t\u011b , mont\u00e1\u017e na podlahu\"}]}]}<\/script>\n<!-- \/ Yoast SEO plugin. -->","yoast_head_json":{"title":"HUUM CORE \u2013 6\/9\/10,5KW \u2013 elegantn\u00ed saunov\u00e9 elektrick\u00e9 topidlo s mo\u017enost\u00ed volby pl\u00e1\u0161t\u011b , mont\u00e1\u017e na podlahu - Anders &amp; Kafka E-SHOP","description":"Elektrick\u00e1 saunov\u00e1 kamna CORE nab\u00edz\u00ed flexibilitu a styl. Lze je p\u0159izp\u016fsobit tak, aby vyhovovala designu Va\u0161\u00ed sauny a je k dispozici ve dvou variant\u00e1ch: CORE Black a CORE. Pokud d\u00e1v\u00e1te p\u0159ednost hotov\u00e9mu \u0159e\u0161en\u00ed, stylov\u00fd CORE Black s elegantn\u00edm \u010dern\u00fdm kovov\u00fdm pl\u00e1\u0161t\u011bm je skv\u011blou volbou. Pokud v\u0161ak chcete personalizovan\u00fd design, model CORE umo\u017e\u0148uje snadn\u00e9 p\u0159izp\u016fsoben\u00ed pomoc\u00ed keramick\u00fdch dla\u017edic, kamene, skla nebo d\u0159eva. M\u016f\u017eete si tak\u00e9 vybrat z r\u016fzn\u00fdch barevn\u00fdch kryc\u00edch li\u0161t pro horn\u00ed lem a d\u0159ev\u011bn\u00fdch obkladov\u00fdch \u00a0panel\u016f. Nav\u00edc mal\u00e9 bezpe\u010dnostn\u00ed vzd\u00e1lenosti oh\u0159\u00edva\u010de umo\u017e\u0148uj\u00ed r\u016fzn\u00e9 mo\u017enosti um\u00edst\u011bn\u00ed v\u010detn\u011b zabudov\u00e1n\u00ed do saunov\u00e9 lavice. Navzdory sv\u00fdm kompaktn\u00edm rozm\u011br\u016fm v\u00fdkonn\u00e1 saunov\u00e1 kamna CORE rychle vyh\u0159ej\u00ed saunu a poskytuj\u00ed jemn\u00fd parn\u00ed z\u00e1\u017eitek. Topidlo je ur\u010deno pro extern\u00ed \u0159\u00eddic\u00ed jednotku. \u00a0Na topidlo je poskytov\u00e1na nadstandardn\u00ed p\u011btilet\u00e1 z\u00e1ruka. Saunov\u00e9 produkty spole\u010dnosti HUUM inspirovan\u00e1 p\u0159\u00edrodou kombinuj\u00ed starod\u00e1vn\u00e9 estonsk\u00e9 saunov\u00e9 d\u011bdictv\u00ed, m\u00edrnou p\u00e1ru a modern\u00ed technologii.       v\u00fdkon topidla (KW) velikost sauny (m3)   6 5-9   9 8-13   10,5 10-16","robots":{"index":"index","follow":"follow","max-snippet":"max-snippet:-1","max-image-preview":"max-image-preview:large","max-video-preview":"max-video-preview:-1"},"canonical":"https:\/\/anderskafka.cz\/eshop\/produkt\/huum-core-6kw-9kw-a-105kw-elegantni-saunove-elektricke-topidlo-s-moznosti-volby-plaste-montaz-na-podlahu\/","og_locale":"cs_CZ","og_type":"article","og_title":"HUUM CORE \u2013 6\/9\/10,5KW \u2013 elegantn\u00ed saunov\u00e9 elektrick\u00e9 topidlo s mo\u017enost\u00ed volby pl\u00e1\u0161t\u011b , mont\u00e1\u017e na podlahu - Anders &amp; Kafka E-SHOP","og_description":"Elektrick\u00e1 saunov\u00e1 kamna CORE nab\u00edz\u00ed flexibilitu a styl. Lze je p\u0159izp\u016fsobit tak, aby vyhovovala designu Va\u0161\u00ed sauny a je k dispozici ve dvou variant\u00e1ch: CORE Black a CORE. Pokud d\u00e1v\u00e1te p\u0159ednost hotov\u00e9mu \u0159e\u0161en\u00ed, stylov\u00fd CORE Black s elegantn\u00edm \u010dern\u00fdm kovov\u00fdm pl\u00e1\u0161t\u011bm je skv\u011blou volbou. Pokud v\u0161ak chcete personalizovan\u00fd design, model CORE umo\u017e\u0148uje snadn\u00e9 p\u0159izp\u016fsoben\u00ed pomoc\u00ed keramick\u00fdch dla\u017edic, kamene, skla nebo d\u0159eva. M\u016f\u017eete si tak\u00e9 vybrat z r\u016fzn\u00fdch barevn\u00fdch kryc\u00edch li\u0161t pro horn\u00ed lem a d\u0159ev\u011bn\u00fdch obkladov\u00fdch \u00a0panel\u016f. Nav\u00edc mal\u00e9 bezpe\u010dnostn\u00ed vzd\u00e1lenosti oh\u0159\u00edva\u010de umo\u017e\u0148uj\u00ed r\u016fzn\u00e9 mo\u017enosti um\u00edst\u011bn\u00ed v\u010detn\u011b zabudov\u00e1n\u00ed do saunov\u00e9 lavice. Navzdory sv\u00fdm kompaktn\u00edm rozm\u011br\u016fm v\u00fdkonn\u00e1 saunov\u00e1 kamna CORE rychle vyh\u0159ej\u00ed saunu a poskytuj\u00ed jemn\u00fd parn\u00ed z\u00e1\u017eitek. Topidlo je ur\u010deno pro extern\u00ed \u0159\u00eddic\u00ed jednotku. \u00a0Na topidlo je poskytov\u00e1na nadstandardn\u00ed p\u011btilet\u00e1 z\u00e1ruka. Saunov\u00e9 produkty spole\u010dnosti HUUM inspirovan\u00e1 p\u0159\u00edrodou kombinuj\u00ed starod\u00e1vn\u00e9 estonsk\u00e9 saunov\u00e9 d\u011bdictv\u00ed, m\u00edrnou p\u00e1ru a modern\u00ed technologii.       v\u00fdkon topidla (KW) velikost sauny (m3)   6 5-9   9 8-13   10,5 10-16","og_url":"https:\/\/anderskafka.cz\/eshop\/produkt\/huum-core-6kw-9kw-a-105kw-elegantni-saunove-elektricke-topidlo-s-moznosti-volby-plaste-montaz-na-podlahu\/","og_site_name":"Anders &amp; Kafka E-SHOP","article_modified_time":"2026-04-13T07:52:46+00:00","og_image":[{"width":1280,"height":1280,"url":"https:\/\/anderskafka.cz\/eshop\/wp-content\/uploads\/sites\/3\/2023\/10\/b1-core-bk_web.jpg","type":"image\/jpeg"}],"twitter_card":"summary_large_image","twitter_misc":{"Odhadovan\u00e1 doba \u010dten\u00ed":"1 minuta"},"schema":{"@context":"https:\/\/schema.org","@graph":[{"@type":"WebSite","@id":"https:\/\/anderskafka.cz\/eshop\/#website","url":"https:\/\/anderskafka.cz\/eshop\/","name":"Anders &amp; Kafka E-SHOP","description":"Anders &amp; Kafka E-SHOP","potentialAction":[{"@type":"SearchAction","target":{"@type":"EntryPoint","urlTemplate":"https:\/\/anderskafka.cz\/eshop\/?s={search_term_string}"},"query-input":"required name=search_term_string"}],"inLanguage":"cs"},{"@type":"ImageObject","@id":"https:\/\/anderskafka.cz\/eshop\/produkt\/huum-core-6kw-9kw-a-105kw-elegantni-saunove-elektricke-topidlo-s-moznosti-volby-plaste-montaz-na-podlahu\/#primaryimage","inLanguage":"cs","url":"https:\/\/anderskafka.cz\/eshop\/wp-content\/uploads\/sites\/3\/2023\/10\/b1-core-bk_web.jpg","contentUrl":"https:\/\/anderskafka.cz\/eshop\/wp-content\/uploads\/sites\/3\/2023\/10\/b1-core-bk_web.jpg","width":1280,"height":1280},{"@type":"WebPage","@id":"https:\/\/anderskafka.cz\/eshop\/produkt\/huum-core-6kw-9kw-a-105kw-elegantni-saunove-elektricke-topidlo-s-moznosti-volby-plaste-montaz-na-podlahu\/#webpage","url":"https:\/\/anderskafka.cz\/eshop\/produkt\/huum-core-6kw-9kw-a-105kw-elegantni-saunove-elektricke-topidlo-s-moznosti-volby-plaste-montaz-na-podlahu\/","name":"HUUM CORE \u2013 6\/9\/10,5KW \u2013 elegantn\u00ed saunov\u00e9 elektrick\u00e9 topidlo s mo\u017enost\u00ed volby pl\u00e1\u0161t\u011b , mont\u00e1\u017e na podlahu - Anders &amp; Kafka E-SHOP","isPartOf":{"@id":"https:\/\/anderskafka.cz\/eshop\/#website"},"primaryImageOfPage":{"@id":"https:\/\/anderskafka.cz\/eshop\/produkt\/huum-core-6kw-9kw-a-105kw-elegantni-saunove-elektricke-topidlo-s-moznosti-volby-plaste-montaz-na-podlahu\/#primaryimage"},"datePublished":"2023-10-21T07:38:04+00:00","dateModified":"2026-04-13T07:52:46+00:00","description":"Elektrick\u00e1 saunov\u00e1 kamna CORE nab\u00edz\u00ed flexibilitu a styl. Lze je p\u0159izp\u016fsobit tak, aby vyhovovala designu Va\u0161\u00ed sauny a je k dispozici ve dvou variant\u00e1ch: CORE Black a CORE. Pokud d\u00e1v\u00e1te p\u0159ednost hotov\u00e9mu \u0159e\u0161en\u00ed, stylov\u00fd CORE Black s elegantn\u00edm \u010dern\u00fdm kovov\u00fdm pl\u00e1\u0161t\u011bm je skv\u011blou volbou. Pokud v\u0161ak chcete personalizovan\u00fd design, model CORE umo\u017e\u0148uje snadn\u00e9 p\u0159izp\u016fsoben\u00ed pomoc\u00ed keramick\u00fdch dla\u017edic, kamene, skla nebo d\u0159eva. M\u016f\u017eete si tak\u00e9 vybrat z r\u016fzn\u00fdch barevn\u00fdch kryc\u00edch li\u0161t pro horn\u00ed lem a d\u0159ev\u011bn\u00fdch obkladov\u00fdch \u00a0panel\u016f. Nav\u00edc mal\u00e9 bezpe\u010dnostn\u00ed vzd\u00e1lenosti oh\u0159\u00edva\u010de umo\u017e\u0148uj\u00ed r\u016fzn\u00e9 mo\u017enosti um\u00edst\u011bn\u00ed v\u010detn\u011b zabudov\u00e1n\u00ed do saunov\u00e9 lavice. Navzdory sv\u00fdm kompaktn\u00edm rozm\u011br\u016fm v\u00fdkonn\u00e1 saunov\u00e1 kamna CORE rychle vyh\u0159ej\u00ed saunu a poskytuj\u00ed jemn\u00fd parn\u00ed z\u00e1\u017eitek. Topidlo je ur\u010deno pro extern\u00ed \u0159\u00eddic\u00ed jednotku. \u00a0Na topidlo je poskytov\u00e1na nadstandardn\u00ed p\u011btilet\u00e1 z\u00e1ruka. Saunov\u00e9 produkty spole\u010dnosti HUUM inspirovan\u00e1 p\u0159\u00edrodou kombinuj\u00ed starod\u00e1vn\u00e9 estonsk\u00e9 saunov\u00e9 d\u011bdictv\u00ed, m\u00edrnou p\u00e1ru a modern\u00ed technologii. v\u00fdkon topidla (KW) velikost sauny (m3) 6 5-9 9 8-13 10,5 10-16","breadcrumb":{"@id":"https:\/\/anderskafka.cz\/eshop\/produkt\/huum-core-6kw-9kw-a-105kw-elegantni-saunove-elektricke-topidlo-s-moznosti-volby-plaste-montaz-na-podlahu\/#breadcrumb"},"inLanguage":"cs","potentialAction":[{"@type":"ReadAction","target":["https:\/\/anderskafka.cz\/eshop\/produkt\/huum-core-6kw-9kw-a-105kw-elegantni-saunove-elektricke-topidlo-s-moznosti-volby-plaste-montaz-na-podlahu\/"]}]},{"@type":"BreadcrumbList","@id":"https:\/\/anderskafka.cz\/eshop\/produkt\/huum-core-6kw-9kw-a-105kw-elegantni-saunove-elektricke-topidlo-s-moznosti-volby-plaste-montaz-na-podlahu\/#breadcrumb","itemListElement":[{"@type":"ListItem","position":1,"name":"Obchod","item":"https:\/\/anderskafka.cz\/eshop\/obchod\/"},{"@type":"ListItem","position":2,"name":"HUUM CORE \u2013 6\/9\/10,5KW \u2013 elegantn\u00ed saunov\u00e9 elektrick\u00e9 topidlo s mo\u017enost\u00ed volby pl\u00e1\u0161t\u011b , mont\u00e1\u017e na podlahu"}]}]}},"locations":[{"id":1492,"name":"HUUM sklad","slug":"huum-sklad","quantity":""},{"id":1491,"name":"Sklad AndersKafka","slug":"sklad-anderskafka","quantity":""}],"_links":{"self":[{"href":"https:\/\/anderskafka.cz\/eshop\/wp-json\/wp\/v2\/product\/4405"}],"collection":[{"href":"https:\/\/anderskafka.cz\/eshop\/wp-json\/wp\/v2\/product"}],"about":[{"href":"https:\/\/anderskafka.cz\/eshop\/wp-json\/wp\/v2\/types\/product"}],"replies":[{"embeddable":true,"href":"https:\/\/anderskafka.cz\/eshop\/wp-json\/wp\/v2\/comments?post=4405"}],"wp:featuredmedia":[{"embeddable":true,"href":"https:\/\/anderskafka.cz\/eshop\/wp-json\/wp\/v2\/media\/4429"}],"wp:attachment":[{"href":"https:\/\/anderskafka.cz\/eshop\/wp-json\/wp\/v2\/media?parent=4405"}],"wp:term":[{"taxonomy":"location","embeddable":true,"href":"https:\/\/anderskafka.cz\/eshop\/wp-json\/wp\/v2\/location?post=4405"},{"taxonomy":"product_cat","embeddable":true,"href":"https:\/\/anderskafka.cz\/eshop\/wp-json\/wp\/v2\/product_cat?post=4405"},{"taxonomy":"product_tag","embeddable":true,"href":"https:\/\/anderskafka.cz\/eshop\/wp-json\/wp\/v2\/product_tag?post=4405"}],"curies":[{"name":"wp","href":"https:\/\/api.w.org\/{rel}","templated":true}]}}