{"id":4443,"date":"2023-10-21T20:46:17","date_gmt":"2023-10-21T18:46:17","guid":{"rendered":"https:\/\/anderskafka.cz\/eshop\/?post_type=product&#038;p=4443"},"modified":"2026-04-28T11:41:27","modified_gmt":"2026-04-28T09:41:27","slug":"huum-uku-wifi-glass-chytra-ridici-jednotka-pro-finskou-saunu-v-modernim-cernem-provedeni-kopirovat","status":"publish","type":"product","link":"https:\/\/anderskafka.cz\/eshop\/produkt\/huum-uku-wifi-glass-chytra-ridici-jednotka-pro-finskou-saunu-v-modernim-cernem-provedeni-kopirovat\/","title":{"rendered":"HUUM UKU WIFI GLASS \u2013 wifi \u0159\u00eddic\u00ed jednotka pro finskou saunu ve stylov\u00e9m sklen\u011bn\u00e9m a minimalistick\u00e9m proveden\u00ed v \u010dern\u00e9 barv\u011b"},"content":{"rendered":"<p style=\"font-weight: 400\">Chytr\u00fd syst\u00e9m ovl\u00e1d\u00e1n\u00ed sauny<br \/>\nOvl\u00e1d\u00e1n\u00ed z ovl\u00e1dac\u00edho panelu na st\u011bn\u011b nebo pomoci aplikace v mobiln\u00edm telefonu<br \/>\nElegantn\u00ed a intuitivn\u00ed design<br \/>\nZ\u00e1ruka 5 let<\/p>\n<p>Se stylov\u00fdm ovl\u00e1dac\u00edm panelem na st\u011bn\u011b m\u016f\u017eete snadno nastavit teplotu a dobu oh\u0159evu. Pro v\u011bt\u0161\u00ed pohodl\u00ed m\u016f\u017eete k \u0159\u00eddic\u00edmu syst\u00e9mu p\u0159ipojit tak\u00e9 osv\u011btlen\u00ed sauny, ventilaci a v\u00fdrobu p\u00e1ry. O bezpe\u010dnost Va\u0161\u00ed sauny se star\u00e1 ochrana proti p\u0159eh\u0159\u00e1t\u00ed a d\u011btsk\u00e1 pojistka.<br \/>\nPokud m\u00e1te v dosahu sauny wifi sign\u00e1l, m\u016f\u017eete saunu ovl\u00e1dat pomoc\u00ed mobiln\u00ed aplikace v chytr\u00e9m telefonu, odkudkoliv. Kompatibiln\u00ed s IOS i ANDROID.<br \/>\nSada \u0159\u00eddic\u00edho syst\u00e9mu je dod\u00e1v\u00e1na s elegantn\u00edm sklen\u011bn\u00fdm ovl\u00e1dac\u00edm panelem GLASS v \u010dern\u00e9m proveden\u00ed, ale m\u016f\u017eete si vybrat r\u016fzn\u00e9 designy tohoto ovl\u00e1dac\u00edho panelu, aby odpov\u00eddaly va\u0161emu stylu: GOLD nebo WOOD.<\/p>\n<div class=\"page\" title=\"Page 11\">\n<div class=\"section\">\n<div class=\"layoutArea\">\n<div class=\"page\" title=\"Page 10\">\n<div class=\"layoutArea\">\n<div class=\"column\">\n<p><strong>Rozsah doda\u0301vky:<br \/>\n<\/strong>ovl\u00e1dac\u00ed panel (130 x 90 x 22 mm)<br \/>\nkabel k ovlada\u010di (3 m; 4 x 0,34 mm2)<br \/>\nhlavn\u00ed modul (65 x 165 x 245 mm)<br \/>\nsenzor teploty<br \/>\nsenzor zav\u0159en\u00fdch dve\u0159\u00ed<br \/>\nkabel k senzor\u016fm (2x5m; 2 x 0,22 mm2)<\/p>\n<p>Technick\u00e9 \u00fadaje:<\/p>\n<p>Rozmez\u00ed teploty: 40 \u2013 110 \u00b0C<br \/>\nPro kamna: max. 18 kW<br \/>\nNap\u00e1jec\u00ed zdroj: 400 V 3F; 230 V 1F<br \/>\nDoba vyt\u00e1p\u011bn\u00ed: 3 h, 8 h, 12 h<\/p>\n<\/div>\n<\/div>\n<\/div>\n<\/div>\n<\/div>\n<\/div>\n","protected":false},"excerpt":{"rendered":"<p>Chytr\u00e1 \u0159\u00eddic\u00ed jednotka s intuitivn\u00edm ovl\u00e1d\u00e1n\u00edm je ur\u010dena pro elektrick\u00e1 topidla pro finskou saunu s v\u00fdkonem topidla do<span style=\"font-size: 16px\">\u00a018 kW. S digit\u00e1ln\u00edm \u0159\u00edzen\u00edm \u010das\u016f a teplot. Jednotka je vybavena e<\/span><span style=\"font-size: 16px;font-style: normal\">nergeticky \u00faspornou elektronikou s mo\u017enost\u00ed instalace uvnit\u0159 i vn\u011b sauny a s mo\u017enost\u00ed ovl\u00e1d\u00e1n\u00ed pomoc\u00ed chytr\u00e9 aplikace z mobiln\u00edho za\u0159\u00edzen\u00ed.<\/span><\/p>\n<p style=\"text-align: left\">Saunov\u00e9 produkty spole\u010dnosti HUUM inspirovan\u00e9 p\u0159\u00edrodou kombinuj\u00ed starod\u00e1vn\u00e9 estonsk\u00e9 saunov\u00e9 d\u011bdictv\u00ed, m\u00edrnou p\u00e1ru a modern\u00ed technologii.<\/p>\n<p style=\"text-align: left\"><img loading=\"lazy\" class=\"size-full wp-image-4250 alignleft\" src=\"https:\/\/anderskafka.cz\/eshop\/wp-content\/uploads\/sites\/3\/2023\/10\/Unknown-2.png\" alt=\"\" width=\"225\" height=\"225\" srcset=\"https:\/\/anderskafka.cz\/eshop\/wp-content\/uploads\/sites\/3\/2023\/10\/Unknown-2.png 225w, https:\/\/anderskafka.cz\/eshop\/wp-content\/uploads\/sites\/3\/2023\/10\/Unknown-2-150x150.png 150w, https:\/\/anderskafka.cz\/eshop\/wp-content\/uploads\/sites\/3\/2023\/10\/Unknown-2-100x100.png 100w, https:\/\/anderskafka.cz\/eshop\/wp-content\/uploads\/sites\/3\/2023\/10\/Unknown-2-64x64.png 64w\" sizes=\"(max-width: 225px) 100vw, 225px\" \/> <img loading=\"lazy\" class=\"alignnone size-medium wp-image-4257\" src=\"https:\/\/anderskafka.cz\/eshop\/wp-content\/uploads\/sites\/3\/2023\/10\/csm_2021_PD_RD_2a96fb376b-300x176.png\" alt=\"\" width=\"300\" height=\"176\" srcset=\"https:\/\/anderskafka.cz\/eshop\/wp-content\/uploads\/sites\/3\/2023\/10\/csm_2021_PD_RD_2a96fb376b-300x176.png 300w, https:\/\/anderskafka.cz\/eshop\/wp-content\/uploads\/sites\/3\/2023\/10\/csm_2021_PD_RD_2a96fb376b-64x38.png 64w, https:\/\/anderskafka.cz\/eshop\/wp-content\/uploads\/sites\/3\/2023\/10\/csm_2021_PD_RD_2a96fb376b.png 500w\" sizes=\"(max-width: 300px) 100vw, 300px\" \/><\/p>\n","protected":false},"featured_media":4458,"comment_status":"open","ping_status":"closed","template":"","meta":{"site-sidebar-layout":"default","site-content-layout":"default","ast-main-header-display":"","ast-hfb-above-header-display":"","ast-hfb-below-header-display":"","ast-hfb-mobile-header-display":"","site-post-title":"","ast-breadcrumbs-content":"","ast-featured-img":"","footer-sml-layout":"","theme-transparent-header-meta":"","adv-header-id-meta":"","stick-header-meta":"","header-above-stick-meta":"","header-main-stick-meta":"","header-below-stick-meta":""},"location":[1492,1491],"product_cat":[701,543],"product_tag":[1028],"yoast_head":"<!-- This site is optimized with the Yoast SEO plugin v18.5.1 - https:\/\/yoast.com\/wordpress\/plugins\/seo\/ -->\n<title>HUUM UKU WIFI GLASS \u2013 wifi \u0159\u00eddic\u00ed jednotka pro finskou saunu ve stylov\u00e9m sklen\u011bn\u00e9m a minimalistick\u00e9m proveden\u00ed v \u010dern\u00e9 barv\u011b - Anders &amp; Kafka E-SHOP<\/title>\n<meta name=\"description\" content=\"Chytr\u00e1 \u0159\u00eddic\u00ed jednotka s intuitivn\u00edm ovl\u00e1d\u00e1n\u00edm je ur\u010dena pro elektrick\u00e1 topidla pro finskou saunu s v\u00fdkonem topidla do\u00a018 kW. S digit\u00e1ln\u00edm \u0159\u00edzen\u00edm \u010das\u016f a teplot. Jednotka je vybavena energeticky \u00faspornou elektronikou s mo\u017enost\u00ed instalace uvnit\u0159 i vn\u011b sauny a s mo\u017enost\u00ed ovl\u00e1d\u00e1n\u00ed pomoc\u00ed chytr\u00e9 aplikace z mobiln\u00edho za\u0159\u00edzen\u00ed. Saunov\u00e9 produkty spole\u010dnosti HUUM inspirovan\u00e9 p\u0159\u00edrodou kombinuj\u00ed starod\u00e1vn\u00e9 estonsk\u00e9 saunov\u00e9 d\u011bdictv\u00ed, m\u00edrnou p\u00e1ru a modern\u00ed technologii.\" \/>\n<meta name=\"robots\" content=\"index, follow, max-snippet:-1, max-image-preview:large, max-video-preview:-1\" \/>\n<link rel=\"canonical\" href=\"https:\/\/anderskafka.cz\/eshop\/produkt\/huum-uku-wifi-glass-chytra-ridici-jednotka-pro-finskou-saunu-v-modernim-cernem-provedeni-kopirovat\/\" \/>\n<meta property=\"og:locale\" content=\"cs_CZ\" \/>\n<meta property=\"og:type\" content=\"article\" \/>\n<meta property=\"og:title\" content=\"HUUM UKU WIFI GLASS \u2013 wifi \u0159\u00eddic\u00ed jednotka pro finskou saunu ve stylov\u00e9m sklen\u011bn\u00e9m a minimalistick\u00e9m proveden\u00ed v \u010dern\u00e9 barv\u011b - Anders &amp; Kafka E-SHOP\" \/>\n<meta property=\"og:description\" content=\"Chytr\u00e1 \u0159\u00eddic\u00ed jednotka s intuitivn\u00edm ovl\u00e1d\u00e1n\u00edm je ur\u010dena pro elektrick\u00e1 topidla pro finskou saunu s v\u00fdkonem topidla do\u00a018 kW. S digit\u00e1ln\u00edm \u0159\u00edzen\u00edm \u010das\u016f a teplot. Jednotka je vybavena energeticky \u00faspornou elektronikou s mo\u017enost\u00ed instalace uvnit\u0159 i vn\u011b sauny a s mo\u017enost\u00ed ovl\u00e1d\u00e1n\u00ed pomoc\u00ed chytr\u00e9 aplikace z mobiln\u00edho za\u0159\u00edzen\u00ed. Saunov\u00e9 produkty spole\u010dnosti HUUM inspirovan\u00e9 p\u0159\u00edrodou kombinuj\u00ed starod\u00e1vn\u00e9 estonsk\u00e9 saunov\u00e9 d\u011bdictv\u00ed, m\u00edrnou p\u00e1ru a modern\u00ed technologii.\" \/>\n<meta property=\"og:url\" content=\"https:\/\/anderskafka.cz\/eshop\/produkt\/huum-uku-wifi-glass-chytra-ridici-jednotka-pro-finskou-saunu-v-modernim-cernem-provedeni-kopirovat\/\" \/>\n<meta property=\"og:site_name\" content=\"Anders &amp; Kafka E-SHOP\" \/>\n<meta property=\"article:modified_time\" content=\"2026-04-28T09:41:27+00:00\" \/>\n<meta property=\"og:image\" content=\"https:\/\/anderskafka.cz\/eshop\/wp-content\/uploads\/sites\/3\/2023\/10\/Mobile-application_UKU-GSM1.jpg\" \/>\n\t<meta property=\"og:image:width\" content=\"699\" \/>\n\t<meta property=\"og:image:height\" content=\"771\" \/>\n\t<meta property=\"og:image:type\" content=\"image\/jpeg\" \/>\n<meta name=\"twitter:card\" content=\"summary_large_image\" \/>\n<meta name=\"twitter:label1\" content=\"Odhadovan\u00e1 doba \u010dten\u00ed\" \/>\n\t<meta name=\"twitter:data1\" content=\"1 minuta\" \/>\n<script type=\"application\/ld+json\" class=\"yoast-schema-graph\">{\"@context\":\"https:\/\/schema.org\",\"@graph\":[{\"@type\":\"WebSite\",\"@id\":\"https:\/\/anderskafka.cz\/eshop\/#website\",\"url\":\"https:\/\/anderskafka.cz\/eshop\/\",\"name\":\"Anders &amp; Kafka E-SHOP\",\"description\":\"Anders &amp; Kafka E-SHOP\",\"potentialAction\":[{\"@type\":\"SearchAction\",\"target\":{\"@type\":\"EntryPoint\",\"urlTemplate\":\"https:\/\/anderskafka.cz\/eshop\/?s={search_term_string}\"},\"query-input\":\"required name=search_term_string\"}],\"inLanguage\":\"cs\"},{\"@type\":\"ImageObject\",\"@id\":\"https:\/\/anderskafka.cz\/eshop\/produkt\/huum-uku-wifi-glass-chytra-ridici-jednotka-pro-finskou-saunu-v-modernim-cernem-provedeni-kopirovat\/#primaryimage\",\"inLanguage\":\"cs\",\"url\":\"https:\/\/anderskafka.cz\/eshop\/wp-content\/uploads\/sites\/3\/2023\/10\/Mobile-application_UKU-GSM1.jpg\",\"contentUrl\":\"https:\/\/anderskafka.cz\/eshop\/wp-content\/uploads\/sites\/3\/2023\/10\/Mobile-application_UKU-GSM1.jpg\",\"width\":699,\"height\":771},{\"@type\":\"WebPage\",\"@id\":\"https:\/\/anderskafka.cz\/eshop\/produkt\/huum-uku-wifi-glass-chytra-ridici-jednotka-pro-finskou-saunu-v-modernim-cernem-provedeni-kopirovat\/#webpage\",\"url\":\"https:\/\/anderskafka.cz\/eshop\/produkt\/huum-uku-wifi-glass-chytra-ridici-jednotka-pro-finskou-saunu-v-modernim-cernem-provedeni-kopirovat\/\",\"name\":\"HUUM UKU WIFI GLASS \u2013 wifi \u0159\u00eddic\u00ed jednotka pro finskou saunu ve stylov\u00e9m sklen\u011bn\u00e9m a minimalistick\u00e9m proveden\u00ed v \u010dern\u00e9 barv\u011b - Anders &amp; Kafka E-SHOP\",\"isPartOf\":{\"@id\":\"https:\/\/anderskafka.cz\/eshop\/#website\"},\"primaryImageOfPage\":{\"@id\":\"https:\/\/anderskafka.cz\/eshop\/produkt\/huum-uku-wifi-glass-chytra-ridici-jednotka-pro-finskou-saunu-v-modernim-cernem-provedeni-kopirovat\/#primaryimage\"},\"datePublished\":\"2023-10-21T18:46:17+00:00\",\"dateModified\":\"2026-04-28T09:41:27+00:00\",\"description\":\"Chytr\u00e1 \u0159\u00eddic\u00ed jednotka s intuitivn\u00edm ovl\u00e1d\u00e1n\u00edm je ur\u010dena pro elektrick\u00e1 topidla pro finskou saunu s v\u00fdkonem topidla do\u00a018 kW. S digit\u00e1ln\u00edm \u0159\u00edzen\u00edm \u010das\u016f a teplot. Jednotka je vybavena energeticky \u00faspornou elektronikou s mo\u017enost\u00ed instalace uvnit\u0159 i vn\u011b sauny a s mo\u017enost\u00ed ovl\u00e1d\u00e1n\u00ed pomoc\u00ed chytr\u00e9 aplikace z mobiln\u00edho za\u0159\u00edzen\u00ed. Saunov\u00e9 produkty spole\u010dnosti HUUM inspirovan\u00e9 p\u0159\u00edrodou kombinuj\u00ed starod\u00e1vn\u00e9 estonsk\u00e9 saunov\u00e9 d\u011bdictv\u00ed, m\u00edrnou p\u00e1ru a modern\u00ed technologii.\",\"breadcrumb\":{\"@id\":\"https:\/\/anderskafka.cz\/eshop\/produkt\/huum-uku-wifi-glass-chytra-ridici-jednotka-pro-finskou-saunu-v-modernim-cernem-provedeni-kopirovat\/#breadcrumb\"},\"inLanguage\":\"cs\",\"potentialAction\":[{\"@type\":\"ReadAction\",\"target\":[\"https:\/\/anderskafka.cz\/eshop\/produkt\/huum-uku-wifi-glass-chytra-ridici-jednotka-pro-finskou-saunu-v-modernim-cernem-provedeni-kopirovat\/\"]}]},{\"@type\":\"BreadcrumbList\",\"@id\":\"https:\/\/anderskafka.cz\/eshop\/produkt\/huum-uku-wifi-glass-chytra-ridici-jednotka-pro-finskou-saunu-v-modernim-cernem-provedeni-kopirovat\/#breadcrumb\",\"itemListElement\":[{\"@type\":\"ListItem\",\"position\":1,\"name\":\"Obchod\",\"item\":\"https:\/\/anderskafka.cz\/eshop\/obchod\/\"},{\"@type\":\"ListItem\",\"position\":2,\"name\":\"HUUM UKU WIFI GLASS \u2013 wifi \u0159\u00eddic\u00ed jednotka pro finskou saunu ve stylov\u00e9m sklen\u011bn\u00e9m a minimalistick\u00e9m proveden\u00ed v \u010dern\u00e9 barv\u011b\"}]}]}<\/script>\n<!-- \/ Yoast SEO plugin. -->","yoast_head_json":{"title":"HUUM UKU WIFI GLASS \u2013 wifi \u0159\u00eddic\u00ed jednotka pro finskou saunu ve stylov\u00e9m sklen\u011bn\u00e9m a minimalistick\u00e9m proveden\u00ed v \u010dern\u00e9 barv\u011b - Anders &amp; Kafka E-SHOP","description":"Chytr\u00e1 \u0159\u00eddic\u00ed jednotka s intuitivn\u00edm ovl\u00e1d\u00e1n\u00edm je ur\u010dena pro elektrick\u00e1 topidla pro finskou saunu s v\u00fdkonem topidla do\u00a018 kW. S digit\u00e1ln\u00edm \u0159\u00edzen\u00edm \u010das\u016f a teplot. Jednotka je vybavena energeticky \u00faspornou elektronikou s mo\u017enost\u00ed instalace uvnit\u0159 i vn\u011b sauny a s mo\u017enost\u00ed ovl\u00e1d\u00e1n\u00ed pomoc\u00ed chytr\u00e9 aplikace z mobiln\u00edho za\u0159\u00edzen\u00ed. Saunov\u00e9 produkty spole\u010dnosti HUUM inspirovan\u00e9 p\u0159\u00edrodou kombinuj\u00ed starod\u00e1vn\u00e9 estonsk\u00e9 saunov\u00e9 d\u011bdictv\u00ed, m\u00edrnou p\u00e1ru a modern\u00ed technologii.","robots":{"index":"index","follow":"follow","max-snippet":"max-snippet:-1","max-image-preview":"max-image-preview:large","max-video-preview":"max-video-preview:-1"},"canonical":"https:\/\/anderskafka.cz\/eshop\/produkt\/huum-uku-wifi-glass-chytra-ridici-jednotka-pro-finskou-saunu-v-modernim-cernem-provedeni-kopirovat\/","og_locale":"cs_CZ","og_type":"article","og_title":"HUUM UKU WIFI GLASS \u2013 wifi \u0159\u00eddic\u00ed jednotka pro finskou saunu ve stylov\u00e9m sklen\u011bn\u00e9m a minimalistick\u00e9m proveden\u00ed v \u010dern\u00e9 barv\u011b - Anders &amp; Kafka E-SHOP","og_description":"Chytr\u00e1 \u0159\u00eddic\u00ed jednotka s intuitivn\u00edm ovl\u00e1d\u00e1n\u00edm je ur\u010dena pro elektrick\u00e1 topidla pro finskou saunu s v\u00fdkonem topidla do\u00a018 kW. S digit\u00e1ln\u00edm \u0159\u00edzen\u00edm \u010das\u016f a teplot. Jednotka je vybavena energeticky \u00faspornou elektronikou s mo\u017enost\u00ed instalace uvnit\u0159 i vn\u011b sauny a s mo\u017enost\u00ed ovl\u00e1d\u00e1n\u00ed pomoc\u00ed chytr\u00e9 aplikace z mobiln\u00edho za\u0159\u00edzen\u00ed. Saunov\u00e9 produkty spole\u010dnosti HUUM inspirovan\u00e9 p\u0159\u00edrodou kombinuj\u00ed starod\u00e1vn\u00e9 estonsk\u00e9 saunov\u00e9 d\u011bdictv\u00ed, m\u00edrnou p\u00e1ru a modern\u00ed technologii.","og_url":"https:\/\/anderskafka.cz\/eshop\/produkt\/huum-uku-wifi-glass-chytra-ridici-jednotka-pro-finskou-saunu-v-modernim-cernem-provedeni-kopirovat\/","og_site_name":"Anders &amp; Kafka E-SHOP","article_modified_time":"2026-04-28T09:41:27+00:00","og_image":[{"width":699,"height":771,"url":"https:\/\/anderskafka.cz\/eshop\/wp-content\/uploads\/sites\/3\/2023\/10\/Mobile-application_UKU-GSM1.jpg","type":"image\/jpeg"}],"twitter_card":"summary_large_image","twitter_misc":{"Odhadovan\u00e1 doba \u010dten\u00ed":"1 minuta"},"schema":{"@context":"https:\/\/schema.org","@graph":[{"@type":"WebSite","@id":"https:\/\/anderskafka.cz\/eshop\/#website","url":"https:\/\/anderskafka.cz\/eshop\/","name":"Anders &amp; Kafka E-SHOP","description":"Anders &amp; Kafka E-SHOP","potentialAction":[{"@type":"SearchAction","target":{"@type":"EntryPoint","urlTemplate":"https:\/\/anderskafka.cz\/eshop\/?s={search_term_string}"},"query-input":"required name=search_term_string"}],"inLanguage":"cs"},{"@type":"ImageObject","@id":"https:\/\/anderskafka.cz\/eshop\/produkt\/huum-uku-wifi-glass-chytra-ridici-jednotka-pro-finskou-saunu-v-modernim-cernem-provedeni-kopirovat\/#primaryimage","inLanguage":"cs","url":"https:\/\/anderskafka.cz\/eshop\/wp-content\/uploads\/sites\/3\/2023\/10\/Mobile-application_UKU-GSM1.jpg","contentUrl":"https:\/\/anderskafka.cz\/eshop\/wp-content\/uploads\/sites\/3\/2023\/10\/Mobile-application_UKU-GSM1.jpg","width":699,"height":771},{"@type":"WebPage","@id":"https:\/\/anderskafka.cz\/eshop\/produkt\/huum-uku-wifi-glass-chytra-ridici-jednotka-pro-finskou-saunu-v-modernim-cernem-provedeni-kopirovat\/#webpage","url":"https:\/\/anderskafka.cz\/eshop\/produkt\/huum-uku-wifi-glass-chytra-ridici-jednotka-pro-finskou-saunu-v-modernim-cernem-provedeni-kopirovat\/","name":"HUUM UKU WIFI GLASS \u2013 wifi \u0159\u00eddic\u00ed jednotka pro finskou saunu ve stylov\u00e9m sklen\u011bn\u00e9m a minimalistick\u00e9m proveden\u00ed v \u010dern\u00e9 barv\u011b - Anders &amp; Kafka E-SHOP","isPartOf":{"@id":"https:\/\/anderskafka.cz\/eshop\/#website"},"primaryImageOfPage":{"@id":"https:\/\/anderskafka.cz\/eshop\/produkt\/huum-uku-wifi-glass-chytra-ridici-jednotka-pro-finskou-saunu-v-modernim-cernem-provedeni-kopirovat\/#primaryimage"},"datePublished":"2023-10-21T18:46:17+00:00","dateModified":"2026-04-28T09:41:27+00:00","description":"Chytr\u00e1 \u0159\u00eddic\u00ed jednotka s intuitivn\u00edm ovl\u00e1d\u00e1n\u00edm je ur\u010dena pro elektrick\u00e1 topidla pro finskou saunu s v\u00fdkonem topidla do\u00a018 kW. S digit\u00e1ln\u00edm \u0159\u00edzen\u00edm \u010das\u016f a teplot. Jednotka je vybavena energeticky \u00faspornou elektronikou s mo\u017enost\u00ed instalace uvnit\u0159 i vn\u011b sauny a s mo\u017enost\u00ed ovl\u00e1d\u00e1n\u00ed pomoc\u00ed chytr\u00e9 aplikace z mobiln\u00edho za\u0159\u00edzen\u00ed. Saunov\u00e9 produkty spole\u010dnosti HUUM inspirovan\u00e9 p\u0159\u00edrodou kombinuj\u00ed starod\u00e1vn\u00e9 estonsk\u00e9 saunov\u00e9 d\u011bdictv\u00ed, m\u00edrnou p\u00e1ru a modern\u00ed technologii.","breadcrumb":{"@id":"https:\/\/anderskafka.cz\/eshop\/produkt\/huum-uku-wifi-glass-chytra-ridici-jednotka-pro-finskou-saunu-v-modernim-cernem-provedeni-kopirovat\/#breadcrumb"},"inLanguage":"cs","potentialAction":[{"@type":"ReadAction","target":["https:\/\/anderskafka.cz\/eshop\/produkt\/huum-uku-wifi-glass-chytra-ridici-jednotka-pro-finskou-saunu-v-modernim-cernem-provedeni-kopirovat\/"]}]},{"@type":"BreadcrumbList","@id":"https:\/\/anderskafka.cz\/eshop\/produkt\/huum-uku-wifi-glass-chytra-ridici-jednotka-pro-finskou-saunu-v-modernim-cernem-provedeni-kopirovat\/#breadcrumb","itemListElement":[{"@type":"ListItem","position":1,"name":"Obchod","item":"https:\/\/anderskafka.cz\/eshop\/obchod\/"},{"@type":"ListItem","position":2,"name":"HUUM UKU WIFI GLASS \u2013 wifi \u0159\u00eddic\u00ed jednotka pro finskou saunu ve stylov\u00e9m sklen\u011bn\u00e9m a minimalistick\u00e9m proveden\u00ed v \u010dern\u00e9 barv\u011b"}]}]}},"locations":[{"id":1492,"name":"HUUM sklad","slug":"huum-sklad","quantity":"0"},{"id":1491,"name":"Sklad AndersKafka","slug":"sklad-anderskafka","quantity":"1"}],"_links":{"self":[{"href":"https:\/\/anderskafka.cz\/eshop\/wp-json\/wp\/v2\/product\/4443"}],"collection":[{"href":"https:\/\/anderskafka.cz\/eshop\/wp-json\/wp\/v2\/product"}],"about":[{"href":"https:\/\/anderskafka.cz\/eshop\/wp-json\/wp\/v2\/types\/product"}],"replies":[{"embeddable":true,"href":"https:\/\/anderskafka.cz\/eshop\/wp-json\/wp\/v2\/comments?post=4443"}],"wp:featuredmedia":[{"embeddable":true,"href":"https:\/\/anderskafka.cz\/eshop\/wp-json\/wp\/v2\/media\/4458"}],"wp:attachment":[{"href":"https:\/\/anderskafka.cz\/eshop\/wp-json\/wp\/v2\/media?parent=4443"}],"wp:term":[{"taxonomy":"location","embeddable":true,"href":"https:\/\/anderskafka.cz\/eshop\/wp-json\/wp\/v2\/location?post=4443"},{"taxonomy":"product_cat","embeddable":true,"href":"https:\/\/anderskafka.cz\/eshop\/wp-json\/wp\/v2\/product_cat?post=4443"},{"taxonomy":"product_tag","embeddable":true,"href":"https:\/\/anderskafka.cz\/eshop\/wp-json\/wp\/v2\/product_tag?post=4443"}],"curies":[{"name":"wp","href":"https:\/\/api.w.org\/{rel}","templated":true}]}}