{"id":4671,"date":"2023-11-06T11:19:51","date_gmt":"2023-11-06T10:19:51","guid":{"rendered":"https:\/\/anderskafka.cz\/eshop\/?post_type=product&#038;p=4671"},"modified":"2026-04-29T10:53:11","modified_gmt":"2026-04-29T08:53:11","slug":"duke-ph-funkcni-kapkovy-tester-virivkove-a-bazenove-vody","status":"publish","type":"product","link":"https:\/\/anderskafka.cz\/eshop\/produkt\/duke-ph-funkcni-kapkovy-tester-virivkove-a-bazenove-vody\/","title":{"rendered":"DUKE ph funk\u010dn\u00ed kapkov\u00fd tester v\u00ed\u0159ivkov\u00e9 a baz\u00e9nov\u00e9 vody"},"content":{"rendered":"<div id=\"product-description-short\">\n<p>Kapkov\u00fd tester pro stanoven\u00ed pH vody (120 pou\u017eit\u00ed).<\/p>\n<\/div>\n<div id=\"product-description\">\n<h2>\u010cetnost m\u011b\u0159en\u00ed:<\/h2>\n<p>M\u011b\u0159en\u00ed doporu\u010dujeme prov\u00e1d\u011bt 1\u00d7 t\u00fddn\u011b. Doporu\u010den\u00e1 \u00farove\u0148 pH je 6,8-7,4 dle barevn\u00e9ho ter\u010d\u00edku, kter\u00fd je k testeru p\u0159ibalen.<\/p>\n<h2>Postup m\u011b\u0159en\u00ed:<\/h2>\n<ol>\n<li>Kel\u00edmek a v\u00ed\u010dko dob\u0159e vypl\u00e1chn\u011bte zkou\u0161enou vodou<\/li>\n<li>Kel\u00edmek napl\u0148te zkou\u0161enou vodou po rysku<\/li>\n<li>P\u0159idejte 5 kapek \u010dinidla pH<\/li>\n<li>Kel\u00edmek uzav\u0159ete v\u00ed\u010dkem a prom\u00edchejte<\/li>\n<li>Hodnotu pH ur\u010d\u00edte porovn\u00e1n\u00edm s barevn\u00fdmi ter\u010d\u00edky<\/li>\n<\/ol>\n<p>P\u0159i porovn\u00e1n\u00ed dr\u017ete kel\u00edmek bez v\u00ed\u010dka 3-5 cm nad b\u00edlou plochou mezi barevn\u00fdmi ter\u010d\u00edky a p\u0159i pohledu shora vyhledejte barevn\u011b shodn\u00fd ter\u010d\u00edk. Pokud je zbarven\u00ed sv\u00fdm odst\u00ednem mezi dv\u011bma ter\u010d\u00edky, v\u00fdsledek v tomto rozmez\u00ed odhadn\u011bte.<\/p>\n<p>Hodnotu ode\u010d\u00edtejte oto\u010den\u00edm karty s ter\u010d\u00edky optim\u00e1ln\u011b ke sv\u011btlu (u okna, p\u0159i slune\u010dn\u00e9m po\u010das\u00ed venku ve st\u00ednu, apod.).<\/p>\n<\/div>\n","protected":false},"excerpt":{"rendered":"<div>\n<p>Pomoc\u00ed tohoto p\u0159\u00edpravku dos\u00e1hnete zv\u00fd\u0161en\u00ed pH vody.<\/p>\n<p>&nbsp;<\/p>\n<\/div>\n<div>\n<div>\n<div><\/div>\n<\/div>\n<\/div>\n","protected":false},"featured_media":4672,"comment_status":"open","ping_status":"closed","template":"","meta":{"site-sidebar-layout":"default","site-content-layout":"default","ast-main-header-display":"","ast-hfb-above-header-display":"","ast-hfb-below-header-display":"","ast-hfb-mobile-header-display":"disabled","site-post-title":"","ast-breadcrumbs-content":"","ast-featured-img":"","footer-sml-layout":"","theme-transparent-header-meta":"","adv-header-id-meta":"","stick-header-meta":"","header-above-stick-meta":"","header-main-stick-meta":"","header-below-stick-meta":""},"location":[],"product_cat":[865,1138],"product_tag":[1080],"yoast_head":"<!-- This site is optimized with the Yoast SEO plugin v18.5.1 - https:\/\/yoast.com\/wordpress\/plugins\/seo\/ -->\n<title>DUKE ph funk\u010dn\u00ed kapkov\u00fd tester v\u00ed\u0159ivkov\u00e9 a baz\u00e9nov\u00e9 vody - Anders &amp; Kafka E-SHOP<\/title>\n<meta name=\"description\" content=\"Pomoc\u00ed tohoto p\u0159\u00edpravku dos\u00e1hnete zv\u00fd\u0161en\u00ed pH vody.  &nbsp;\" \/>\n<meta name=\"robots\" content=\"index, follow, max-snippet:-1, max-image-preview:large, max-video-preview:-1\" \/>\n<link rel=\"canonical\" href=\"https:\/\/anderskafka.cz\/eshop\/produkt\/duke-ph-funkcni-kapkovy-tester-virivkove-a-bazenove-vody\/\" \/>\n<meta property=\"og:locale\" content=\"cs_CZ\" \/>\n<meta property=\"og:type\" content=\"article\" \/>\n<meta property=\"og:title\" content=\"DUKE ph funk\u010dn\u00ed kapkov\u00fd tester v\u00ed\u0159ivkov\u00e9 a baz\u00e9nov\u00e9 vody - Anders &amp; Kafka E-SHOP\" \/>\n<meta property=\"og:description\" content=\"Pomoc\u00ed tohoto p\u0159\u00edpravku dos\u00e1hnete zv\u00fd\u0161en\u00ed pH vody.  &nbsp;\" \/>\n<meta property=\"og:url\" content=\"https:\/\/anderskafka.cz\/eshop\/produkt\/duke-ph-funkcni-kapkovy-tester-virivkove-a-bazenove-vody\/\" \/>\n<meta property=\"og:site_name\" content=\"Anders &amp; Kafka E-SHOP\" \/>\n<meta property=\"article:modified_time\" content=\"2026-04-29T08:53:11+00:00\" \/>\n<meta property=\"og:image\" content=\"https:\/\/anderskafka.cz\/eshop\/wp-content\/uploads\/sites\/3\/2023\/11\/duke-ph.jpg\" \/>\n\t<meta property=\"og:image:width\" content=\"800\" \/>\n\t<meta property=\"og:image:height\" content=\"800\" \/>\n\t<meta property=\"og:image:type\" content=\"image\/jpeg\" \/>\n<meta name=\"twitter:card\" content=\"summary_large_image\" \/>\n<meta name=\"twitter:label1\" content=\"Odhadovan\u00e1 doba \u010dten\u00ed\" \/>\n\t<meta name=\"twitter:data1\" content=\"1 minuta\" \/>\n<script type=\"application\/ld+json\" class=\"yoast-schema-graph\">{\"@context\":\"https:\/\/schema.org\",\"@graph\":[{\"@type\":\"WebSite\",\"@id\":\"https:\/\/anderskafka.cz\/eshop\/#website\",\"url\":\"https:\/\/anderskafka.cz\/eshop\/\",\"name\":\"Anders &amp; Kafka E-SHOP\",\"description\":\"Anders &amp; Kafka E-SHOP\",\"potentialAction\":[{\"@type\":\"SearchAction\",\"target\":{\"@type\":\"EntryPoint\",\"urlTemplate\":\"https:\/\/anderskafka.cz\/eshop\/?s={search_term_string}\"},\"query-input\":\"required name=search_term_string\"}],\"inLanguage\":\"cs\"},{\"@type\":\"ImageObject\",\"@id\":\"https:\/\/anderskafka.cz\/eshop\/produkt\/duke-ph-funkcni-kapkovy-tester-virivkove-a-bazenove-vody\/#primaryimage\",\"inLanguage\":\"cs\",\"url\":\"https:\/\/anderskafka.cz\/eshop\/wp-content\/uploads\/sites\/3\/2023\/11\/duke-ph.jpg\",\"contentUrl\":\"https:\/\/anderskafka.cz\/eshop\/wp-content\/uploads\/sites\/3\/2023\/11\/duke-ph.jpg\",\"width\":800,\"height\":800},{\"@type\":\"WebPage\",\"@id\":\"https:\/\/anderskafka.cz\/eshop\/produkt\/duke-ph-funkcni-kapkovy-tester-virivkove-a-bazenove-vody\/#webpage\",\"url\":\"https:\/\/anderskafka.cz\/eshop\/produkt\/duke-ph-funkcni-kapkovy-tester-virivkove-a-bazenove-vody\/\",\"name\":\"DUKE ph funk\u010dn\u00ed kapkov\u00fd tester v\u00ed\u0159ivkov\u00e9 a baz\u00e9nov\u00e9 vody - Anders &amp; Kafka E-SHOP\",\"isPartOf\":{\"@id\":\"https:\/\/anderskafka.cz\/eshop\/#website\"},\"primaryImageOfPage\":{\"@id\":\"https:\/\/anderskafka.cz\/eshop\/produkt\/duke-ph-funkcni-kapkovy-tester-virivkove-a-bazenove-vody\/#primaryimage\"},\"datePublished\":\"2023-11-06T10:19:51+00:00\",\"dateModified\":\"2026-04-29T08:53:11+00:00\",\"description\":\"Pomoc\u00ed tohoto p\u0159\u00edpravku dos\u00e1hnete zv\u00fd\u0161en\u00ed pH vody. &nbsp;\",\"breadcrumb\":{\"@id\":\"https:\/\/anderskafka.cz\/eshop\/produkt\/duke-ph-funkcni-kapkovy-tester-virivkove-a-bazenove-vody\/#breadcrumb\"},\"inLanguage\":\"cs\",\"potentialAction\":[{\"@type\":\"ReadAction\",\"target\":[\"https:\/\/anderskafka.cz\/eshop\/produkt\/duke-ph-funkcni-kapkovy-tester-virivkove-a-bazenove-vody\/\"]}]},{\"@type\":\"BreadcrumbList\",\"@id\":\"https:\/\/anderskafka.cz\/eshop\/produkt\/duke-ph-funkcni-kapkovy-tester-virivkove-a-bazenove-vody\/#breadcrumb\",\"itemListElement\":[{\"@type\":\"ListItem\",\"position\":1,\"name\":\"Obchod\",\"item\":\"https:\/\/anderskafka.cz\/eshop\/obchod\/\"},{\"@type\":\"ListItem\",\"position\":2,\"name\":\"DUKE ph funk\u010dn\u00ed kapkov\u00fd tester v\u00ed\u0159ivkov\u00e9 a baz\u00e9nov\u00e9 vody\"}]}]}<\/script>\n<!-- \/ Yoast SEO plugin. -->","yoast_head_json":{"title":"DUKE ph funk\u010dn\u00ed kapkov\u00fd tester v\u00ed\u0159ivkov\u00e9 a baz\u00e9nov\u00e9 vody - Anders &amp; Kafka E-SHOP","description":"Pomoc\u00ed tohoto p\u0159\u00edpravku dos\u00e1hnete zv\u00fd\u0161en\u00ed pH vody.  &nbsp;","robots":{"index":"index","follow":"follow","max-snippet":"max-snippet:-1","max-image-preview":"max-image-preview:large","max-video-preview":"max-video-preview:-1"},"canonical":"https:\/\/anderskafka.cz\/eshop\/produkt\/duke-ph-funkcni-kapkovy-tester-virivkove-a-bazenove-vody\/","og_locale":"cs_CZ","og_type":"article","og_title":"DUKE ph funk\u010dn\u00ed kapkov\u00fd tester v\u00ed\u0159ivkov\u00e9 a baz\u00e9nov\u00e9 vody - Anders &amp; Kafka E-SHOP","og_description":"Pomoc\u00ed tohoto p\u0159\u00edpravku dos\u00e1hnete zv\u00fd\u0161en\u00ed pH vody.  &nbsp;","og_url":"https:\/\/anderskafka.cz\/eshop\/produkt\/duke-ph-funkcni-kapkovy-tester-virivkove-a-bazenove-vody\/","og_site_name":"Anders &amp; Kafka E-SHOP","article_modified_time":"2026-04-29T08:53:11+00:00","og_image":[{"width":800,"height":800,"url":"https:\/\/anderskafka.cz\/eshop\/wp-content\/uploads\/sites\/3\/2023\/11\/duke-ph.jpg","type":"image\/jpeg"}],"twitter_card":"summary_large_image","twitter_misc":{"Odhadovan\u00e1 doba \u010dten\u00ed":"1 minuta"},"schema":{"@context":"https:\/\/schema.org","@graph":[{"@type":"WebSite","@id":"https:\/\/anderskafka.cz\/eshop\/#website","url":"https:\/\/anderskafka.cz\/eshop\/","name":"Anders &amp; Kafka E-SHOP","description":"Anders &amp; Kafka E-SHOP","potentialAction":[{"@type":"SearchAction","target":{"@type":"EntryPoint","urlTemplate":"https:\/\/anderskafka.cz\/eshop\/?s={search_term_string}"},"query-input":"required name=search_term_string"}],"inLanguage":"cs"},{"@type":"ImageObject","@id":"https:\/\/anderskafka.cz\/eshop\/produkt\/duke-ph-funkcni-kapkovy-tester-virivkove-a-bazenove-vody\/#primaryimage","inLanguage":"cs","url":"https:\/\/anderskafka.cz\/eshop\/wp-content\/uploads\/sites\/3\/2023\/11\/duke-ph.jpg","contentUrl":"https:\/\/anderskafka.cz\/eshop\/wp-content\/uploads\/sites\/3\/2023\/11\/duke-ph.jpg","width":800,"height":800},{"@type":"WebPage","@id":"https:\/\/anderskafka.cz\/eshop\/produkt\/duke-ph-funkcni-kapkovy-tester-virivkove-a-bazenove-vody\/#webpage","url":"https:\/\/anderskafka.cz\/eshop\/produkt\/duke-ph-funkcni-kapkovy-tester-virivkove-a-bazenove-vody\/","name":"DUKE ph funk\u010dn\u00ed kapkov\u00fd tester v\u00ed\u0159ivkov\u00e9 a baz\u00e9nov\u00e9 vody - Anders &amp; Kafka E-SHOP","isPartOf":{"@id":"https:\/\/anderskafka.cz\/eshop\/#website"},"primaryImageOfPage":{"@id":"https:\/\/anderskafka.cz\/eshop\/produkt\/duke-ph-funkcni-kapkovy-tester-virivkove-a-bazenove-vody\/#primaryimage"},"datePublished":"2023-11-06T10:19:51+00:00","dateModified":"2026-04-29T08:53:11+00:00","description":"Pomoc\u00ed tohoto p\u0159\u00edpravku dos\u00e1hnete zv\u00fd\u0161en\u00ed pH vody. &nbsp;","breadcrumb":{"@id":"https:\/\/anderskafka.cz\/eshop\/produkt\/duke-ph-funkcni-kapkovy-tester-virivkove-a-bazenove-vody\/#breadcrumb"},"inLanguage":"cs","potentialAction":[{"@type":"ReadAction","target":["https:\/\/anderskafka.cz\/eshop\/produkt\/duke-ph-funkcni-kapkovy-tester-virivkove-a-bazenove-vody\/"]}]},{"@type":"BreadcrumbList","@id":"https:\/\/anderskafka.cz\/eshop\/produkt\/duke-ph-funkcni-kapkovy-tester-virivkove-a-bazenove-vody\/#breadcrumb","itemListElement":[{"@type":"ListItem","position":1,"name":"Obchod","item":"https:\/\/anderskafka.cz\/eshop\/obchod\/"},{"@type":"ListItem","position":2,"name":"DUKE ph funk\u010dn\u00ed kapkov\u00fd tester v\u00ed\u0159ivkov\u00e9 a baz\u00e9nov\u00e9 vody"}]}]}},"locations":[],"_links":{"self":[{"href":"https:\/\/anderskafka.cz\/eshop\/wp-json\/wp\/v2\/product\/4671"}],"collection":[{"href":"https:\/\/anderskafka.cz\/eshop\/wp-json\/wp\/v2\/product"}],"about":[{"href":"https:\/\/anderskafka.cz\/eshop\/wp-json\/wp\/v2\/types\/product"}],"replies":[{"embeddable":true,"href":"https:\/\/anderskafka.cz\/eshop\/wp-json\/wp\/v2\/comments?post=4671"}],"wp:featuredmedia":[{"embeddable":true,"href":"https:\/\/anderskafka.cz\/eshop\/wp-json\/wp\/v2\/media\/4672"}],"wp:attachment":[{"href":"https:\/\/anderskafka.cz\/eshop\/wp-json\/wp\/v2\/media?parent=4671"}],"wp:term":[{"taxonomy":"location","embeddable":true,"href":"https:\/\/anderskafka.cz\/eshop\/wp-json\/wp\/v2\/location?post=4671"},{"taxonomy":"product_cat","embeddable":true,"href":"https:\/\/anderskafka.cz\/eshop\/wp-json\/wp\/v2\/product_cat?post=4671"},{"taxonomy":"product_tag","embeddable":true,"href":"https:\/\/anderskafka.cz\/eshop\/wp-json\/wp\/v2\/product_tag?post=4671"}],"curies":[{"name":"wp","href":"https:\/\/api.w.org\/{rel}","templated":true}]}}