{"id":5190,"date":"2023-11-21T12:54:33","date_gmt":"2023-11-21T11:54:33","guid":{"rendered":"https:\/\/anderskafka.cz\/eshop\/?post_type=product&#038;p=5190"},"modified":"2026-02-26T14:06:48","modified_gmt":"2026-02-26T13:06:48","slug":"rento-saunovy-rucniky-kenno-bezovo-bile","status":"publish","type":"product","link":"https:\/\/anderskafka.cz\/eshop\/produkt\/rento-saunovy-rucniky-kenno-bezovo-bile\/","title":{"rendered":"RENTO saunov\u00fd ru\u010dn\u00edk \/ osu\u0161ka kenno, b\u00e9\u017eovo b\u00edl\u00e9"},"content":{"rendered":"<p>P\u0159\u00edjemn\u011b m\u011bkk\u00fd a sav\u00fd ru\u010dn\u00edk\/osu\u0161ka s okrajem chambray. Saunov\u00fd ru\u010dn\u00edk\/osu\u0161ka v\u00fdborn\u011b absorbuje vlhkost a rychle schne. Tento ru\u010dn\u00edk\/osu\u0161ka ocen\u00edte nejen v saun\u011b, ale i p\u0159i ka\u017edodenn\u00edm pou\u017eit\u00ed.<br \/>\nSaunov\u00e9 textilie Kenno jsou vyrobeny z recyklovan\u00e9 bavlny, kter\u00e1 dod\u00e1v\u00e1 l\u00e1tce p\u0159irozenou m\u011bkkost a z\u00e1\u0159ivou texturu. Slo\u017een\u00ed 75% recyklovan\u00e1 bavlna, 25% polyester.<br \/>\nP\u0159i p\u00e9\u010di o ru\u010dn\u00edk se \u0159i\u010fte o\u0161et\u0159ovac\u00edmi symboly uveden\u00fdmi na v\u00fdrobku. B\u011b\u017en\u00e9 pran\u00ed na 40 stup\u0148\u016f. \u017dehlete na vysokou teplotu. Neb\u011blit. Nesu\u0161te v su\u0161i\u010dce.<\/p>\n<p>Finsk\u00e1 kvalita.<\/p>\n<p>&nbsp;<\/p>\n<p>&nbsp;<\/p>\n","protected":false},"excerpt":{"rendered":"<p>P\u0159\u00edjemn\u011b m\u011bkk\u00fd a sav\u00fd ru\u010dn\u00edk\/osu\u0161ka s okrajem chambray, kter\u00fd vyu\u017eijete nejen v saun\u011b, ale i p\u0159i ka\u017edodenn\u00edm pou\u017eit\u00ed.<br \/>\nNavr\u017eeno ve Finsku, specialistou na saunov\u00e9 dopl\u0148ky spole\u010dnost\u00ed RENTO. Relaxujte a u\u017e\u00edvejte si harmonii z autentick\u00e9ho z\u00e1\u017eitku finsk\u00e9 sauny.<img loading=\"lazy\" class=\"wp-image-135 aligncenter\" src=\"https:\/\/anderskafka.cz\/eshop\/wp-content\/uploads\/sites\/3\/2022\/06\/DesignFromFinland_web-1-300x300.png\" alt=\"\" width=\"178\" height=\"178\" \/><\/p>\n","protected":false},"featured_media":5461,"comment_status":"open","ping_status":"closed","template":"","meta":{"site-sidebar-layout":"default","site-content-layout":"default","ast-main-header-display":"","ast-hfb-above-header-display":"","ast-hfb-below-header-display":"","ast-hfb-mobile-header-display":"","site-post-title":"","ast-breadcrumbs-content":"","ast-featured-img":"","footer-sml-layout":"","theme-transparent-header-meta":"","adv-header-id-meta":"","stick-header-meta":"","header-above-stick-meta":"","header-main-stick-meta":"","header-below-stick-meta":""},"location":[],"product_cat":[1640,30],"product_tag":[103],"yoast_head":"<!-- This site is optimized with the Yoast SEO plugin v18.5.1 - https:\/\/yoast.com\/wordpress\/plugins\/seo\/ -->\n<title>RENTO saunov\u00fd ru\u010dn\u00edk \/ osu\u0161ka kenno, b\u00e9\u017eovo b\u00edl\u00e9 - Anders &amp; Kafka E-SHOP<\/title>\n<meta name=\"description\" content=\"P\u0159\u00edjemn\u011b m\u011bkk\u00fd a sav\u00fd ru\u010dn\u00edk\/osu\u0161ka s okrajem chambray, kter\u00fd vyu\u017eijete nejen v saun\u011b, ale i p\u0159i ka\u017edodenn\u00edm pou\u017eit\u00ed. Navr\u017eeno ve Finsku, specialistou na saunov\u00e9 dopl\u0148ky spole\u010dnost\u00ed RENTO. Relaxujte a u\u017e\u00edvejte si harmonii z autentick\u00e9ho z\u00e1\u017eitku finsk\u00e9 sauny.\" \/>\n<meta name=\"robots\" content=\"index, follow, max-snippet:-1, max-image-preview:large, max-video-preview:-1\" \/>\n<link rel=\"canonical\" href=\"https:\/\/anderskafka.cz\/eshop\/produkt\/rento-saunovy-rucniky-kenno-bezovo-bile\/\" \/>\n<meta property=\"og:locale\" content=\"cs_CZ\" \/>\n<meta property=\"og:type\" content=\"article\" \/>\n<meta property=\"og:title\" content=\"RENTO saunov\u00fd ru\u010dn\u00edk \/ osu\u0161ka kenno, b\u00e9\u017eovo b\u00edl\u00e9 - Anders &amp; Kafka E-SHOP\" \/>\n<meta property=\"og:description\" content=\"P\u0159\u00edjemn\u011b m\u011bkk\u00fd a sav\u00fd ru\u010dn\u00edk\/osu\u0161ka s okrajem chambray, kter\u00fd vyu\u017eijete nejen v saun\u011b, ale i p\u0159i ka\u017edodenn\u00edm pou\u017eit\u00ed. Navr\u017eeno ve Finsku, specialistou na saunov\u00e9 dopl\u0148ky spole\u010dnost\u00ed RENTO. Relaxujte a u\u017e\u00edvejte si harmonii z autentick\u00e9ho z\u00e1\u017eitku finsk\u00e9 sauny.\" \/>\n<meta property=\"og:url\" content=\"https:\/\/anderskafka.cz\/eshop\/produkt\/rento-saunovy-rucniky-kenno-bezovo-bile\/\" \/>\n<meta property=\"og:site_name\" content=\"Anders &amp; Kafka E-SHOP\" \/>\n<meta property=\"article:modified_time\" content=\"2026-02-26T13:06:48+00:00\" \/>\n<meta property=\"og:image\" content=\"https:\/\/anderskafka.cz\/eshop\/wp-content\/uploads\/sites\/3\/2023\/11\/614570-3-scaled-1.jpg\" \/>\n\t<meta property=\"og:image:width\" content=\"2560\" \/>\n\t<meta property=\"og:image:height\" content=\"1705\" \/>\n\t<meta property=\"og:image:type\" content=\"image\/jpeg\" \/>\n<meta name=\"twitter:card\" content=\"summary_large_image\" \/>\n<meta name=\"twitter:label1\" content=\"Odhadovan\u00e1 doba \u010dten\u00ed\" \/>\n\t<meta name=\"twitter:data1\" content=\"1 minuta\" \/>\n<script type=\"application\/ld+json\" class=\"yoast-schema-graph\">{\"@context\":\"https:\/\/schema.org\",\"@graph\":[{\"@type\":\"WebSite\",\"@id\":\"https:\/\/anderskafka.cz\/eshop\/#website\",\"url\":\"https:\/\/anderskafka.cz\/eshop\/\",\"name\":\"Anders &amp; Kafka E-SHOP\",\"description\":\"Anders &amp; Kafka E-SHOP\",\"potentialAction\":[{\"@type\":\"SearchAction\",\"target\":{\"@type\":\"EntryPoint\",\"urlTemplate\":\"https:\/\/anderskafka.cz\/eshop\/?s={search_term_string}\"},\"query-input\":\"required name=search_term_string\"}],\"inLanguage\":\"cs\"},{\"@type\":\"ImageObject\",\"@id\":\"https:\/\/anderskafka.cz\/eshop\/produkt\/rento-saunovy-rucniky-kenno-bezovo-bile\/#primaryimage\",\"inLanguage\":\"cs\",\"url\":\"https:\/\/anderskafka.cz\/eshop\/wp-content\/uploads\/sites\/3\/2023\/11\/614570-3-scaled-1.jpg\",\"contentUrl\":\"https:\/\/anderskafka.cz\/eshop\/wp-content\/uploads\/sites\/3\/2023\/11\/614570-3-scaled-1.jpg\",\"width\":2560,\"height\":1705},{\"@type\":\"WebPage\",\"@id\":\"https:\/\/anderskafka.cz\/eshop\/produkt\/rento-saunovy-rucniky-kenno-bezovo-bile\/#webpage\",\"url\":\"https:\/\/anderskafka.cz\/eshop\/produkt\/rento-saunovy-rucniky-kenno-bezovo-bile\/\",\"name\":\"RENTO saunov\u00fd ru\u010dn\u00edk \/ osu\u0161ka kenno, b\u00e9\u017eovo b\u00edl\u00e9 - Anders &amp; Kafka E-SHOP\",\"isPartOf\":{\"@id\":\"https:\/\/anderskafka.cz\/eshop\/#website\"},\"primaryImageOfPage\":{\"@id\":\"https:\/\/anderskafka.cz\/eshop\/produkt\/rento-saunovy-rucniky-kenno-bezovo-bile\/#primaryimage\"},\"datePublished\":\"2023-11-21T11:54:33+00:00\",\"dateModified\":\"2026-02-26T13:06:48+00:00\",\"description\":\"P\u0159\u00edjemn\u011b m\u011bkk\u00fd a sav\u00fd ru\u010dn\u00edk\/osu\u0161ka s okrajem chambray, kter\u00fd vyu\u017eijete nejen v saun\u011b, ale i p\u0159i ka\u017edodenn\u00edm pou\u017eit\u00ed. Navr\u017eeno ve Finsku, specialistou na saunov\u00e9 dopl\u0148ky spole\u010dnost\u00ed RENTO. Relaxujte a u\u017e\u00edvejte si harmonii z autentick\u00e9ho z\u00e1\u017eitku finsk\u00e9 sauny.\",\"breadcrumb\":{\"@id\":\"https:\/\/anderskafka.cz\/eshop\/produkt\/rento-saunovy-rucniky-kenno-bezovo-bile\/#breadcrumb\"},\"inLanguage\":\"cs\",\"potentialAction\":[{\"@type\":\"ReadAction\",\"target\":[\"https:\/\/anderskafka.cz\/eshop\/produkt\/rento-saunovy-rucniky-kenno-bezovo-bile\/\"]}]},{\"@type\":\"BreadcrumbList\",\"@id\":\"https:\/\/anderskafka.cz\/eshop\/produkt\/rento-saunovy-rucniky-kenno-bezovo-bile\/#breadcrumb\",\"itemListElement\":[{\"@type\":\"ListItem\",\"position\":1,\"name\":\"Obchod\",\"item\":\"https:\/\/anderskafka.cz\/eshop\/obchod\/\"},{\"@type\":\"ListItem\",\"position\":2,\"name\":\"RENTO saunov\u00fd ru\u010dn\u00edk \/ osu\u0161ka kenno, b\u00e9\u017eovo b\u00edl\u00e9\"}]}]}<\/script>\n<!-- \/ Yoast SEO plugin. -->","yoast_head_json":{"title":"RENTO saunov\u00fd ru\u010dn\u00edk \/ osu\u0161ka kenno, b\u00e9\u017eovo b\u00edl\u00e9 - Anders &amp; Kafka E-SHOP","description":"P\u0159\u00edjemn\u011b m\u011bkk\u00fd a sav\u00fd ru\u010dn\u00edk\/osu\u0161ka s okrajem chambray, kter\u00fd vyu\u017eijete nejen v saun\u011b, ale i p\u0159i ka\u017edodenn\u00edm pou\u017eit\u00ed. Navr\u017eeno ve Finsku, specialistou na saunov\u00e9 dopl\u0148ky spole\u010dnost\u00ed RENTO. Relaxujte a u\u017e\u00edvejte si harmonii z autentick\u00e9ho z\u00e1\u017eitku finsk\u00e9 sauny.","robots":{"index":"index","follow":"follow","max-snippet":"max-snippet:-1","max-image-preview":"max-image-preview:large","max-video-preview":"max-video-preview:-1"},"canonical":"https:\/\/anderskafka.cz\/eshop\/produkt\/rento-saunovy-rucniky-kenno-bezovo-bile\/","og_locale":"cs_CZ","og_type":"article","og_title":"RENTO saunov\u00fd ru\u010dn\u00edk \/ osu\u0161ka kenno, b\u00e9\u017eovo b\u00edl\u00e9 - Anders &amp; Kafka E-SHOP","og_description":"P\u0159\u00edjemn\u011b m\u011bkk\u00fd a sav\u00fd ru\u010dn\u00edk\/osu\u0161ka s okrajem chambray, kter\u00fd vyu\u017eijete nejen v saun\u011b, ale i p\u0159i ka\u017edodenn\u00edm pou\u017eit\u00ed. Navr\u017eeno ve Finsku, specialistou na saunov\u00e9 dopl\u0148ky spole\u010dnost\u00ed RENTO. Relaxujte a u\u017e\u00edvejte si harmonii z autentick\u00e9ho z\u00e1\u017eitku finsk\u00e9 sauny.","og_url":"https:\/\/anderskafka.cz\/eshop\/produkt\/rento-saunovy-rucniky-kenno-bezovo-bile\/","og_site_name":"Anders &amp; Kafka E-SHOP","article_modified_time":"2026-02-26T13:06:48+00:00","og_image":[{"width":2560,"height":1705,"url":"https:\/\/anderskafka.cz\/eshop\/wp-content\/uploads\/sites\/3\/2023\/11\/614570-3-scaled-1.jpg","type":"image\/jpeg"}],"twitter_card":"summary_large_image","twitter_misc":{"Odhadovan\u00e1 doba \u010dten\u00ed":"1 minuta"},"schema":{"@context":"https:\/\/schema.org","@graph":[{"@type":"WebSite","@id":"https:\/\/anderskafka.cz\/eshop\/#website","url":"https:\/\/anderskafka.cz\/eshop\/","name":"Anders &amp; Kafka E-SHOP","description":"Anders &amp; Kafka E-SHOP","potentialAction":[{"@type":"SearchAction","target":{"@type":"EntryPoint","urlTemplate":"https:\/\/anderskafka.cz\/eshop\/?s={search_term_string}"},"query-input":"required name=search_term_string"}],"inLanguage":"cs"},{"@type":"ImageObject","@id":"https:\/\/anderskafka.cz\/eshop\/produkt\/rento-saunovy-rucniky-kenno-bezovo-bile\/#primaryimage","inLanguage":"cs","url":"https:\/\/anderskafka.cz\/eshop\/wp-content\/uploads\/sites\/3\/2023\/11\/614570-3-scaled-1.jpg","contentUrl":"https:\/\/anderskafka.cz\/eshop\/wp-content\/uploads\/sites\/3\/2023\/11\/614570-3-scaled-1.jpg","width":2560,"height":1705},{"@type":"WebPage","@id":"https:\/\/anderskafka.cz\/eshop\/produkt\/rento-saunovy-rucniky-kenno-bezovo-bile\/#webpage","url":"https:\/\/anderskafka.cz\/eshop\/produkt\/rento-saunovy-rucniky-kenno-bezovo-bile\/","name":"RENTO saunov\u00fd ru\u010dn\u00edk \/ osu\u0161ka kenno, b\u00e9\u017eovo b\u00edl\u00e9 - Anders &amp; Kafka E-SHOP","isPartOf":{"@id":"https:\/\/anderskafka.cz\/eshop\/#website"},"primaryImageOfPage":{"@id":"https:\/\/anderskafka.cz\/eshop\/produkt\/rento-saunovy-rucniky-kenno-bezovo-bile\/#primaryimage"},"datePublished":"2023-11-21T11:54:33+00:00","dateModified":"2026-02-26T13:06:48+00:00","description":"P\u0159\u00edjemn\u011b m\u011bkk\u00fd a sav\u00fd ru\u010dn\u00edk\/osu\u0161ka s okrajem chambray, kter\u00fd vyu\u017eijete nejen v saun\u011b, ale i p\u0159i ka\u017edodenn\u00edm pou\u017eit\u00ed. Navr\u017eeno ve Finsku, specialistou na saunov\u00e9 dopl\u0148ky spole\u010dnost\u00ed RENTO. Relaxujte a u\u017e\u00edvejte si harmonii z autentick\u00e9ho z\u00e1\u017eitku finsk\u00e9 sauny.","breadcrumb":{"@id":"https:\/\/anderskafka.cz\/eshop\/produkt\/rento-saunovy-rucniky-kenno-bezovo-bile\/#breadcrumb"},"inLanguage":"cs","potentialAction":[{"@type":"ReadAction","target":["https:\/\/anderskafka.cz\/eshop\/produkt\/rento-saunovy-rucniky-kenno-bezovo-bile\/"]}]},{"@type":"BreadcrumbList","@id":"https:\/\/anderskafka.cz\/eshop\/produkt\/rento-saunovy-rucniky-kenno-bezovo-bile\/#breadcrumb","itemListElement":[{"@type":"ListItem","position":1,"name":"Obchod","item":"https:\/\/anderskafka.cz\/eshop\/obchod\/"},{"@type":"ListItem","position":2,"name":"RENTO saunov\u00fd ru\u010dn\u00edk \/ osu\u0161ka kenno, b\u00e9\u017eovo b\u00edl\u00e9"}]}]}},"locations":[],"_links":{"self":[{"href":"https:\/\/anderskafka.cz\/eshop\/wp-json\/wp\/v2\/product\/5190"}],"collection":[{"href":"https:\/\/anderskafka.cz\/eshop\/wp-json\/wp\/v2\/product"}],"about":[{"href":"https:\/\/anderskafka.cz\/eshop\/wp-json\/wp\/v2\/types\/product"}],"replies":[{"embeddable":true,"href":"https:\/\/anderskafka.cz\/eshop\/wp-json\/wp\/v2\/comments?post=5190"}],"wp:featuredmedia":[{"embeddable":true,"href":"https:\/\/anderskafka.cz\/eshop\/wp-json\/wp\/v2\/media\/5461"}],"wp:attachment":[{"href":"https:\/\/anderskafka.cz\/eshop\/wp-json\/wp\/v2\/media?parent=5190"}],"wp:term":[{"taxonomy":"location","embeddable":true,"href":"https:\/\/anderskafka.cz\/eshop\/wp-json\/wp\/v2\/location?post=5190"},{"taxonomy":"product_cat","embeddable":true,"href":"https:\/\/anderskafka.cz\/eshop\/wp-json\/wp\/v2\/product_cat?post=5190"},{"taxonomy":"product_tag","embeddable":true,"href":"https:\/\/anderskafka.cz\/eshop\/wp-json\/wp\/v2\/product_tag?post=5190"}],"curies":[{"name":"wp","href":"https:\/\/api.w.org\/{rel}","templated":true}]}}