{"id":6159,"date":"2023-12-27T19:42:16","date_gmt":"2023-12-27T18:42:16","guid":{"rendered":"https:\/\/anderskafka.cz\/eshop\/?post_type=product&#038;p=6159"},"modified":"2026-02-09T09:17:47","modified_gmt":"2026-02-09T08:17:47","slug":"veba-moderni-vaflovy-zupan-ze-100-bavlny-smetanovy","status":"publish","type":"product","link":"https:\/\/anderskafka.cz\/eshop\/produkt\/veba-moderni-vaflovy-zupan-ze-100-bavlny-smetanovy\/","title":{"rendered":"VEBA modern\u00ed vaflov\u00fd \u017eupan ze 100% bavlny smetanov\u00fd"},"content":{"rendered":"<p>Lehk\u00e9, sav\u00e9 a dob\u0159e skladn\u00e9 saunov\u00e9 \u017eupany, vhodn\u00e9 nejen k obl\u00edben\u00e9mu saunov\u00e1n\u00ed, ale i pro zahalen\u00ed v l\u00e9t\u011b u baz\u00e9nu. Vaflov\u00e9 \u017eupany jsou vzhledem k jednoduch\u00e9mu st\u0159ihu vhodn\u00e9 pro \u017eeny i mu\u017ee. D\u00edky vlastnostem pou\u017eit\u00e9 kvalitn\u00ed dlouhovl\u00e1kenn\u00e9 bavlny je tato vaflovina m\u011bkk\u00e1, h\u0159ejiv\u00e1 a v\u00fdborn\u011b sav\u00e1.<\/p>\n<p>Pran\u00ed a su\u0161i\u010dka podpo\u0159\u00ed nezam\u011bniteln\u00fd 3D efekt. \u017dupany nen\u00ed nutn\u00e9 \u017eehlit &#8211; z\u016fstanou p\u0159\u00edjemn\u011b m\u011bkk\u00e9 a ka\u017ed\u00e9 pran\u00ed zv\u00fd\u0161\u00ed jejich p\u0159irozenou savost.<\/p>\n<p><span style=\"font-size: 16px;\">P\u0159i p\u00e9\u010di o \u017eupan se \u0159i\u010fte o\u0161et\u0159ovac\u00edmi symboly uveden\u00fdmi na \u017eupanu.<\/span><\/p>\n<p>Kilt a ru\u010dn\u00edk nejsou sou\u010d\u00e1st\u00ed balen\u00ed.<\/p>\n","protected":false},"excerpt":{"rendered":"<p>Lehk\u00fd, sav\u00fd, skladn\u00fd vaflov\u00fd \u017eupan v unisex proveden\u00ed vhodn\u00fd k saunov\u00e1n\u00ed i k baz\u00e9nu.<br \/>\nVyrobeno v \u010cech\u00e1ch spole\u010dnost\u00ed Veba s tradic\u00ed v\u00fdroby kvalitn\u00edch textili\u00ed od roku 1856.<\/p>\n<p>Doporu\u010dujeme objednat men\u0161\u00ed velikost.<\/p>\n<p>&nbsp;<\/p>\n<p style=\"font-weight: 400;\"><strong>Velikosti \u017eupan\u016f\u00a0<\/strong><\/p>\n<table style=\"font-weight: 400;\">\n<tbody>\n<tr>\n<td width=\"165\"><strong>Velikost [cm]<\/strong><\/td>\n<td width=\"81\">S<\/p>\n<p>38\/40<\/td>\n<td width=\"81\">M<\/p>\n<p>42\/44<\/td>\n<td width=\"87\">L<\/p>\n<p>46\/48<\/td>\n<td width=\"81\">XL<\/p>\n<p>50\/52<\/td>\n<td width=\"80\">XXL<\/p>\n<p>54\/56<\/td>\n<\/tr>\n<tr>\n<td width=\"165\"><strong>Obvod \u017eupanu<\/strong><\/td>\n<td width=\"81\">146<\/td>\n<td width=\"81\">152<\/td>\n<td width=\"87\">156<\/td>\n<td width=\"81\">160<\/td>\n<td width=\"80\">166<\/td>\n<\/tr>\n<tr>\n<td width=\"165\"><strong>\u0160\u00ed\u0159e zad<\/strong><\/td>\n<td width=\"81\">61<\/td>\n<td width=\"81\">64<\/td>\n<td width=\"87\">67<\/td>\n<td width=\"81\">70<\/td>\n<td width=\"80\">73<\/td>\n<\/tr>\n<tr>\n<td width=\"165\"><strong>D\u00e9lka ruk\u00e1vu<\/strong><\/td>\n<td width=\"81\">77<\/td>\n<td width=\"81\">80<\/td>\n<td width=\"87\">83<\/td>\n<td width=\"81\">85<\/td>\n<td width=\"80\">87<\/td>\n<\/tr>\n<tr>\n<td width=\"165\"><strong>D\u00e9lka \u017eupanu<\/strong><\/td>\n<td width=\"81\">120<\/td>\n<td width=\"81\">125<\/td>\n<td width=\"87\">130<\/td>\n<td width=\"81\">135<\/td>\n<td width=\"80\">140<\/td>\n<\/tr>\n<\/tbody>\n<\/table>\n<p><img loading=\"lazy\" class=\"size-full wp-image-1674 aligncenter\" src=\"https:\/\/anderskafka.cz\/eshop\/wp-content\/uploads\/sites\/3\/2023\/02\/01-veba-tradicni-cesky-vyrobce.png\" alt=\"\" width=\"200\" height=\"200\" srcset=\"https:\/\/anderskafka.cz\/eshop\/wp-content\/uploads\/sites\/3\/2023\/02\/01-veba-tradicni-cesky-vyrobce.png 200w, https:\/\/anderskafka.cz\/eshop\/wp-content\/uploads\/sites\/3\/2023\/02\/01-veba-tradicni-cesky-vyrobce-150x150.png 150w, https:\/\/anderskafka.cz\/eshop\/wp-content\/uploads\/sites\/3\/2023\/02\/01-veba-tradicni-cesky-vyrobce-100x100.png 100w, https:\/\/anderskafka.cz\/eshop\/wp-content\/uploads\/sites\/3\/2023\/02\/01-veba-tradicni-cesky-vyrobce-64x64.png 64w\" sizes=\"(max-width: 200px) 100vw, 200px\" \/><\/p>\n","protected":false},"featured_media":6173,"comment_status":"open","ping_status":"closed","template":"","meta":{"site-sidebar-layout":"default","site-content-layout":"default","ast-main-header-display":"","ast-hfb-above-header-display":"","ast-hfb-below-header-display":"","ast-hfb-mobile-header-display":"","site-post-title":"","ast-breadcrumbs-content":"","ast-featured-img":"","footer-sml-layout":"","theme-transparent-header-meta":"","adv-header-id-meta":"","stick-header-meta":"","header-above-stick-meta":"","header-main-stick-meta":"","header-below-stick-meta":""},"location":[],"product_cat":[32],"product_tag":[519],"yoast_head":"<!-- This site is optimized with the Yoast SEO plugin v18.5.1 - https:\/\/yoast.com\/wordpress\/plugins\/seo\/ -->\n<title>VEBA modern\u00ed vaflov\u00fd \u017eupan ze 100% bavlny smetanov\u00fd - Anders &amp; Kafka E-SHOP<\/title>\n<meta name=\"description\" content=\"Lehk\u00fd, sav\u00fd, skladn\u00fd vaflov\u00fd \u017eupan v unisex proveden\u00ed vhodn\u00fd k saunov\u00e1n\u00ed i k baz\u00e9nu. Vyrobeno v \u010cech\u00e1ch spole\u010dnost\u00ed Veba s tradic\u00ed v\u00fdroby kvalitn\u00edch textili\u00ed od roku 1856.  Doporu\u010dujeme objednat men\u0161\u00ed velikost.  &nbsp; Velikosti \u017eupan\u016f\u00a0     Velikost  S  38\/40 M  42\/44 L  46\/48 XL  50\/52 XXL  54\/56   Obvod \u017eupanu 146 152 156 160 166   \u0160\u00ed\u0159e zad 61 64 67 70 73   D\u00e9lka ruk\u00e1vu 77 80 83 85 87   D\u00e9lka \u017eupanu 120 125 130 135 140\" \/>\n<meta name=\"robots\" content=\"index, follow, max-snippet:-1, max-image-preview:large, max-video-preview:-1\" \/>\n<link rel=\"canonical\" href=\"https:\/\/anderskafka.cz\/eshop\/produkt\/veba-moderni-vaflovy-zupan-ze-100-bavlny-smetanovy\/\" \/>\n<meta property=\"og:locale\" content=\"cs_CZ\" \/>\n<meta property=\"og:type\" content=\"article\" \/>\n<meta property=\"og:title\" content=\"VEBA modern\u00ed vaflov\u00fd \u017eupan ze 100% bavlny smetanov\u00fd - Anders &amp; Kafka E-SHOP\" \/>\n<meta property=\"og:description\" content=\"Lehk\u00fd, sav\u00fd, skladn\u00fd vaflov\u00fd \u017eupan v unisex proveden\u00ed vhodn\u00fd k saunov\u00e1n\u00ed i k baz\u00e9nu. Vyrobeno v \u010cech\u00e1ch spole\u010dnost\u00ed Veba s tradic\u00ed v\u00fdroby kvalitn\u00edch textili\u00ed od roku 1856.  Doporu\u010dujeme objednat men\u0161\u00ed velikost.  &nbsp; Velikosti \u017eupan\u016f\u00a0     Velikost  S  38\/40 M  42\/44 L  46\/48 XL  50\/52 XXL  54\/56   Obvod \u017eupanu 146 152 156 160 166   \u0160\u00ed\u0159e zad 61 64 67 70 73   D\u00e9lka ruk\u00e1vu 77 80 83 85 87   D\u00e9lka \u017eupanu 120 125 130 135 140\" \/>\n<meta property=\"og:url\" content=\"https:\/\/anderskafka.cz\/eshop\/produkt\/veba-moderni-vaflovy-zupan-ze-100-bavlny-smetanovy\/\" \/>\n<meta property=\"og:site_name\" content=\"Anders &amp; Kafka E-SHOP\" \/>\n<meta property=\"article:modified_time\" content=\"2026-02-09T08:17:47+00:00\" \/>\n<meta property=\"og:image\" content=\"https:\/\/anderskafka.cz\/eshop\/wp-content\/uploads\/sites\/3\/2023\/12\/zupan-patrik-ld-rumba-001-RRRR-ECRU-1.jpg\" \/>\n\t<meta property=\"og:image:width\" content=\"1280\" \/>\n\t<meta property=\"og:image:height\" content=\"1280\" \/>\n\t<meta property=\"og:image:type\" content=\"image\/jpeg\" \/>\n<meta name=\"twitter:card\" content=\"summary_large_image\" \/>\n<meta name=\"twitter:label1\" content=\"Odhadovan\u00e1 doba \u010dten\u00ed\" \/>\n\t<meta name=\"twitter:data1\" content=\"1 minuta\" \/>\n<script type=\"application\/ld+json\" class=\"yoast-schema-graph\">{\"@context\":\"https:\/\/schema.org\",\"@graph\":[{\"@type\":\"WebSite\",\"@id\":\"https:\/\/anderskafka.cz\/eshop\/#website\",\"url\":\"https:\/\/anderskafka.cz\/eshop\/\",\"name\":\"Anders &amp; Kafka E-SHOP\",\"description\":\"Anders &amp; Kafka E-SHOP\",\"potentialAction\":[{\"@type\":\"SearchAction\",\"target\":{\"@type\":\"EntryPoint\",\"urlTemplate\":\"https:\/\/anderskafka.cz\/eshop\/?s={search_term_string}\"},\"query-input\":\"required name=search_term_string\"}],\"inLanguage\":\"cs\"},{\"@type\":\"ImageObject\",\"@id\":\"https:\/\/anderskafka.cz\/eshop\/produkt\/veba-moderni-vaflovy-zupan-ze-100-bavlny-smetanovy\/#primaryimage\",\"inLanguage\":\"cs\",\"url\":\"https:\/\/anderskafka.cz\/eshop\/wp-content\/uploads\/sites\/3\/2023\/12\/zupan-patrik-ld-rumba-001-RRRR-ECRU-1.jpg\",\"contentUrl\":\"https:\/\/anderskafka.cz\/eshop\/wp-content\/uploads\/sites\/3\/2023\/12\/zupan-patrik-ld-rumba-001-RRRR-ECRU-1.jpg\",\"width\":1280,\"height\":1280},{\"@type\":\"WebPage\",\"@id\":\"https:\/\/anderskafka.cz\/eshop\/produkt\/veba-moderni-vaflovy-zupan-ze-100-bavlny-smetanovy\/#webpage\",\"url\":\"https:\/\/anderskafka.cz\/eshop\/produkt\/veba-moderni-vaflovy-zupan-ze-100-bavlny-smetanovy\/\",\"name\":\"VEBA modern\u00ed vaflov\u00fd \u017eupan ze 100% bavlny smetanov\u00fd - Anders &amp; Kafka E-SHOP\",\"isPartOf\":{\"@id\":\"https:\/\/anderskafka.cz\/eshop\/#website\"},\"primaryImageOfPage\":{\"@id\":\"https:\/\/anderskafka.cz\/eshop\/produkt\/veba-moderni-vaflovy-zupan-ze-100-bavlny-smetanovy\/#primaryimage\"},\"datePublished\":\"2023-12-27T18:42:16+00:00\",\"dateModified\":\"2026-02-09T08:17:47+00:00\",\"description\":\"Lehk\u00fd, sav\u00fd, skladn\u00fd vaflov\u00fd \u017eupan v unisex proveden\u00ed vhodn\u00fd k saunov\u00e1n\u00ed i k baz\u00e9nu. Vyrobeno v \u010cech\u00e1ch spole\u010dnost\u00ed Veba s tradic\u00ed v\u00fdroby kvalitn\u00edch textili\u00ed od roku 1856. Doporu\u010dujeme objednat men\u0161\u00ed velikost. &nbsp; Velikosti \u017eupan\u016f\u00a0 Velikost S 38\/40 M 42\/44 L 46\/48 XL 50\/52 XXL 54\/56 Obvod \u017eupanu 146 152 156 160 166 \u0160\u00ed\u0159e zad 61 64 67 70 73 D\u00e9lka ruk\u00e1vu 77 80 83 85 87 D\u00e9lka \u017eupanu 120 125 130 135 140\",\"breadcrumb\":{\"@id\":\"https:\/\/anderskafka.cz\/eshop\/produkt\/veba-moderni-vaflovy-zupan-ze-100-bavlny-smetanovy\/#breadcrumb\"},\"inLanguage\":\"cs\",\"potentialAction\":[{\"@type\":\"ReadAction\",\"target\":[\"https:\/\/anderskafka.cz\/eshop\/produkt\/veba-moderni-vaflovy-zupan-ze-100-bavlny-smetanovy\/\"]}]},{\"@type\":\"BreadcrumbList\",\"@id\":\"https:\/\/anderskafka.cz\/eshop\/produkt\/veba-moderni-vaflovy-zupan-ze-100-bavlny-smetanovy\/#breadcrumb\",\"itemListElement\":[{\"@type\":\"ListItem\",\"position\":1,\"name\":\"Obchod\",\"item\":\"https:\/\/anderskafka.cz\/eshop\/obchod\/\"},{\"@type\":\"ListItem\",\"position\":2,\"name\":\"VEBA modern\u00ed vaflov\u00fd \u017eupan ze 100% bavlny smetanov\u00fd\"}]}]}<\/script>\n<!-- \/ Yoast SEO plugin. -->","yoast_head_json":{"title":"VEBA modern\u00ed vaflov\u00fd \u017eupan ze 100% bavlny smetanov\u00fd - Anders &amp; Kafka E-SHOP","description":"Lehk\u00fd, sav\u00fd, skladn\u00fd vaflov\u00fd \u017eupan v unisex proveden\u00ed vhodn\u00fd k saunov\u00e1n\u00ed i k baz\u00e9nu. Vyrobeno v \u010cech\u00e1ch spole\u010dnost\u00ed Veba s tradic\u00ed v\u00fdroby kvalitn\u00edch textili\u00ed od roku 1856.  Doporu\u010dujeme objednat men\u0161\u00ed velikost.  &nbsp; Velikosti \u017eupan\u016f\u00a0     Velikost  S  38\/40 M  42\/44 L  46\/48 XL  50\/52 XXL  54\/56   Obvod \u017eupanu 146 152 156 160 166   \u0160\u00ed\u0159e zad 61 64 67 70 73   D\u00e9lka ruk\u00e1vu 77 80 83 85 87   D\u00e9lka \u017eupanu 120 125 130 135 140","robots":{"index":"index","follow":"follow","max-snippet":"max-snippet:-1","max-image-preview":"max-image-preview:large","max-video-preview":"max-video-preview:-1"},"canonical":"https:\/\/anderskafka.cz\/eshop\/produkt\/veba-moderni-vaflovy-zupan-ze-100-bavlny-smetanovy\/","og_locale":"cs_CZ","og_type":"article","og_title":"VEBA modern\u00ed vaflov\u00fd \u017eupan ze 100% bavlny smetanov\u00fd - Anders &amp; Kafka E-SHOP","og_description":"Lehk\u00fd, sav\u00fd, skladn\u00fd vaflov\u00fd \u017eupan v unisex proveden\u00ed vhodn\u00fd k saunov\u00e1n\u00ed i k baz\u00e9nu. Vyrobeno v \u010cech\u00e1ch spole\u010dnost\u00ed Veba s tradic\u00ed v\u00fdroby kvalitn\u00edch textili\u00ed od roku 1856.  Doporu\u010dujeme objednat men\u0161\u00ed velikost.  &nbsp; Velikosti \u017eupan\u016f\u00a0     Velikost  S  38\/40 M  42\/44 L  46\/48 XL  50\/52 XXL  54\/56   Obvod \u017eupanu 146 152 156 160 166   \u0160\u00ed\u0159e zad 61 64 67 70 73   D\u00e9lka ruk\u00e1vu 77 80 83 85 87   D\u00e9lka \u017eupanu 120 125 130 135 140","og_url":"https:\/\/anderskafka.cz\/eshop\/produkt\/veba-moderni-vaflovy-zupan-ze-100-bavlny-smetanovy\/","og_site_name":"Anders &amp; Kafka E-SHOP","article_modified_time":"2026-02-09T08:17:47+00:00","og_image":[{"width":1280,"height":1280,"url":"https:\/\/anderskafka.cz\/eshop\/wp-content\/uploads\/sites\/3\/2023\/12\/zupan-patrik-ld-rumba-001-RRRR-ECRU-1.jpg","type":"image\/jpeg"}],"twitter_card":"summary_large_image","twitter_misc":{"Odhadovan\u00e1 doba \u010dten\u00ed":"1 minuta"},"schema":{"@context":"https:\/\/schema.org","@graph":[{"@type":"WebSite","@id":"https:\/\/anderskafka.cz\/eshop\/#website","url":"https:\/\/anderskafka.cz\/eshop\/","name":"Anders &amp; Kafka E-SHOP","description":"Anders &amp; Kafka E-SHOP","potentialAction":[{"@type":"SearchAction","target":{"@type":"EntryPoint","urlTemplate":"https:\/\/anderskafka.cz\/eshop\/?s={search_term_string}"},"query-input":"required name=search_term_string"}],"inLanguage":"cs"},{"@type":"ImageObject","@id":"https:\/\/anderskafka.cz\/eshop\/produkt\/veba-moderni-vaflovy-zupan-ze-100-bavlny-smetanovy\/#primaryimage","inLanguage":"cs","url":"https:\/\/anderskafka.cz\/eshop\/wp-content\/uploads\/sites\/3\/2023\/12\/zupan-patrik-ld-rumba-001-RRRR-ECRU-1.jpg","contentUrl":"https:\/\/anderskafka.cz\/eshop\/wp-content\/uploads\/sites\/3\/2023\/12\/zupan-patrik-ld-rumba-001-RRRR-ECRU-1.jpg","width":1280,"height":1280},{"@type":"WebPage","@id":"https:\/\/anderskafka.cz\/eshop\/produkt\/veba-moderni-vaflovy-zupan-ze-100-bavlny-smetanovy\/#webpage","url":"https:\/\/anderskafka.cz\/eshop\/produkt\/veba-moderni-vaflovy-zupan-ze-100-bavlny-smetanovy\/","name":"VEBA modern\u00ed vaflov\u00fd \u017eupan ze 100% bavlny smetanov\u00fd - Anders &amp; Kafka E-SHOP","isPartOf":{"@id":"https:\/\/anderskafka.cz\/eshop\/#website"},"primaryImageOfPage":{"@id":"https:\/\/anderskafka.cz\/eshop\/produkt\/veba-moderni-vaflovy-zupan-ze-100-bavlny-smetanovy\/#primaryimage"},"datePublished":"2023-12-27T18:42:16+00:00","dateModified":"2026-02-09T08:17:47+00:00","description":"Lehk\u00fd, sav\u00fd, skladn\u00fd vaflov\u00fd \u017eupan v unisex proveden\u00ed vhodn\u00fd k saunov\u00e1n\u00ed i k baz\u00e9nu. Vyrobeno v \u010cech\u00e1ch spole\u010dnost\u00ed Veba s tradic\u00ed v\u00fdroby kvalitn\u00edch textili\u00ed od roku 1856. Doporu\u010dujeme objednat men\u0161\u00ed velikost. &nbsp; Velikosti \u017eupan\u016f\u00a0 Velikost S 38\/40 M 42\/44 L 46\/48 XL 50\/52 XXL 54\/56 Obvod \u017eupanu 146 152 156 160 166 \u0160\u00ed\u0159e zad 61 64 67 70 73 D\u00e9lka ruk\u00e1vu 77 80 83 85 87 D\u00e9lka \u017eupanu 120 125 130 135 140","breadcrumb":{"@id":"https:\/\/anderskafka.cz\/eshop\/produkt\/veba-moderni-vaflovy-zupan-ze-100-bavlny-smetanovy\/#breadcrumb"},"inLanguage":"cs","potentialAction":[{"@type":"ReadAction","target":["https:\/\/anderskafka.cz\/eshop\/produkt\/veba-moderni-vaflovy-zupan-ze-100-bavlny-smetanovy\/"]}]},{"@type":"BreadcrumbList","@id":"https:\/\/anderskafka.cz\/eshop\/produkt\/veba-moderni-vaflovy-zupan-ze-100-bavlny-smetanovy\/#breadcrumb","itemListElement":[{"@type":"ListItem","position":1,"name":"Obchod","item":"https:\/\/anderskafka.cz\/eshop\/obchod\/"},{"@type":"ListItem","position":2,"name":"VEBA modern\u00ed vaflov\u00fd \u017eupan ze 100% bavlny smetanov\u00fd"}]}]}},"locations":[],"_links":{"self":[{"href":"https:\/\/anderskafka.cz\/eshop\/wp-json\/wp\/v2\/product\/6159"}],"collection":[{"href":"https:\/\/anderskafka.cz\/eshop\/wp-json\/wp\/v2\/product"}],"about":[{"href":"https:\/\/anderskafka.cz\/eshop\/wp-json\/wp\/v2\/types\/product"}],"replies":[{"embeddable":true,"href":"https:\/\/anderskafka.cz\/eshop\/wp-json\/wp\/v2\/comments?post=6159"}],"wp:featuredmedia":[{"embeddable":true,"href":"https:\/\/anderskafka.cz\/eshop\/wp-json\/wp\/v2\/media\/6173"}],"wp:attachment":[{"href":"https:\/\/anderskafka.cz\/eshop\/wp-json\/wp\/v2\/media?parent=6159"}],"wp:term":[{"taxonomy":"location","embeddable":true,"href":"https:\/\/anderskafka.cz\/eshop\/wp-json\/wp\/v2\/location?post=6159"},{"taxonomy":"product_cat","embeddable":true,"href":"https:\/\/anderskafka.cz\/eshop\/wp-json\/wp\/v2\/product_cat?post=6159"},{"taxonomy":"product_tag","embeddable":true,"href":"https:\/\/anderskafka.cz\/eshop\/wp-json\/wp\/v2\/product_tag?post=6159"}],"curies":[{"name":"wp","href":"https:\/\/api.w.org\/{rel}","templated":true}]}}