{"id":6862,"date":"2024-02-25T20:07:30","date_gmt":"2024-02-25T19:07:30","guid":{"rendered":"https:\/\/anderskafka.cz\/eshop\/?post_type=product&#038;p=6862"},"modified":"2026-03-26T11:19:32","modified_gmt":"2026-03-26T10:19:32","slug":"sentiotec-podhlavnik-do-sauny-z-lipy","status":"publish","type":"product","link":"https:\/\/anderskafka.cz\/eshop\/produkt\/sentiotec-podhlavnik-do-sauny-z-lipy\/","title":{"rendered":"HARVIA AUSTRIA podhlavn\u00edk do sauny z l\u00edpy"},"content":{"rendered":"<p>Masivn\u00ed podhlavn\u00edk do sauny z d\u0159eviny l\u00edpy. Pohodln\u00fd a kr\u00e1sn\u011b zpracovan\u00fd d\u0159ev\u011bn\u00fd podhlavn\u00edk do sauny. Tento podhlavn\u00edk je nepostradateln\u00fdm dopl\u0148kem ka\u017ed\u00e9 sauny a zabezpe\u010d\u00ed pohodln\u011bj\u0161\u00ed saunov\u00e1n\u00ed p\u0159i ide\u00e1ln\u00edm ulo\u017een\u00ed hlavy, co\u017e napom\u00e1h\u00e1 celkov\u00e9mu uvoln\u011bn\u00ed t\u011bla p\u0159i saunov\u00e1n\u00ed.<\/p>\n","protected":false},"excerpt":{"rendered":"<p>Podhlavn\u00edk do sauny z masivu d\u0159eviny l\u00edpy. Podhlavn\u00edk je speci\u00e1ln\u011b navr\u017een pro p\u0159\u00edjemnou podp\u011bru hlavy a p\u0159in\u00e1\u0161\u00ed pocit naprost\u00e9 relaxace.<\/p>\n<p style=\"text-align: left\">Spole\u010dnost HARVIA AUSTRIA vyv\u00edj\u00ed a vyr\u00e1b\u00ed kvalitn\u00ed a inovativn\u00ed produkty ur\u010den\u00e9 k tomu, aby Va\u0161e chv\u00edle str\u00e1ven\u00e9 v saun\u011b byly co nejv\u00edce relaxuj\u00edc\u00ed.<br \/>\n<img loading=\"lazy\" class=\"alignnone size-full wp-image-1323 aligncenter\" src=\"https:\/\/anderskafka.cz\/eshop\/wp-content\/uploads\/sites\/3\/2022\/12\/logoHarvia.png\" alt=\"\" width=\"102\" height=\"102\" srcset=\"https:\/\/anderskafka.cz\/eshop\/wp-content\/uploads\/sites\/3\/2022\/12\/logoHarvia.png 102w, https:\/\/anderskafka.cz\/eshop\/wp-content\/uploads\/sites\/3\/2022\/12\/logoHarvia-100x100.png 100w, https:\/\/anderskafka.cz\/eshop\/wp-content\/uploads\/sites\/3\/2022\/12\/logoHarvia-64x64.png 64w\" sizes=\"(max-width: 102px) 100vw, 102px\" \/><\/p>\n","protected":false},"featured_media":6865,"comment_status":"open","ping_status":"closed","template":"","meta":{"site-sidebar-layout":"default","site-content-layout":"default","ast-main-header-display":"","ast-hfb-above-header-display":"","ast-hfb-below-header-display":"","ast-hfb-mobile-header-display":"","site-post-title":"","ast-breadcrumbs-content":"","ast-featured-img":"","footer-sml-layout":"","theme-transparent-header-meta":"","adv-header-id-meta":"","stick-header-meta":"","header-above-stick-meta":"","header-main-stick-meta":"","header-below-stick-meta":""},"location":[],"product_cat":[105],"product_tag":[324],"yoast_head":"<!-- This site is optimized with the Yoast SEO plugin v18.5.1 - https:\/\/yoast.com\/wordpress\/plugins\/seo\/ -->\n<title>HARVIA AUSTRIA podhlavn\u00edk do sauny z l\u00edpy - Anders &amp; Kafka E-SHOP<\/title>\n<meta name=\"description\" content=\"Podhlavn\u00edk do sauny z masivu d\u0159eviny l\u00edpy. Podhlavn\u00edk je speci\u00e1ln\u011b navr\u017een pro p\u0159\u00edjemnou podp\u011bru hlavy a p\u0159in\u00e1\u0161\u00ed pocit naprost\u00e9 relaxace. Spole\u010dnost HARVIA AUSTRIA vyv\u00edj\u00ed a vyr\u00e1b\u00ed kvalitn\u00ed a inovativn\u00ed produkty ur\u010den\u00e9 k tomu, aby Va\u0161e chv\u00edle str\u00e1ven\u00e9 v saun\u011b byly co nejv\u00edce relaxuj\u00edc\u00ed.\" \/>\n<meta name=\"robots\" content=\"index, follow, max-snippet:-1, max-image-preview:large, max-video-preview:-1\" \/>\n<link rel=\"canonical\" href=\"https:\/\/anderskafka.cz\/eshop\/produkt\/sentiotec-podhlavnik-do-sauny-z-lipy\/\" \/>\n<meta property=\"og:locale\" content=\"cs_CZ\" \/>\n<meta property=\"og:type\" content=\"article\" \/>\n<meta property=\"og:title\" content=\"HARVIA AUSTRIA podhlavn\u00edk do sauny z l\u00edpy - Anders &amp; Kafka E-SHOP\" \/>\n<meta property=\"og:description\" content=\"Podhlavn\u00edk do sauny z masivu d\u0159eviny l\u00edpy. Podhlavn\u00edk je speci\u00e1ln\u011b navr\u017een pro p\u0159\u00edjemnou podp\u011bru hlavy a p\u0159in\u00e1\u0161\u00ed pocit naprost\u00e9 relaxace. Spole\u010dnost HARVIA AUSTRIA vyv\u00edj\u00ed a vyr\u00e1b\u00ed kvalitn\u00ed a inovativn\u00ed produkty ur\u010den\u00e9 k tomu, aby Va\u0161e chv\u00edle str\u00e1ven\u00e9 v saun\u011b byly co nejv\u00edce relaxuj\u00edc\u00ed.\" \/>\n<meta property=\"og:url\" content=\"https:\/\/anderskafka.cz\/eshop\/produkt\/sentiotec-podhlavnik-do-sauny-z-lipy\/\" \/>\n<meta property=\"og:site_name\" content=\"Anders &amp; Kafka E-SHOP\" \/>\n<meta property=\"article:modified_time\" content=\"2026-03-26T10:19:32+00:00\" \/>\n<meta property=\"og:image\" content=\"https:\/\/anderskafka.cz\/eshop\/wp-content\/uploads\/sites\/3\/2024\/02\/sentiotec-podhlavnik-do-sauny-lipa.jpg\" \/>\n\t<meta property=\"og:image:width\" content=\"1000\" \/>\n\t<meta property=\"og:image:height\" content=\"1000\" \/>\n\t<meta property=\"og:image:type\" content=\"image\/jpeg\" \/>\n<meta name=\"twitter:card\" content=\"summary_large_image\" \/>\n<meta name=\"twitter:label1\" content=\"Odhadovan\u00e1 doba \u010dten\u00ed\" \/>\n\t<meta name=\"twitter:data1\" content=\"1 minuta\" \/>\n<script type=\"application\/ld+json\" class=\"yoast-schema-graph\">{\"@context\":\"https:\/\/schema.org\",\"@graph\":[{\"@type\":\"WebSite\",\"@id\":\"https:\/\/anderskafka.cz\/eshop\/#website\",\"url\":\"https:\/\/anderskafka.cz\/eshop\/\",\"name\":\"Anders &amp; Kafka E-SHOP\",\"description\":\"Anders &amp; Kafka E-SHOP\",\"potentialAction\":[{\"@type\":\"SearchAction\",\"target\":{\"@type\":\"EntryPoint\",\"urlTemplate\":\"https:\/\/anderskafka.cz\/eshop\/?s={search_term_string}\"},\"query-input\":\"required name=search_term_string\"}],\"inLanguage\":\"cs\"},{\"@type\":\"ImageObject\",\"@id\":\"https:\/\/anderskafka.cz\/eshop\/produkt\/sentiotec-podhlavnik-do-sauny-z-lipy\/#primaryimage\",\"inLanguage\":\"cs\",\"url\":\"https:\/\/anderskafka.cz\/eshop\/wp-content\/uploads\/sites\/3\/2024\/02\/sentiotec-podhlavnik-do-sauny-lipa.jpg\",\"contentUrl\":\"https:\/\/anderskafka.cz\/eshop\/wp-content\/uploads\/sites\/3\/2024\/02\/sentiotec-podhlavnik-do-sauny-lipa.jpg\",\"width\":1000,\"height\":1000},{\"@type\":\"WebPage\",\"@id\":\"https:\/\/anderskafka.cz\/eshop\/produkt\/sentiotec-podhlavnik-do-sauny-z-lipy\/#webpage\",\"url\":\"https:\/\/anderskafka.cz\/eshop\/produkt\/sentiotec-podhlavnik-do-sauny-z-lipy\/\",\"name\":\"HARVIA AUSTRIA podhlavn\u00edk do sauny z l\u00edpy - Anders &amp; Kafka E-SHOP\",\"isPartOf\":{\"@id\":\"https:\/\/anderskafka.cz\/eshop\/#website\"},\"primaryImageOfPage\":{\"@id\":\"https:\/\/anderskafka.cz\/eshop\/produkt\/sentiotec-podhlavnik-do-sauny-z-lipy\/#primaryimage\"},\"datePublished\":\"2024-02-25T19:07:30+00:00\",\"dateModified\":\"2026-03-26T10:19:32+00:00\",\"description\":\"Podhlavn\u00edk do sauny z masivu d\u0159eviny l\u00edpy. Podhlavn\u00edk je speci\u00e1ln\u011b navr\u017een pro p\u0159\u00edjemnou podp\u011bru hlavy a p\u0159in\u00e1\u0161\u00ed pocit naprost\u00e9 relaxace. Spole\u010dnost HARVIA AUSTRIA vyv\u00edj\u00ed a vyr\u00e1b\u00ed kvalitn\u00ed a inovativn\u00ed produkty ur\u010den\u00e9 k tomu, aby Va\u0161e chv\u00edle str\u00e1ven\u00e9 v saun\u011b byly co nejv\u00edce relaxuj\u00edc\u00ed.\",\"breadcrumb\":{\"@id\":\"https:\/\/anderskafka.cz\/eshop\/produkt\/sentiotec-podhlavnik-do-sauny-z-lipy\/#breadcrumb\"},\"inLanguage\":\"cs\",\"potentialAction\":[{\"@type\":\"ReadAction\",\"target\":[\"https:\/\/anderskafka.cz\/eshop\/produkt\/sentiotec-podhlavnik-do-sauny-z-lipy\/\"]}]},{\"@type\":\"BreadcrumbList\",\"@id\":\"https:\/\/anderskafka.cz\/eshop\/produkt\/sentiotec-podhlavnik-do-sauny-z-lipy\/#breadcrumb\",\"itemListElement\":[{\"@type\":\"ListItem\",\"position\":1,\"name\":\"Obchod\",\"item\":\"https:\/\/anderskafka.cz\/eshop\/obchod\/\"},{\"@type\":\"ListItem\",\"position\":2,\"name\":\"HARVIA AUSTRIA podhlavn\u00edk do sauny z l\u00edpy\"}]}]}<\/script>\n<!-- \/ Yoast SEO plugin. -->","yoast_head_json":{"title":"HARVIA AUSTRIA podhlavn\u00edk do sauny z l\u00edpy - Anders &amp; Kafka E-SHOP","description":"Podhlavn\u00edk do sauny z masivu d\u0159eviny l\u00edpy. Podhlavn\u00edk je speci\u00e1ln\u011b navr\u017een pro p\u0159\u00edjemnou podp\u011bru hlavy a p\u0159in\u00e1\u0161\u00ed pocit naprost\u00e9 relaxace. Spole\u010dnost HARVIA AUSTRIA vyv\u00edj\u00ed a vyr\u00e1b\u00ed kvalitn\u00ed a inovativn\u00ed produkty ur\u010den\u00e9 k tomu, aby Va\u0161e chv\u00edle str\u00e1ven\u00e9 v saun\u011b byly co nejv\u00edce relaxuj\u00edc\u00ed.","robots":{"index":"index","follow":"follow","max-snippet":"max-snippet:-1","max-image-preview":"max-image-preview:large","max-video-preview":"max-video-preview:-1"},"canonical":"https:\/\/anderskafka.cz\/eshop\/produkt\/sentiotec-podhlavnik-do-sauny-z-lipy\/","og_locale":"cs_CZ","og_type":"article","og_title":"HARVIA AUSTRIA podhlavn\u00edk do sauny z l\u00edpy - Anders &amp; Kafka E-SHOP","og_description":"Podhlavn\u00edk do sauny z masivu d\u0159eviny l\u00edpy. Podhlavn\u00edk je speci\u00e1ln\u011b navr\u017een pro p\u0159\u00edjemnou podp\u011bru hlavy a p\u0159in\u00e1\u0161\u00ed pocit naprost\u00e9 relaxace. Spole\u010dnost HARVIA AUSTRIA vyv\u00edj\u00ed a vyr\u00e1b\u00ed kvalitn\u00ed a inovativn\u00ed produkty ur\u010den\u00e9 k tomu, aby Va\u0161e chv\u00edle str\u00e1ven\u00e9 v saun\u011b byly co nejv\u00edce relaxuj\u00edc\u00ed.","og_url":"https:\/\/anderskafka.cz\/eshop\/produkt\/sentiotec-podhlavnik-do-sauny-z-lipy\/","og_site_name":"Anders &amp; Kafka E-SHOP","article_modified_time":"2026-03-26T10:19:32+00:00","og_image":[{"width":1000,"height":1000,"url":"https:\/\/anderskafka.cz\/eshop\/wp-content\/uploads\/sites\/3\/2024\/02\/sentiotec-podhlavnik-do-sauny-lipa.jpg","type":"image\/jpeg"}],"twitter_card":"summary_large_image","twitter_misc":{"Odhadovan\u00e1 doba \u010dten\u00ed":"1 minuta"},"schema":{"@context":"https:\/\/schema.org","@graph":[{"@type":"WebSite","@id":"https:\/\/anderskafka.cz\/eshop\/#website","url":"https:\/\/anderskafka.cz\/eshop\/","name":"Anders &amp; Kafka E-SHOP","description":"Anders &amp; Kafka E-SHOP","potentialAction":[{"@type":"SearchAction","target":{"@type":"EntryPoint","urlTemplate":"https:\/\/anderskafka.cz\/eshop\/?s={search_term_string}"},"query-input":"required name=search_term_string"}],"inLanguage":"cs"},{"@type":"ImageObject","@id":"https:\/\/anderskafka.cz\/eshop\/produkt\/sentiotec-podhlavnik-do-sauny-z-lipy\/#primaryimage","inLanguage":"cs","url":"https:\/\/anderskafka.cz\/eshop\/wp-content\/uploads\/sites\/3\/2024\/02\/sentiotec-podhlavnik-do-sauny-lipa.jpg","contentUrl":"https:\/\/anderskafka.cz\/eshop\/wp-content\/uploads\/sites\/3\/2024\/02\/sentiotec-podhlavnik-do-sauny-lipa.jpg","width":1000,"height":1000},{"@type":"WebPage","@id":"https:\/\/anderskafka.cz\/eshop\/produkt\/sentiotec-podhlavnik-do-sauny-z-lipy\/#webpage","url":"https:\/\/anderskafka.cz\/eshop\/produkt\/sentiotec-podhlavnik-do-sauny-z-lipy\/","name":"HARVIA AUSTRIA podhlavn\u00edk do sauny z l\u00edpy - Anders &amp; Kafka E-SHOP","isPartOf":{"@id":"https:\/\/anderskafka.cz\/eshop\/#website"},"primaryImageOfPage":{"@id":"https:\/\/anderskafka.cz\/eshop\/produkt\/sentiotec-podhlavnik-do-sauny-z-lipy\/#primaryimage"},"datePublished":"2024-02-25T19:07:30+00:00","dateModified":"2026-03-26T10:19:32+00:00","description":"Podhlavn\u00edk do sauny z masivu d\u0159eviny l\u00edpy. Podhlavn\u00edk je speci\u00e1ln\u011b navr\u017een pro p\u0159\u00edjemnou podp\u011bru hlavy a p\u0159in\u00e1\u0161\u00ed pocit naprost\u00e9 relaxace. Spole\u010dnost HARVIA AUSTRIA vyv\u00edj\u00ed a vyr\u00e1b\u00ed kvalitn\u00ed a inovativn\u00ed produkty ur\u010den\u00e9 k tomu, aby Va\u0161e chv\u00edle str\u00e1ven\u00e9 v saun\u011b byly co nejv\u00edce relaxuj\u00edc\u00ed.","breadcrumb":{"@id":"https:\/\/anderskafka.cz\/eshop\/produkt\/sentiotec-podhlavnik-do-sauny-z-lipy\/#breadcrumb"},"inLanguage":"cs","potentialAction":[{"@type":"ReadAction","target":["https:\/\/anderskafka.cz\/eshop\/produkt\/sentiotec-podhlavnik-do-sauny-z-lipy\/"]}]},{"@type":"BreadcrumbList","@id":"https:\/\/anderskafka.cz\/eshop\/produkt\/sentiotec-podhlavnik-do-sauny-z-lipy\/#breadcrumb","itemListElement":[{"@type":"ListItem","position":1,"name":"Obchod","item":"https:\/\/anderskafka.cz\/eshop\/obchod\/"},{"@type":"ListItem","position":2,"name":"HARVIA AUSTRIA podhlavn\u00edk do sauny z l\u00edpy"}]}]}},"locations":[],"_links":{"self":[{"href":"https:\/\/anderskafka.cz\/eshop\/wp-json\/wp\/v2\/product\/6862"}],"collection":[{"href":"https:\/\/anderskafka.cz\/eshop\/wp-json\/wp\/v2\/product"}],"about":[{"href":"https:\/\/anderskafka.cz\/eshop\/wp-json\/wp\/v2\/types\/product"}],"replies":[{"embeddable":true,"href":"https:\/\/anderskafka.cz\/eshop\/wp-json\/wp\/v2\/comments?post=6862"}],"wp:featuredmedia":[{"embeddable":true,"href":"https:\/\/anderskafka.cz\/eshop\/wp-json\/wp\/v2\/media\/6865"}],"wp:attachment":[{"href":"https:\/\/anderskafka.cz\/eshop\/wp-json\/wp\/v2\/media?parent=6862"}],"wp:term":[{"taxonomy":"location","embeddable":true,"href":"https:\/\/anderskafka.cz\/eshop\/wp-json\/wp\/v2\/location?post=6862"},{"taxonomy":"product_cat","embeddable":true,"href":"https:\/\/anderskafka.cz\/eshop\/wp-json\/wp\/v2\/product_cat?post=6862"},{"taxonomy":"product_tag","embeddable":true,"href":"https:\/\/anderskafka.cz\/eshop\/wp-json\/wp\/v2\/product_tag?post=6862"}],"curies":[{"name":"wp","href":"https:\/\/api.w.org\/{rel}","templated":true}]}}