{"id":6921,"date":"2024-02-29T21:47:12","date_gmt":"2024-02-29T20:47:12","guid":{"rendered":"https:\/\/anderskafka.cz\/eshop\/?post_type=product&#038;p=6921"},"modified":"2026-03-12T11:56:36","modified_gmt":"2026-03-12T10:56:36","slug":"huum-steel-mini-35-kw-elegantni-saunove-elektricke-topidlo-hranateho-tvaru-montaz-na-podlahu-kopirovat","status":"publish","type":"product","link":"https:\/\/anderskafka.cz\/eshop\/produkt\/huum-steel-mini-35-kw-elegantni-saunove-elektricke-topidlo-hranateho-tvaru-montaz-na-podlahu-kopirovat\/","title":{"rendered":"HUUM STEEL MINI \u2013 3,5 KW \u2013 elegantn\u00ed saunov\u00e9 elektrick\u00e9 topidlo hranat\u00e9ho tvaru, mont\u00e1\u017e na podlahu"},"content":{"rendered":"<p style=\"font-weight: 400\">Jedine\u010dn\u00fd design.<br \/>\nPol\u00e9v\u00e1n\u00edm saunov\u00fdch kamen\u016f topidlo produkuje jemnou a dlouhotrvaj\u00edc\u00ed p\u00e1ru.<br \/>\nOvl\u00e1d\u00e1n\u00ed pomoc\u00ed mobiln\u00ed aplikace nebo extern\u00edho ovlada\u010de nen\u00ed sou\u010d\u00e1st\u00ed balen\u00ed.<br \/>\nZ\u00e1ruka 5 let.<br \/>\n<span class=\"y2iqfc\">Rychl\u00e1 a snadn\u00e1 mont\u00e1\u017e, v\u00fd\u0161kov\u011b nastaviteln\u00e9 pomoc\u00ed <strong>\u0161roubovac\u00edch no\u017ei\u010dek<\/strong>.<br \/>\n<\/span>Ur\u010deno pro mont\u00e1\u017e na podlahu ke st\u011bn\u011b.<br \/>\n<span style=\"font-size: 16px\">Topidlo pojme 60 kg saunov\u00fdch kamen\u016f, kter\u00e9 nejsou sou\u010d\u00e1st\u00ed balen\u00ed. Doporu\u010dujeme ov\u00e1ln\u00e9 HUUM saunov\u00e9 kameny o rozm\u011brech 3-5 cm.<\/span><\/p>\n","protected":false},"excerpt":{"rendered":"<p style=\"font-weight: 400;text-align: left\">D\u00edky elegantn\u00edmu designu a mal\u00fdm bezpe\u010dnostn\u00edm vzd\u00e1lenostem je toto topidlo ide\u00e1ln\u00ed pro modern\u00ed kompaktn\u00ed sauny a je ur\u010deno pro mont\u00e1\u017e na podlahu. Nenechte se v\u0161ak zm\u00e1st jeho \u0161t\u00edhl\u00fdm tvarem \u2013 vestav\u011bn\u00fd vzduchov\u00fd tunel zaji\u0161\u0165uje efektivn\u00ed proud\u011bn\u00ed vzduchu a rychl\u00e9 zah\u0159\u00e1t\u00ed. Topidlo nav\u00edc pojme velk\u00e9 mno\u017estv\u00ed saunov\u00fdch kamen\u016f pro jemnou a dlouhotrvaj\u00edc\u00ed p\u00e1ru. A nesm\u00edme zapomenout ani na jeho poutav\u00e9 pouzdro z nerezov\u00e9 oceli, kter\u00e9 vytv\u00e1\u0159\u00ed \u00fa\u017easn\u00fd kontrast s p\u0159\u00edrodn\u00edmi saunov\u00fdmi kameny.<\/p>\n<p style=\"font-weight: 400;text-align: left\">Topidlo je ur\u010deno pro extern\u00ed \u0159\u00eddic\u00ed jednotku. Na topidlo je poskytov\u00e1na nadstandardn\u00ed p\u011btilet\u00e1 z\u00e1ruka.<\/p>\n<p>Saunov\u00e9 produkty spole\u010dnosti HUUM inspirovan\u00e9 p\u0159\u00edrodou kombinuj\u00ed starod\u00e1vn\u00e9 estonsk\u00e9 saunov\u00e9 d\u011bdictv\u00ed, m\u00edrnou p\u00e1ru a modern\u00ed technologii.<\/p>\n<p><img loading=\"lazy\" class=\"size-full wp-image-4250 aligncenter\" src=\"https:\/\/anderskafka.cz\/eshop\/wp-content\/uploads\/sites\/3\/2023\/10\/Unknown-2.png\" alt=\"\" width=\"225\" height=\"225\" srcset=\"https:\/\/anderskafka.cz\/eshop\/wp-content\/uploads\/sites\/3\/2023\/10\/Unknown-2.png 225w, https:\/\/anderskafka.cz\/eshop\/wp-content\/uploads\/sites\/3\/2023\/10\/Unknown-2-150x150.png 150w, https:\/\/anderskafka.cz\/eshop\/wp-content\/uploads\/sites\/3\/2023\/10\/Unknown-2-100x100.png 100w, https:\/\/anderskafka.cz\/eshop\/wp-content\/uploads\/sites\/3\/2023\/10\/Unknown-2-64x64.png 64w\" sizes=\"(max-width: 225px) 100vw, 225px\" \/><\/p>\n<div>\n<div>\n<div><\/div>\n<\/div>\n<\/div>\n","protected":false},"featured_media":6926,"comment_status":"open","ping_status":"closed","template":"","meta":{"site-sidebar-layout":"default","site-content-layout":"default","ast-main-header-display":"","ast-hfb-above-header-display":"","ast-hfb-below-header-display":"","ast-hfb-mobile-header-display":"","site-post-title":"","ast-breadcrumbs-content":"","ast-featured-img":"","footer-sml-layout":"","theme-transparent-header-meta":"","adv-header-id-meta":"","stick-header-meta":"","header-above-stick-meta":"","header-main-stick-meta":"","header-below-stick-meta":""},"location":[1492,1491],"product_cat":[540],"product_tag":[1028],"yoast_head":"<!-- This site is optimized with the Yoast SEO plugin v18.5.1 - https:\/\/yoast.com\/wordpress\/plugins\/seo\/ -->\n<title>HUUM STEEL MINI \u2013 3,5 KW \u2013 elegantn\u00ed saunov\u00e9 elektrick\u00e9 topidlo hranat\u00e9ho tvaru, mont\u00e1\u017e na podlahu - Anders &amp; Kafka E-SHOP<\/title>\n<meta name=\"description\" content=\"D\u00edky elegantn\u00edmu designu a mal\u00fdm bezpe\u010dnostn\u00edm vzd\u00e1lenostem je toto topidlo ide\u00e1ln\u00ed pro modern\u00ed kompaktn\u00ed sauny a je ur\u010deno pro mont\u00e1\u017e na podlahu. Nenechte se v\u0161ak zm\u00e1st jeho \u0161t\u00edhl\u00fdm tvarem \u2013 vestav\u011bn\u00fd vzduchov\u00fd tunel zaji\u0161\u0165uje efektivn\u00ed proud\u011bn\u00ed vzduchu a rychl\u00e9 zah\u0159\u00e1t\u00ed. Topidlo nav\u00edc pojme velk\u00e9 mno\u017estv\u00ed saunov\u00fdch kamen\u016f pro jemnou a dlouhotrvaj\u00edc\u00ed p\u00e1ru. A nesm\u00edme zapomenout ani na jeho poutav\u00e9 pouzdro z nerezov\u00e9 oceli, kter\u00e9 vytv\u00e1\u0159\u00ed \u00fa\u017easn\u00fd kontrast s p\u0159\u00edrodn\u00edmi saunov\u00fdmi kameny. Topidlo je ur\u010deno pro extern\u00ed \u0159\u00eddic\u00ed jednotku. Na topidlo je poskytov\u00e1na nadstandardn\u00ed p\u011btilet\u00e1 z\u00e1ruka. Saunov\u00e9 produkty spole\u010dnosti HUUM inspirovan\u00e9 p\u0159\u00edrodou kombinuj\u00ed starod\u00e1vn\u00e9 estonsk\u00e9 saunov\u00e9 d\u011bdictv\u00ed, m\u00edrnou p\u00e1ru a modern\u00ed technologii.\" \/>\n<meta name=\"robots\" content=\"index, follow, max-snippet:-1, max-image-preview:large, max-video-preview:-1\" \/>\n<link rel=\"canonical\" href=\"https:\/\/anderskafka.cz\/eshop\/produkt\/huum-steel-mini-35-kw-elegantni-saunove-elektricke-topidlo-hranateho-tvaru-montaz-na-podlahu-kopirovat\/\" \/>\n<meta property=\"og:locale\" content=\"cs_CZ\" \/>\n<meta property=\"og:type\" content=\"article\" \/>\n<meta property=\"og:title\" content=\"HUUM STEEL MINI \u2013 3,5 KW \u2013 elegantn\u00ed saunov\u00e9 elektrick\u00e9 topidlo hranat\u00e9ho tvaru, mont\u00e1\u017e na podlahu - Anders &amp; Kafka E-SHOP\" \/>\n<meta property=\"og:description\" content=\"D\u00edky elegantn\u00edmu designu a mal\u00fdm bezpe\u010dnostn\u00edm vzd\u00e1lenostem je toto topidlo ide\u00e1ln\u00ed pro modern\u00ed kompaktn\u00ed sauny a je ur\u010deno pro mont\u00e1\u017e na podlahu. Nenechte se v\u0161ak zm\u00e1st jeho \u0161t\u00edhl\u00fdm tvarem \u2013 vestav\u011bn\u00fd vzduchov\u00fd tunel zaji\u0161\u0165uje efektivn\u00ed proud\u011bn\u00ed vzduchu a rychl\u00e9 zah\u0159\u00e1t\u00ed. Topidlo nav\u00edc pojme velk\u00e9 mno\u017estv\u00ed saunov\u00fdch kamen\u016f pro jemnou a dlouhotrvaj\u00edc\u00ed p\u00e1ru. A nesm\u00edme zapomenout ani na jeho poutav\u00e9 pouzdro z nerezov\u00e9 oceli, kter\u00e9 vytv\u00e1\u0159\u00ed \u00fa\u017easn\u00fd kontrast s p\u0159\u00edrodn\u00edmi saunov\u00fdmi kameny. Topidlo je ur\u010deno pro extern\u00ed \u0159\u00eddic\u00ed jednotku. Na topidlo je poskytov\u00e1na nadstandardn\u00ed p\u011btilet\u00e1 z\u00e1ruka. Saunov\u00e9 produkty spole\u010dnosti HUUM inspirovan\u00e9 p\u0159\u00edrodou kombinuj\u00ed starod\u00e1vn\u00e9 estonsk\u00e9 saunov\u00e9 d\u011bdictv\u00ed, m\u00edrnou p\u00e1ru a modern\u00ed technologii.\" \/>\n<meta property=\"og:url\" content=\"https:\/\/anderskafka.cz\/eshop\/produkt\/huum-steel-mini-35-kw-elegantni-saunove-elektricke-topidlo-hranateho-tvaru-montaz-na-podlahu-kopirovat\/\" \/>\n<meta property=\"og:site_name\" content=\"Anders &amp; Kafka E-SHOP\" \/>\n<meta property=\"article:modified_time\" content=\"2026-03-12T10:56:36+00:00\" \/>\n<meta name=\"twitter:card\" content=\"summary_large_image\" \/>\n<meta name=\"twitter:image\" content=\"https:\/\/anderskafka.cz\/eshop\/wp-content\/uploads\/sites\/3\/2024\/02\/steel-mini-web.png.webp\" \/>\n<meta name=\"twitter:label1\" content=\"Odhadovan\u00e1 doba \u010dten\u00ed\" \/>\n\t<meta name=\"twitter:data1\" content=\"1 minuta\" \/>\n<script type=\"application\/ld+json\" class=\"yoast-schema-graph\">{\"@context\":\"https:\/\/schema.org\",\"@graph\":[{\"@type\":\"WebSite\",\"@id\":\"https:\/\/anderskafka.cz\/eshop\/#website\",\"url\":\"https:\/\/anderskafka.cz\/eshop\/\",\"name\":\"Anders &amp; Kafka E-SHOP\",\"description\":\"Anders &amp; Kafka E-SHOP\",\"potentialAction\":[{\"@type\":\"SearchAction\",\"target\":{\"@type\":\"EntryPoint\",\"urlTemplate\":\"https:\/\/anderskafka.cz\/eshop\/?s={search_term_string}\"},\"query-input\":\"required name=search_term_string\"}],\"inLanguage\":\"cs\"},{\"@type\":\"ImageObject\",\"@id\":\"https:\/\/anderskafka.cz\/eshop\/produkt\/huum-steel-mini-35-kw-elegantni-saunove-elektricke-topidlo-hranateho-tvaru-montaz-na-podlahu-kopirovat\/#primaryimage\",\"inLanguage\":\"cs\",\"url\":\"https:\/\/anderskafka.cz\/eshop\/wp-content\/uploads\/sites\/3\/2024\/02\/steel-mini-web.png.webp\",\"contentUrl\":\"https:\/\/anderskafka.cz\/eshop\/wp-content\/uploads\/sites\/3\/2024\/02\/steel-mini-web.png.webp\",\"width\":1024,\"height\":1024},{\"@type\":\"WebPage\",\"@id\":\"https:\/\/anderskafka.cz\/eshop\/produkt\/huum-steel-mini-35-kw-elegantni-saunove-elektricke-topidlo-hranateho-tvaru-montaz-na-podlahu-kopirovat\/#webpage\",\"url\":\"https:\/\/anderskafka.cz\/eshop\/produkt\/huum-steel-mini-35-kw-elegantni-saunove-elektricke-topidlo-hranateho-tvaru-montaz-na-podlahu-kopirovat\/\",\"name\":\"HUUM STEEL MINI \u2013 3,5 KW \u2013 elegantn\u00ed saunov\u00e9 elektrick\u00e9 topidlo hranat\u00e9ho tvaru, mont\u00e1\u017e na podlahu - Anders &amp; Kafka E-SHOP\",\"isPartOf\":{\"@id\":\"https:\/\/anderskafka.cz\/eshop\/#website\"},\"primaryImageOfPage\":{\"@id\":\"https:\/\/anderskafka.cz\/eshop\/produkt\/huum-steel-mini-35-kw-elegantni-saunove-elektricke-topidlo-hranateho-tvaru-montaz-na-podlahu-kopirovat\/#primaryimage\"},\"datePublished\":\"2024-02-29T20:47:12+00:00\",\"dateModified\":\"2026-03-12T10:56:36+00:00\",\"description\":\"D\u00edky elegantn\u00edmu designu a mal\u00fdm bezpe\u010dnostn\u00edm vzd\u00e1lenostem je toto topidlo ide\u00e1ln\u00ed pro modern\u00ed kompaktn\u00ed sauny a je ur\u010deno pro mont\u00e1\u017e na podlahu. Nenechte se v\u0161ak zm\u00e1st jeho \u0161t\u00edhl\u00fdm tvarem \u2013 vestav\u011bn\u00fd vzduchov\u00fd tunel zaji\u0161\u0165uje efektivn\u00ed proud\u011bn\u00ed vzduchu a rychl\u00e9 zah\u0159\u00e1t\u00ed. Topidlo nav\u00edc pojme velk\u00e9 mno\u017estv\u00ed saunov\u00fdch kamen\u016f pro jemnou a dlouhotrvaj\u00edc\u00ed p\u00e1ru. A nesm\u00edme zapomenout ani na jeho poutav\u00e9 pouzdro z nerezov\u00e9 oceli, kter\u00e9 vytv\u00e1\u0159\u00ed \u00fa\u017easn\u00fd kontrast s p\u0159\u00edrodn\u00edmi saunov\u00fdmi kameny. Topidlo je ur\u010deno pro extern\u00ed \u0159\u00eddic\u00ed jednotku. Na topidlo je poskytov\u00e1na nadstandardn\u00ed p\u011btilet\u00e1 z\u00e1ruka. Saunov\u00e9 produkty spole\u010dnosti HUUM inspirovan\u00e9 p\u0159\u00edrodou kombinuj\u00ed starod\u00e1vn\u00e9 estonsk\u00e9 saunov\u00e9 d\u011bdictv\u00ed, m\u00edrnou p\u00e1ru a modern\u00ed technologii.\",\"breadcrumb\":{\"@id\":\"https:\/\/anderskafka.cz\/eshop\/produkt\/huum-steel-mini-35-kw-elegantni-saunove-elektricke-topidlo-hranateho-tvaru-montaz-na-podlahu-kopirovat\/#breadcrumb\"},\"inLanguage\":\"cs\",\"potentialAction\":[{\"@type\":\"ReadAction\",\"target\":[\"https:\/\/anderskafka.cz\/eshop\/produkt\/huum-steel-mini-35-kw-elegantni-saunove-elektricke-topidlo-hranateho-tvaru-montaz-na-podlahu-kopirovat\/\"]}]},{\"@type\":\"BreadcrumbList\",\"@id\":\"https:\/\/anderskafka.cz\/eshop\/produkt\/huum-steel-mini-35-kw-elegantni-saunove-elektricke-topidlo-hranateho-tvaru-montaz-na-podlahu-kopirovat\/#breadcrumb\",\"itemListElement\":[{\"@type\":\"ListItem\",\"position\":1,\"name\":\"Obchod\",\"item\":\"https:\/\/anderskafka.cz\/eshop\/obchod\/\"},{\"@type\":\"ListItem\",\"position\":2,\"name\":\"HUUM STEEL MINI \u2013 3,5 KW \u2013 elegantn\u00ed saunov\u00e9 elektrick\u00e9 topidlo hranat\u00e9ho tvaru, mont\u00e1\u017e na podlahu\"}]}]}<\/script>\n<!-- \/ Yoast SEO plugin. -->","yoast_head_json":{"title":"HUUM STEEL MINI \u2013 3,5 KW \u2013 elegantn\u00ed saunov\u00e9 elektrick\u00e9 topidlo hranat\u00e9ho tvaru, mont\u00e1\u017e na podlahu - Anders &amp; Kafka E-SHOP","description":"D\u00edky elegantn\u00edmu designu a mal\u00fdm bezpe\u010dnostn\u00edm vzd\u00e1lenostem je toto topidlo ide\u00e1ln\u00ed pro modern\u00ed kompaktn\u00ed sauny a je ur\u010deno pro mont\u00e1\u017e na podlahu. Nenechte se v\u0161ak zm\u00e1st jeho \u0161t\u00edhl\u00fdm tvarem \u2013 vestav\u011bn\u00fd vzduchov\u00fd tunel zaji\u0161\u0165uje efektivn\u00ed proud\u011bn\u00ed vzduchu a rychl\u00e9 zah\u0159\u00e1t\u00ed. Topidlo nav\u00edc pojme velk\u00e9 mno\u017estv\u00ed saunov\u00fdch kamen\u016f pro jemnou a dlouhotrvaj\u00edc\u00ed p\u00e1ru. A nesm\u00edme zapomenout ani na jeho poutav\u00e9 pouzdro z nerezov\u00e9 oceli, kter\u00e9 vytv\u00e1\u0159\u00ed \u00fa\u017easn\u00fd kontrast s p\u0159\u00edrodn\u00edmi saunov\u00fdmi kameny. Topidlo je ur\u010deno pro extern\u00ed \u0159\u00eddic\u00ed jednotku. Na topidlo je poskytov\u00e1na nadstandardn\u00ed p\u011btilet\u00e1 z\u00e1ruka. Saunov\u00e9 produkty spole\u010dnosti HUUM inspirovan\u00e9 p\u0159\u00edrodou kombinuj\u00ed starod\u00e1vn\u00e9 estonsk\u00e9 saunov\u00e9 d\u011bdictv\u00ed, m\u00edrnou p\u00e1ru a modern\u00ed technologii.","robots":{"index":"index","follow":"follow","max-snippet":"max-snippet:-1","max-image-preview":"max-image-preview:large","max-video-preview":"max-video-preview:-1"},"canonical":"https:\/\/anderskafka.cz\/eshop\/produkt\/huum-steel-mini-35-kw-elegantni-saunove-elektricke-topidlo-hranateho-tvaru-montaz-na-podlahu-kopirovat\/","og_locale":"cs_CZ","og_type":"article","og_title":"HUUM STEEL MINI \u2013 3,5 KW \u2013 elegantn\u00ed saunov\u00e9 elektrick\u00e9 topidlo hranat\u00e9ho tvaru, mont\u00e1\u017e na podlahu - Anders &amp; Kafka E-SHOP","og_description":"D\u00edky elegantn\u00edmu designu a mal\u00fdm bezpe\u010dnostn\u00edm vzd\u00e1lenostem je toto topidlo ide\u00e1ln\u00ed pro modern\u00ed kompaktn\u00ed sauny a je ur\u010deno pro mont\u00e1\u017e na podlahu. Nenechte se v\u0161ak zm\u00e1st jeho \u0161t\u00edhl\u00fdm tvarem \u2013 vestav\u011bn\u00fd vzduchov\u00fd tunel zaji\u0161\u0165uje efektivn\u00ed proud\u011bn\u00ed vzduchu a rychl\u00e9 zah\u0159\u00e1t\u00ed. Topidlo nav\u00edc pojme velk\u00e9 mno\u017estv\u00ed saunov\u00fdch kamen\u016f pro jemnou a dlouhotrvaj\u00edc\u00ed p\u00e1ru. A nesm\u00edme zapomenout ani na jeho poutav\u00e9 pouzdro z nerezov\u00e9 oceli, kter\u00e9 vytv\u00e1\u0159\u00ed \u00fa\u017easn\u00fd kontrast s p\u0159\u00edrodn\u00edmi saunov\u00fdmi kameny. Topidlo je ur\u010deno pro extern\u00ed \u0159\u00eddic\u00ed jednotku. Na topidlo je poskytov\u00e1na nadstandardn\u00ed p\u011btilet\u00e1 z\u00e1ruka. Saunov\u00e9 produkty spole\u010dnosti HUUM inspirovan\u00e9 p\u0159\u00edrodou kombinuj\u00ed starod\u00e1vn\u00e9 estonsk\u00e9 saunov\u00e9 d\u011bdictv\u00ed, m\u00edrnou p\u00e1ru a modern\u00ed technologii.","og_url":"https:\/\/anderskafka.cz\/eshop\/produkt\/huum-steel-mini-35-kw-elegantni-saunove-elektricke-topidlo-hranateho-tvaru-montaz-na-podlahu-kopirovat\/","og_site_name":"Anders &amp; Kafka E-SHOP","article_modified_time":"2026-03-12T10:56:36+00:00","twitter_card":"summary_large_image","twitter_image":"https:\/\/anderskafka.cz\/eshop\/wp-content\/uploads\/sites\/3\/2024\/02\/steel-mini-web.png.webp","twitter_misc":{"Odhadovan\u00e1 doba \u010dten\u00ed":"1 minuta"},"schema":{"@context":"https:\/\/schema.org","@graph":[{"@type":"WebSite","@id":"https:\/\/anderskafka.cz\/eshop\/#website","url":"https:\/\/anderskafka.cz\/eshop\/","name":"Anders &amp; Kafka E-SHOP","description":"Anders &amp; Kafka E-SHOP","potentialAction":[{"@type":"SearchAction","target":{"@type":"EntryPoint","urlTemplate":"https:\/\/anderskafka.cz\/eshop\/?s={search_term_string}"},"query-input":"required name=search_term_string"}],"inLanguage":"cs"},{"@type":"ImageObject","@id":"https:\/\/anderskafka.cz\/eshop\/produkt\/huum-steel-mini-35-kw-elegantni-saunove-elektricke-topidlo-hranateho-tvaru-montaz-na-podlahu-kopirovat\/#primaryimage","inLanguage":"cs","url":"https:\/\/anderskafka.cz\/eshop\/wp-content\/uploads\/sites\/3\/2024\/02\/steel-mini-web.png.webp","contentUrl":"https:\/\/anderskafka.cz\/eshop\/wp-content\/uploads\/sites\/3\/2024\/02\/steel-mini-web.png.webp","width":1024,"height":1024},{"@type":"WebPage","@id":"https:\/\/anderskafka.cz\/eshop\/produkt\/huum-steel-mini-35-kw-elegantni-saunove-elektricke-topidlo-hranateho-tvaru-montaz-na-podlahu-kopirovat\/#webpage","url":"https:\/\/anderskafka.cz\/eshop\/produkt\/huum-steel-mini-35-kw-elegantni-saunove-elektricke-topidlo-hranateho-tvaru-montaz-na-podlahu-kopirovat\/","name":"HUUM STEEL MINI \u2013 3,5 KW \u2013 elegantn\u00ed saunov\u00e9 elektrick\u00e9 topidlo hranat\u00e9ho tvaru, mont\u00e1\u017e na podlahu - Anders &amp; Kafka E-SHOP","isPartOf":{"@id":"https:\/\/anderskafka.cz\/eshop\/#website"},"primaryImageOfPage":{"@id":"https:\/\/anderskafka.cz\/eshop\/produkt\/huum-steel-mini-35-kw-elegantni-saunove-elektricke-topidlo-hranateho-tvaru-montaz-na-podlahu-kopirovat\/#primaryimage"},"datePublished":"2024-02-29T20:47:12+00:00","dateModified":"2026-03-12T10:56:36+00:00","description":"D\u00edky elegantn\u00edmu designu a mal\u00fdm bezpe\u010dnostn\u00edm vzd\u00e1lenostem je toto topidlo ide\u00e1ln\u00ed pro modern\u00ed kompaktn\u00ed sauny a je ur\u010deno pro mont\u00e1\u017e na podlahu. Nenechte se v\u0161ak zm\u00e1st jeho \u0161t\u00edhl\u00fdm tvarem \u2013 vestav\u011bn\u00fd vzduchov\u00fd tunel zaji\u0161\u0165uje efektivn\u00ed proud\u011bn\u00ed vzduchu a rychl\u00e9 zah\u0159\u00e1t\u00ed. Topidlo nav\u00edc pojme velk\u00e9 mno\u017estv\u00ed saunov\u00fdch kamen\u016f pro jemnou a dlouhotrvaj\u00edc\u00ed p\u00e1ru. A nesm\u00edme zapomenout ani na jeho poutav\u00e9 pouzdro z nerezov\u00e9 oceli, kter\u00e9 vytv\u00e1\u0159\u00ed \u00fa\u017easn\u00fd kontrast s p\u0159\u00edrodn\u00edmi saunov\u00fdmi kameny. Topidlo je ur\u010deno pro extern\u00ed \u0159\u00eddic\u00ed jednotku. Na topidlo je poskytov\u00e1na nadstandardn\u00ed p\u011btilet\u00e1 z\u00e1ruka. Saunov\u00e9 produkty spole\u010dnosti HUUM inspirovan\u00e9 p\u0159\u00edrodou kombinuj\u00ed starod\u00e1vn\u00e9 estonsk\u00e9 saunov\u00e9 d\u011bdictv\u00ed, m\u00edrnou p\u00e1ru a modern\u00ed technologii.","breadcrumb":{"@id":"https:\/\/anderskafka.cz\/eshop\/produkt\/huum-steel-mini-35-kw-elegantni-saunove-elektricke-topidlo-hranateho-tvaru-montaz-na-podlahu-kopirovat\/#breadcrumb"},"inLanguage":"cs","potentialAction":[{"@type":"ReadAction","target":["https:\/\/anderskafka.cz\/eshop\/produkt\/huum-steel-mini-35-kw-elegantni-saunove-elektricke-topidlo-hranateho-tvaru-montaz-na-podlahu-kopirovat\/"]}]},{"@type":"BreadcrumbList","@id":"https:\/\/anderskafka.cz\/eshop\/produkt\/huum-steel-mini-35-kw-elegantni-saunove-elektricke-topidlo-hranateho-tvaru-montaz-na-podlahu-kopirovat\/#breadcrumb","itemListElement":[{"@type":"ListItem","position":1,"name":"Obchod","item":"https:\/\/anderskafka.cz\/eshop\/obchod\/"},{"@type":"ListItem","position":2,"name":"HUUM STEEL MINI \u2013 3,5 KW \u2013 elegantn\u00ed saunov\u00e9 elektrick\u00e9 topidlo hranat\u00e9ho tvaru, mont\u00e1\u017e na podlahu"}]}]}},"locations":[{"id":1492,"name":"HUUM sklad","slug":"huum-sklad","quantity":"0"},{"id":1491,"name":"Sklad AndersKafka","slug":"sklad-anderskafka","quantity":"0"}],"_links":{"self":[{"href":"https:\/\/anderskafka.cz\/eshop\/wp-json\/wp\/v2\/product\/6921"}],"collection":[{"href":"https:\/\/anderskafka.cz\/eshop\/wp-json\/wp\/v2\/product"}],"about":[{"href":"https:\/\/anderskafka.cz\/eshop\/wp-json\/wp\/v2\/types\/product"}],"replies":[{"embeddable":true,"href":"https:\/\/anderskafka.cz\/eshop\/wp-json\/wp\/v2\/comments?post=6921"}],"wp:featuredmedia":[{"embeddable":true,"href":"https:\/\/anderskafka.cz\/eshop\/wp-json\/wp\/v2\/media\/6926"}],"wp:attachment":[{"href":"https:\/\/anderskafka.cz\/eshop\/wp-json\/wp\/v2\/media?parent=6921"}],"wp:term":[{"taxonomy":"location","embeddable":true,"href":"https:\/\/anderskafka.cz\/eshop\/wp-json\/wp\/v2\/location?post=6921"},{"taxonomy":"product_cat","embeddable":true,"href":"https:\/\/anderskafka.cz\/eshop\/wp-json\/wp\/v2\/product_cat?post=6921"},{"taxonomy":"product_tag","embeddable":true,"href":"https:\/\/anderskafka.cz\/eshop\/wp-json\/wp\/v2\/product_tag?post=6921"}],"curies":[{"name":"wp","href":"https:\/\/api.w.org\/{rel}","templated":true}]}}