{"id":7302,"date":"2024-04-17T15:45:36","date_gmt":"2024-04-17T13:45:36","guid":{"rendered":"https:\/\/anderskafka.cz\/eshop\/?post_type=product&#038;p=7302"},"modified":"2025-11-18T16:50:33","modified_gmt":"2025-11-18T15:50:33","slug":"sentiotec-pridavny-vykonovy-modul-s2-18s-nizkohlucny","status":"publish","type":"product","link":"https:\/\/anderskafka.cz\/eshop\/produkt\/sentiotec-pridavny-vykonovy-modul-s2-18s-nizkohlucny\/","title":{"rendered":"HARVIA AUSTRIA p\u0159\u00eddavn\u00fd v\u00fdkonov\u00fd modul S2\u201318S &#8211; N\u00cdZKOHLU\u010cN\u00dd"},"content":{"rendered":"<p style=\"font-weight: 400\">Di\u0301ky tomuto pr\u030ci\u0301davne\u0301mu vy\u0301konove\u0301mu modulu lze zvy\u0301s\u030cit maxima\u0301lni\u0301 spi\u0301naci\u0301 vy\u0301kon topidla u \u0159\u00edd\u00edc\u00edch jednotek PRO D2, D2I, D3 a D3I z 10,5 kW na 18 kW. Oproti modelu S2-18 se vyzna\u010duje ni\u017e\u0161\u00ed hlu\u010dnost\u00ed.<\/p>\n<p>Tento modul \u00a0spolupracuje s \u0159\u00edd\u00edc\u00ed jednotkou PRO D2, D2I, D3 a D3I.<\/p>\n","protected":false},"excerpt":{"rendered":"<div>\n<p style=\"font-weight: 400\">Di\u0301ky tomuto pr\u030ci\u0301davne\u0301mu vy\u0301konove\u0301mu modulu lze zvy\u0301s\u030cit maxima\u0301lni\u0301 spi\u0301naci\u0301 vy\u0301kon topidla u \u0159\u00edd\u00edc\u00edch jednotek PRO D2, D2I, D3 a D3I z 10,5 kW na 18 kW. Oproti modelu S2-18 se vyzna\u010duje ni\u017e\u0161\u00ed hlu\u010dnost\u00ed.<\/p>\n<p><span style=\"font-size: 16px\">Spole\u010dnost HARVIA AUSTRIA vyv\u00edj\u00ed a vyr\u00e1b\u00ed kvalitn\u00ed a inovativn\u00ed produkty ur\u010den\u00e9 k tomu, aby Va\u0161e chv\u00edle str\u00e1ven\u00e9 v saun\u011b byly co nejv\u00edce relaxuj\u00edc\u00ed.<br \/>\n<img loading=\"lazy\" class=\"alignnone size-full wp-image-1323 aligncenter\" src=\"https:\/\/anderskafka.cz\/eshop\/wp-content\/uploads\/sites\/3\/2022\/12\/logoHarvia.png\" alt=\"\" width=\"102\" height=\"102\" srcset=\"https:\/\/anderskafka.cz\/eshop\/wp-content\/uploads\/sites\/3\/2022\/12\/logoHarvia.png 102w, https:\/\/anderskafka.cz\/eshop\/wp-content\/uploads\/sites\/3\/2022\/12\/logoHarvia-100x100.png 100w, https:\/\/anderskafka.cz\/eshop\/wp-content\/uploads\/sites\/3\/2022\/12\/logoHarvia-64x64.png 64w\" sizes=\"(max-width: 102px) 100vw, 102px\" \/><br \/>\n<\/span><\/p>\n<\/div>\n","protected":false},"featured_media":2269,"comment_status":"open","ping_status":"closed","template":"","meta":{"site-sidebar-layout":"default","site-content-layout":"default","ast-main-header-display":"","ast-hfb-above-header-display":"","ast-hfb-below-header-display":"","ast-hfb-mobile-header-display":"","site-post-title":"","ast-breadcrumbs-content":"","ast-featured-img":"","footer-sml-layout":"","theme-transparent-header-meta":"","adv-header-id-meta":"","stick-header-meta":"","header-above-stick-meta":"","header-main-stick-meta":"","header-below-stick-meta":""},"location":[],"product_cat":[544,543,702],"product_tag":[324],"yoast_head":"<!-- This site is optimized with the Yoast SEO plugin v18.5.1 - https:\/\/yoast.com\/wordpress\/plugins\/seo\/ -->\n<title>HARVIA AUSTRIA p\u0159\u00eddavn\u00fd v\u00fdkonov\u00fd modul S2\u201318S - N\u00cdZKOHLU\u010cN\u00dd - Anders &amp; Kafka E-SHOP<\/title>\n<meta name=\"description\" content=\"Di\u0301ky tomuto pr\u030ci\u0301davne\u0301mu vy\u0301konove\u0301mu modulu lze zvy\u0301s\u030cit maxima\u0301lni\u0301 spi\u0301naci\u0301 vy\u0301kon topidla u \u0159\u00edd\u00edc\u00edch jednotek PRO D2, D2I, D3 a D3I z 10,5 kW na 18 kW. Oproti modelu S2-18 se vyzna\u010duje ni\u017e\u0161\u00ed hlu\u010dnost\u00ed. Spole\u010dnost HARVIA AUSTRIA vyv\u00edj\u00ed a vyr\u00e1b\u00ed kvalitn\u00ed a inovativn\u00ed produkty ur\u010den\u00e9 k tomu, aby Va\u0161e chv\u00edle str\u00e1ven\u00e9 v saun\u011b byly co nejv\u00edce relaxuj\u00edc\u00ed.\" \/>\n<meta name=\"robots\" content=\"index, follow, max-snippet:-1, max-image-preview:large, max-video-preview:-1\" \/>\n<link rel=\"canonical\" href=\"https:\/\/anderskafka.cz\/eshop\/produkt\/sentiotec-pridavny-vykonovy-modul-s2-18s-nizkohlucny\/\" \/>\n<meta property=\"og:locale\" content=\"cs_CZ\" \/>\n<meta property=\"og:type\" content=\"article\" \/>\n<meta property=\"og:title\" content=\"HARVIA AUSTRIA p\u0159\u00eddavn\u00fd v\u00fdkonov\u00fd modul S2\u201318S - N\u00cdZKOHLU\u010cN\u00dd - Anders &amp; Kafka E-SHOP\" \/>\n<meta property=\"og:description\" content=\"Di\u0301ky tomuto pr\u030ci\u0301davne\u0301mu vy\u0301konove\u0301mu modulu lze zvy\u0301s\u030cit maxima\u0301lni\u0301 spi\u0301naci\u0301 vy\u0301kon topidla u \u0159\u00edd\u00edc\u00edch jednotek PRO D2, D2I, D3 a D3I z 10,5 kW na 18 kW. Oproti modelu S2-18 se vyzna\u010duje ni\u017e\u0161\u00ed hlu\u010dnost\u00ed. Spole\u010dnost HARVIA AUSTRIA vyv\u00edj\u00ed a vyr\u00e1b\u00ed kvalitn\u00ed a inovativn\u00ed produkty ur\u010den\u00e9 k tomu, aby Va\u0161e chv\u00edle str\u00e1ven\u00e9 v saun\u011b byly co nejv\u00edce relaxuj\u00edc\u00ed.\" \/>\n<meta property=\"og:url\" content=\"https:\/\/anderskafka.cz\/eshop\/produkt\/sentiotec-pridavny-vykonovy-modul-s2-18s-nizkohlucny\/\" \/>\n<meta property=\"og:site_name\" content=\"Anders &amp; Kafka E-SHOP\" \/>\n<meta property=\"article:modified_time\" content=\"2025-11-18T15:50:33+00:00\" \/>\n<meta property=\"og:image\" content=\"https:\/\/anderskafka.cz\/eshop\/wp-content\/uploads\/sites\/3\/2023\/03\/1-007-320-1-008-779-1-009-280-O-S2-18S-O-S2-18-O-S2-30-Velky.jpeg\" \/>\n\t<meta property=\"og:image:width\" content=\"1280\" \/>\n\t<meta property=\"og:image:height\" content=\"1036\" \/>\n\t<meta property=\"og:image:type\" content=\"image\/jpeg\" \/>\n<meta name=\"twitter:card\" content=\"summary_large_image\" \/>\n<meta name=\"twitter:label1\" content=\"Odhadovan\u00e1 doba \u010dten\u00ed\" \/>\n\t<meta name=\"twitter:data1\" content=\"1 minuta\" \/>\n<script type=\"application\/ld+json\" class=\"yoast-schema-graph\">{\"@context\":\"https:\/\/schema.org\",\"@graph\":[{\"@type\":\"WebSite\",\"@id\":\"https:\/\/anderskafka.cz\/eshop\/#website\",\"url\":\"https:\/\/anderskafka.cz\/eshop\/\",\"name\":\"Anders &amp; Kafka E-SHOP\",\"description\":\"Anders &amp; Kafka E-SHOP\",\"potentialAction\":[{\"@type\":\"SearchAction\",\"target\":{\"@type\":\"EntryPoint\",\"urlTemplate\":\"https:\/\/anderskafka.cz\/eshop\/?s={search_term_string}\"},\"query-input\":\"required name=search_term_string\"}],\"inLanguage\":\"cs\"},{\"@type\":\"ImageObject\",\"@id\":\"https:\/\/anderskafka.cz\/eshop\/produkt\/sentiotec-pridavny-vykonovy-modul-s2-18s-nizkohlucny\/#primaryimage\",\"inLanguage\":\"cs\",\"url\":\"https:\/\/anderskafka.cz\/eshop\/wp-content\/uploads\/sites\/3\/2023\/03\/1-007-320-1-008-779-1-009-280-O-S2-18S-O-S2-18-O-S2-30-Velky.jpeg\",\"contentUrl\":\"https:\/\/anderskafka.cz\/eshop\/wp-content\/uploads\/sites\/3\/2023\/03\/1-007-320-1-008-779-1-009-280-O-S2-18S-O-S2-18-O-S2-30-Velky.jpeg\",\"width\":1280,\"height\":1036},{\"@type\":\"WebPage\",\"@id\":\"https:\/\/anderskafka.cz\/eshop\/produkt\/sentiotec-pridavny-vykonovy-modul-s2-18s-nizkohlucny\/#webpage\",\"url\":\"https:\/\/anderskafka.cz\/eshop\/produkt\/sentiotec-pridavny-vykonovy-modul-s2-18s-nizkohlucny\/\",\"name\":\"HARVIA AUSTRIA p\u0159\u00eddavn\u00fd v\u00fdkonov\u00fd modul S2\u201318S - N\u00cdZKOHLU\u010cN\u00dd - Anders &amp; Kafka E-SHOP\",\"isPartOf\":{\"@id\":\"https:\/\/anderskafka.cz\/eshop\/#website\"},\"primaryImageOfPage\":{\"@id\":\"https:\/\/anderskafka.cz\/eshop\/produkt\/sentiotec-pridavny-vykonovy-modul-s2-18s-nizkohlucny\/#primaryimage\"},\"datePublished\":\"2024-04-17T13:45:36+00:00\",\"dateModified\":\"2025-11-18T15:50:33+00:00\",\"description\":\"Di\u0301ky tomuto pr\u030ci\u0301davne\u0301mu vy\u0301konove\u0301mu modulu lze zvy\u0301s\u030cit maxima\u0301lni\u0301 spi\u0301naci\u0301 vy\u0301kon topidla u \u0159\u00edd\u00edc\u00edch jednotek PRO D2, D2I, D3 a D3I z 10,5 kW na 18 kW. Oproti modelu S2-18 se vyzna\u010duje ni\u017e\u0161\u00ed hlu\u010dnost\u00ed. Spole\u010dnost HARVIA AUSTRIA vyv\u00edj\u00ed a vyr\u00e1b\u00ed kvalitn\u00ed a inovativn\u00ed produkty ur\u010den\u00e9 k tomu, aby Va\u0161e chv\u00edle str\u00e1ven\u00e9 v saun\u011b byly co nejv\u00edce relaxuj\u00edc\u00ed.\",\"breadcrumb\":{\"@id\":\"https:\/\/anderskafka.cz\/eshop\/produkt\/sentiotec-pridavny-vykonovy-modul-s2-18s-nizkohlucny\/#breadcrumb\"},\"inLanguage\":\"cs\",\"potentialAction\":[{\"@type\":\"ReadAction\",\"target\":[\"https:\/\/anderskafka.cz\/eshop\/produkt\/sentiotec-pridavny-vykonovy-modul-s2-18s-nizkohlucny\/\"]}]},{\"@type\":\"BreadcrumbList\",\"@id\":\"https:\/\/anderskafka.cz\/eshop\/produkt\/sentiotec-pridavny-vykonovy-modul-s2-18s-nizkohlucny\/#breadcrumb\",\"itemListElement\":[{\"@type\":\"ListItem\",\"position\":1,\"name\":\"Obchod\",\"item\":\"https:\/\/anderskafka.cz\/eshop\/obchod\/\"},{\"@type\":\"ListItem\",\"position\":2,\"name\":\"HARVIA AUSTRIA p\u0159\u00eddavn\u00fd v\u00fdkonov\u00fd modul S2\u201318S &#8211; N\u00cdZKOHLU\u010cN\u00dd\"}]}]}<\/script>\n<!-- \/ Yoast SEO plugin. -->","yoast_head_json":{"title":"HARVIA AUSTRIA p\u0159\u00eddavn\u00fd v\u00fdkonov\u00fd modul S2\u201318S - N\u00cdZKOHLU\u010cN\u00dd - Anders &amp; Kafka E-SHOP","description":"Di\u0301ky tomuto pr\u030ci\u0301davne\u0301mu vy\u0301konove\u0301mu modulu lze zvy\u0301s\u030cit maxima\u0301lni\u0301 spi\u0301naci\u0301 vy\u0301kon topidla u \u0159\u00edd\u00edc\u00edch jednotek PRO D2, D2I, D3 a D3I z 10,5 kW na 18 kW. Oproti modelu S2-18 se vyzna\u010duje ni\u017e\u0161\u00ed hlu\u010dnost\u00ed. Spole\u010dnost HARVIA AUSTRIA vyv\u00edj\u00ed a vyr\u00e1b\u00ed kvalitn\u00ed a inovativn\u00ed produkty ur\u010den\u00e9 k tomu, aby Va\u0161e chv\u00edle str\u00e1ven\u00e9 v saun\u011b byly co nejv\u00edce relaxuj\u00edc\u00ed.","robots":{"index":"index","follow":"follow","max-snippet":"max-snippet:-1","max-image-preview":"max-image-preview:large","max-video-preview":"max-video-preview:-1"},"canonical":"https:\/\/anderskafka.cz\/eshop\/produkt\/sentiotec-pridavny-vykonovy-modul-s2-18s-nizkohlucny\/","og_locale":"cs_CZ","og_type":"article","og_title":"HARVIA AUSTRIA p\u0159\u00eddavn\u00fd v\u00fdkonov\u00fd modul S2\u201318S - N\u00cdZKOHLU\u010cN\u00dd - Anders &amp; Kafka E-SHOP","og_description":"Di\u0301ky tomuto pr\u030ci\u0301davne\u0301mu vy\u0301konove\u0301mu modulu lze zvy\u0301s\u030cit maxima\u0301lni\u0301 spi\u0301naci\u0301 vy\u0301kon topidla u \u0159\u00edd\u00edc\u00edch jednotek PRO D2, D2I, D3 a D3I z 10,5 kW na 18 kW. Oproti modelu S2-18 se vyzna\u010duje ni\u017e\u0161\u00ed hlu\u010dnost\u00ed. Spole\u010dnost HARVIA AUSTRIA vyv\u00edj\u00ed a vyr\u00e1b\u00ed kvalitn\u00ed a inovativn\u00ed produkty ur\u010den\u00e9 k tomu, aby Va\u0161e chv\u00edle str\u00e1ven\u00e9 v saun\u011b byly co nejv\u00edce relaxuj\u00edc\u00ed.","og_url":"https:\/\/anderskafka.cz\/eshop\/produkt\/sentiotec-pridavny-vykonovy-modul-s2-18s-nizkohlucny\/","og_site_name":"Anders &amp; Kafka E-SHOP","article_modified_time":"2025-11-18T15:50:33+00:00","og_image":[{"width":1280,"height":1036,"url":"https:\/\/anderskafka.cz\/eshop\/wp-content\/uploads\/sites\/3\/2023\/03\/1-007-320-1-008-779-1-009-280-O-S2-18S-O-S2-18-O-S2-30-Velky.jpeg","type":"image\/jpeg"}],"twitter_card":"summary_large_image","twitter_misc":{"Odhadovan\u00e1 doba \u010dten\u00ed":"1 minuta"},"schema":{"@context":"https:\/\/schema.org","@graph":[{"@type":"WebSite","@id":"https:\/\/anderskafka.cz\/eshop\/#website","url":"https:\/\/anderskafka.cz\/eshop\/","name":"Anders &amp; Kafka E-SHOP","description":"Anders &amp; Kafka E-SHOP","potentialAction":[{"@type":"SearchAction","target":{"@type":"EntryPoint","urlTemplate":"https:\/\/anderskafka.cz\/eshop\/?s={search_term_string}"},"query-input":"required name=search_term_string"}],"inLanguage":"cs"},{"@type":"ImageObject","@id":"https:\/\/anderskafka.cz\/eshop\/produkt\/sentiotec-pridavny-vykonovy-modul-s2-18s-nizkohlucny\/#primaryimage","inLanguage":"cs","url":"https:\/\/anderskafka.cz\/eshop\/wp-content\/uploads\/sites\/3\/2023\/03\/1-007-320-1-008-779-1-009-280-O-S2-18S-O-S2-18-O-S2-30-Velky.jpeg","contentUrl":"https:\/\/anderskafka.cz\/eshop\/wp-content\/uploads\/sites\/3\/2023\/03\/1-007-320-1-008-779-1-009-280-O-S2-18S-O-S2-18-O-S2-30-Velky.jpeg","width":1280,"height":1036},{"@type":"WebPage","@id":"https:\/\/anderskafka.cz\/eshop\/produkt\/sentiotec-pridavny-vykonovy-modul-s2-18s-nizkohlucny\/#webpage","url":"https:\/\/anderskafka.cz\/eshop\/produkt\/sentiotec-pridavny-vykonovy-modul-s2-18s-nizkohlucny\/","name":"HARVIA AUSTRIA p\u0159\u00eddavn\u00fd v\u00fdkonov\u00fd modul S2\u201318S - N\u00cdZKOHLU\u010cN\u00dd - Anders &amp; Kafka E-SHOP","isPartOf":{"@id":"https:\/\/anderskafka.cz\/eshop\/#website"},"primaryImageOfPage":{"@id":"https:\/\/anderskafka.cz\/eshop\/produkt\/sentiotec-pridavny-vykonovy-modul-s2-18s-nizkohlucny\/#primaryimage"},"datePublished":"2024-04-17T13:45:36+00:00","dateModified":"2025-11-18T15:50:33+00:00","description":"Di\u0301ky tomuto pr\u030ci\u0301davne\u0301mu vy\u0301konove\u0301mu modulu lze zvy\u0301s\u030cit maxima\u0301lni\u0301 spi\u0301naci\u0301 vy\u0301kon topidla u \u0159\u00edd\u00edc\u00edch jednotek PRO D2, D2I, D3 a D3I z 10,5 kW na 18 kW. Oproti modelu S2-18 se vyzna\u010duje ni\u017e\u0161\u00ed hlu\u010dnost\u00ed. Spole\u010dnost HARVIA AUSTRIA vyv\u00edj\u00ed a vyr\u00e1b\u00ed kvalitn\u00ed a inovativn\u00ed produkty ur\u010den\u00e9 k tomu, aby Va\u0161e chv\u00edle str\u00e1ven\u00e9 v saun\u011b byly co nejv\u00edce relaxuj\u00edc\u00ed.","breadcrumb":{"@id":"https:\/\/anderskafka.cz\/eshop\/produkt\/sentiotec-pridavny-vykonovy-modul-s2-18s-nizkohlucny\/#breadcrumb"},"inLanguage":"cs","potentialAction":[{"@type":"ReadAction","target":["https:\/\/anderskafka.cz\/eshop\/produkt\/sentiotec-pridavny-vykonovy-modul-s2-18s-nizkohlucny\/"]}]},{"@type":"BreadcrumbList","@id":"https:\/\/anderskafka.cz\/eshop\/produkt\/sentiotec-pridavny-vykonovy-modul-s2-18s-nizkohlucny\/#breadcrumb","itemListElement":[{"@type":"ListItem","position":1,"name":"Obchod","item":"https:\/\/anderskafka.cz\/eshop\/obchod\/"},{"@type":"ListItem","position":2,"name":"HARVIA AUSTRIA p\u0159\u00eddavn\u00fd v\u00fdkonov\u00fd modul S2\u201318S &#8211; N\u00cdZKOHLU\u010cN\u00dd"}]}]}},"locations":[],"_links":{"self":[{"href":"https:\/\/anderskafka.cz\/eshop\/wp-json\/wp\/v2\/product\/7302"}],"collection":[{"href":"https:\/\/anderskafka.cz\/eshop\/wp-json\/wp\/v2\/product"}],"about":[{"href":"https:\/\/anderskafka.cz\/eshop\/wp-json\/wp\/v2\/types\/product"}],"replies":[{"embeddable":true,"href":"https:\/\/anderskafka.cz\/eshop\/wp-json\/wp\/v2\/comments?post=7302"}],"wp:featuredmedia":[{"embeddable":true,"href":"https:\/\/anderskafka.cz\/eshop\/wp-json\/wp\/v2\/media\/2269"}],"wp:attachment":[{"href":"https:\/\/anderskafka.cz\/eshop\/wp-json\/wp\/v2\/media?parent=7302"}],"wp:term":[{"taxonomy":"location","embeddable":true,"href":"https:\/\/anderskafka.cz\/eshop\/wp-json\/wp\/v2\/location?post=7302"},{"taxonomy":"product_cat","embeddable":true,"href":"https:\/\/anderskafka.cz\/eshop\/wp-json\/wp\/v2\/product_cat?post=7302"},{"taxonomy":"product_tag","embeddable":true,"href":"https:\/\/anderskafka.cz\/eshop\/wp-json\/wp\/v2\/product_tag?post=7302"}],"curies":[{"name":"wp","href":"https:\/\/api.w.org\/{rel}","templated":true}]}}