{"id":8603,"date":"2024-11-28T08:55:11","date_gmt":"2024-11-28T07:55:11","guid":{"rendered":"https:\/\/anderskafka.cz\/eshop\/?post_type=product&#038;p=8603"},"modified":"2026-03-21T13:46:49","modified_gmt":"2026-03-21T12:46:49","slug":"rento-darkove-baleni-4x100ml-prirodnich-saunovych-esenci","status":"publish","type":"product","link":"https:\/\/anderskafka.cz\/eshop\/produkt\/rento-darkove-baleni-4x100ml-prirodnich-saunovych-esenci\/","title":{"rendered":"RENTO d\u00e1rkov\u00e9 balen\u00ed 4x100ml p\u0159\u00edrodn\u00edch saunov\u00fdch esenc\u00ed"},"content":{"rendered":"<p>D\u00e1rkov\u00e1 sada obsahuje \u010dty\u0159i p\u0159\u00edrodn\u00ed saunov\u00e9 esence osv\u011b\u017euj\u00edc\u00edch v\u016fn\u00ed. P\u0159idejte trochu v\u016fn\u011b do saunov\u00e9ho v\u011bdra a nalijte vodu na rozp\u00e1len\u00e1 saunov\u00e1 kamna pro aromatickou p\u00e1ru. Slo\u017een\u00ed 100% esenci\u00e1ln\u00edch olej\u016f, bio denaturovan\u00fd alkohol, voda. Vegansk\u00e9. Vonn\u00e1 esence n\u00e1sob\u00ed po\u017eitek z pobytu v saun\u011b.<br \/>\nTekutina v\u00a0lahvi\u010dce je koncentr\u00e1t, jen\u017e se p\u0159ed pol\u00e9v\u00e1n\u00edm kamen\u016f \u0159ed\u00ed s vodou ve v\u011bdru \u2013 doporu\u010den\u00e9 d\u00e1vkov\u00e1n\u00ed je t\u0159i v\u00ed\u010dka na litr vody.<br \/>\nLahvi\u010dku s v\u016fn\u00ed nikdy nenech\u00e1vejte v hork\u00e9 saun\u011b.<br \/>\nFinsk\u00e1 kvalita.<\/p>\n<p>Sada obsahuje: 1x P\u0159\u00edrodn\u00ed saunov\u00e1 esence Aurora, 1x P\u0159\u00edrodn\u00ed saunov\u00e1 esence Clear&amp;Crisp, 1x P\u0159\u00edrodn\u00ed saunov\u00e1 esence Wilderness Forest, 1x P\u0159\u00edrodn\u00ed saunov\u00e1 esence Blue Hour<\/p>\n","protected":false},"excerpt":{"rendered":"<p>D\u00e1rkov\u00e1 sada 4 ks \u00fa\u017easn\u00fdch p\u0159\u00edrodn\u00edch saunov\u00fdch esenc\u00ed. Slo\u017een\u00ed 100% esenci\u00e1ln\u00edch olej\u016f, bio denaturovan\u00fd alkohol, voda. Vegansk\u00e9.<br \/>\nInspirov\u00e1no p\u0159\u00edrodou. Navr\u017eeno ve Finsku, specialistou na saunov\u00e9 dopl\u0148ky spole\u010dnost\u00ed RENTO. Relaxujte a u\u017e\u00edvejte si harmonii z autentick\u00e9ho z\u00e1\u017eitku finsk\u00e9 sauny.<img loading=\"lazy\" class=\"wp-image-135 aligncenter\" src=\"https:\/\/anderskafka.cz\/eshop\/wp-content\/uploads\/sites\/3\/2022\/06\/DesignFromFinland_web-1-300x300.png\" alt=\"\" width=\"178\" height=\"178\" \/><\/p>\n","protected":false},"featured_media":8605,"comment_status":"open","ping_status":"closed","template":"","meta":{"site-sidebar-layout":"default","site-content-layout":"default","ast-main-header-display":"","ast-hfb-above-header-display":"","ast-hfb-below-header-display":"","ast-hfb-mobile-header-display":"","site-post-title":"","ast-breadcrumbs-content":"","ast-featured-img":"","footer-sml-layout":"","theme-transparent-header-meta":"","adv-header-id-meta":"","stick-header-meta":"","header-above-stick-meta":"","header-main-stick-meta":"","header-below-stick-meta":""},"location":[],"product_cat":[1665,1673,755,252,1551,1640],"product_tag":[103],"yoast_head":"<!-- This site is optimized with the Yoast SEO plugin v18.5.1 - https:\/\/yoast.com\/wordpress\/plugins\/seo\/ -->\n<title>RENTO d\u00e1rkov\u00e9 balen\u00ed 4x100ml p\u0159\u00edrodn\u00edch saunov\u00fdch esenc\u00ed - Anders &amp; Kafka E-SHOP<\/title>\n<meta name=\"description\" content=\"D\u00e1rkov\u00e1 sada 4 ks \u00fa\u017easn\u00fdch p\u0159\u00edrodn\u00edch saunov\u00fdch esenc\u00ed. Slo\u017een\u00ed 100% esenci\u00e1ln\u00edch olej\u016f, bio denaturovan\u00fd alkohol, voda. Vegansk\u00e9. Inspirov\u00e1no p\u0159\u00edrodou. Navr\u017eeno ve Finsku, specialistou na saunov\u00e9 dopl\u0148ky spole\u010dnost\u00ed RENTO. Relaxujte a u\u017e\u00edvejte si harmonii z autentick\u00e9ho z\u00e1\u017eitku finsk\u00e9 sauny.\" \/>\n<meta name=\"robots\" content=\"index, follow, max-snippet:-1, max-image-preview:large, max-video-preview:-1\" \/>\n<link rel=\"canonical\" href=\"https:\/\/anderskafka.cz\/eshop\/produkt\/rento-darkove-baleni-4x100ml-prirodnich-saunovych-esenci\/\" \/>\n<meta property=\"og:locale\" content=\"cs_CZ\" \/>\n<meta property=\"og:type\" content=\"article\" \/>\n<meta property=\"og:title\" content=\"RENTO d\u00e1rkov\u00e9 balen\u00ed 4x100ml p\u0159\u00edrodn\u00edch saunov\u00fdch esenc\u00ed - Anders &amp; Kafka E-SHOP\" \/>\n<meta property=\"og:description\" content=\"D\u00e1rkov\u00e1 sada 4 ks \u00fa\u017easn\u00fdch p\u0159\u00edrodn\u00edch saunov\u00fdch esenc\u00ed. Slo\u017een\u00ed 100% esenci\u00e1ln\u00edch olej\u016f, bio denaturovan\u00fd alkohol, voda. Vegansk\u00e9. Inspirov\u00e1no p\u0159\u00edrodou. Navr\u017eeno ve Finsku, specialistou na saunov\u00e9 dopl\u0148ky spole\u010dnost\u00ed RENTO. Relaxujte a u\u017e\u00edvejte si harmonii z autentick\u00e9ho z\u00e1\u017eitku finsk\u00e9 sauny.\" \/>\n<meta property=\"og:url\" content=\"https:\/\/anderskafka.cz\/eshop\/produkt\/rento-darkove-baleni-4x100ml-prirodnich-saunovych-esenci\/\" \/>\n<meta property=\"og:site_name\" content=\"Anders &amp; Kafka E-SHOP\" \/>\n<meta property=\"article:modified_time\" content=\"2026-03-21T12:46:49+00:00\" \/>\n<meta property=\"og:image\" content=\"https:\/\/anderskafka.cz\/eshop\/wp-content\/uploads\/sites\/3\/2024\/11\/rento-sada-prirodni-esence-100ml-2.jpg\" \/>\n\t<meta property=\"og:image:width\" content=\"1000\" \/>\n\t<meta property=\"og:image:height\" content=\"976\" \/>\n\t<meta property=\"og:image:type\" content=\"image\/jpeg\" \/>\n<meta name=\"twitter:card\" content=\"summary_large_image\" \/>\n<meta name=\"twitter:label1\" content=\"Odhadovan\u00e1 doba \u010dten\u00ed\" \/>\n\t<meta name=\"twitter:data1\" content=\"1 minuta\" \/>\n<script type=\"application\/ld+json\" class=\"yoast-schema-graph\">{\"@context\":\"https:\/\/schema.org\",\"@graph\":[{\"@type\":\"WebSite\",\"@id\":\"https:\/\/anderskafka.cz\/eshop\/#website\",\"url\":\"https:\/\/anderskafka.cz\/eshop\/\",\"name\":\"Anders &amp; Kafka E-SHOP\",\"description\":\"Anders &amp; Kafka E-SHOP\",\"potentialAction\":[{\"@type\":\"SearchAction\",\"target\":{\"@type\":\"EntryPoint\",\"urlTemplate\":\"https:\/\/anderskafka.cz\/eshop\/?s={search_term_string}\"},\"query-input\":\"required name=search_term_string\"}],\"inLanguage\":\"cs\"},{\"@type\":\"ImageObject\",\"@id\":\"https:\/\/anderskafka.cz\/eshop\/produkt\/rento-darkove-baleni-4x100ml-prirodnich-saunovych-esenci\/#primaryimage\",\"inLanguage\":\"cs\",\"url\":\"https:\/\/anderskafka.cz\/eshop\/wp-content\/uploads\/sites\/3\/2024\/11\/rento-sada-prirodni-esence-100ml-2.jpg\",\"contentUrl\":\"https:\/\/anderskafka.cz\/eshop\/wp-content\/uploads\/sites\/3\/2024\/11\/rento-sada-prirodni-esence-100ml-2.jpg\",\"width\":1000,\"height\":976},{\"@type\":\"WebPage\",\"@id\":\"https:\/\/anderskafka.cz\/eshop\/produkt\/rento-darkove-baleni-4x100ml-prirodnich-saunovych-esenci\/#webpage\",\"url\":\"https:\/\/anderskafka.cz\/eshop\/produkt\/rento-darkove-baleni-4x100ml-prirodnich-saunovych-esenci\/\",\"name\":\"RENTO d\u00e1rkov\u00e9 balen\u00ed 4x100ml p\u0159\u00edrodn\u00edch saunov\u00fdch esenc\u00ed - Anders &amp; Kafka E-SHOP\",\"isPartOf\":{\"@id\":\"https:\/\/anderskafka.cz\/eshop\/#website\"},\"primaryImageOfPage\":{\"@id\":\"https:\/\/anderskafka.cz\/eshop\/produkt\/rento-darkove-baleni-4x100ml-prirodnich-saunovych-esenci\/#primaryimage\"},\"datePublished\":\"2024-11-28T07:55:11+00:00\",\"dateModified\":\"2026-03-21T12:46:49+00:00\",\"description\":\"D\u00e1rkov\u00e1 sada 4 ks \u00fa\u017easn\u00fdch p\u0159\u00edrodn\u00edch saunov\u00fdch esenc\u00ed. Slo\u017een\u00ed 100% esenci\u00e1ln\u00edch olej\u016f, bio denaturovan\u00fd alkohol, voda. Vegansk\u00e9. Inspirov\u00e1no p\u0159\u00edrodou. Navr\u017eeno ve Finsku, specialistou na saunov\u00e9 dopl\u0148ky spole\u010dnost\u00ed RENTO. Relaxujte a u\u017e\u00edvejte si harmonii z autentick\u00e9ho z\u00e1\u017eitku finsk\u00e9 sauny.\",\"breadcrumb\":{\"@id\":\"https:\/\/anderskafka.cz\/eshop\/produkt\/rento-darkove-baleni-4x100ml-prirodnich-saunovych-esenci\/#breadcrumb\"},\"inLanguage\":\"cs\",\"potentialAction\":[{\"@type\":\"ReadAction\",\"target\":[\"https:\/\/anderskafka.cz\/eshop\/produkt\/rento-darkove-baleni-4x100ml-prirodnich-saunovych-esenci\/\"]}]},{\"@type\":\"BreadcrumbList\",\"@id\":\"https:\/\/anderskafka.cz\/eshop\/produkt\/rento-darkove-baleni-4x100ml-prirodnich-saunovych-esenci\/#breadcrumb\",\"itemListElement\":[{\"@type\":\"ListItem\",\"position\":1,\"name\":\"Obchod\",\"item\":\"https:\/\/anderskafka.cz\/eshop\/obchod\/\"},{\"@type\":\"ListItem\",\"position\":2,\"name\":\"RENTO d\u00e1rkov\u00e9 balen\u00ed 4x100ml p\u0159\u00edrodn\u00edch saunov\u00fdch esenc\u00ed\"}]}]}<\/script>\n<!-- \/ Yoast SEO plugin. -->","yoast_head_json":{"title":"RENTO d\u00e1rkov\u00e9 balen\u00ed 4x100ml p\u0159\u00edrodn\u00edch saunov\u00fdch esenc\u00ed - Anders &amp; Kafka E-SHOP","description":"D\u00e1rkov\u00e1 sada 4 ks \u00fa\u017easn\u00fdch p\u0159\u00edrodn\u00edch saunov\u00fdch esenc\u00ed. Slo\u017een\u00ed 100% esenci\u00e1ln\u00edch olej\u016f, bio denaturovan\u00fd alkohol, voda. Vegansk\u00e9. Inspirov\u00e1no p\u0159\u00edrodou. Navr\u017eeno ve Finsku, specialistou na saunov\u00e9 dopl\u0148ky spole\u010dnost\u00ed RENTO. Relaxujte a u\u017e\u00edvejte si harmonii z autentick\u00e9ho z\u00e1\u017eitku finsk\u00e9 sauny.","robots":{"index":"index","follow":"follow","max-snippet":"max-snippet:-1","max-image-preview":"max-image-preview:large","max-video-preview":"max-video-preview:-1"},"canonical":"https:\/\/anderskafka.cz\/eshop\/produkt\/rento-darkove-baleni-4x100ml-prirodnich-saunovych-esenci\/","og_locale":"cs_CZ","og_type":"article","og_title":"RENTO d\u00e1rkov\u00e9 balen\u00ed 4x100ml p\u0159\u00edrodn\u00edch saunov\u00fdch esenc\u00ed - Anders &amp; Kafka E-SHOP","og_description":"D\u00e1rkov\u00e1 sada 4 ks \u00fa\u017easn\u00fdch p\u0159\u00edrodn\u00edch saunov\u00fdch esenc\u00ed. Slo\u017een\u00ed 100% esenci\u00e1ln\u00edch olej\u016f, bio denaturovan\u00fd alkohol, voda. Vegansk\u00e9. Inspirov\u00e1no p\u0159\u00edrodou. Navr\u017eeno ve Finsku, specialistou na saunov\u00e9 dopl\u0148ky spole\u010dnost\u00ed RENTO. Relaxujte a u\u017e\u00edvejte si harmonii z autentick\u00e9ho z\u00e1\u017eitku finsk\u00e9 sauny.","og_url":"https:\/\/anderskafka.cz\/eshop\/produkt\/rento-darkove-baleni-4x100ml-prirodnich-saunovych-esenci\/","og_site_name":"Anders &amp; Kafka E-SHOP","article_modified_time":"2026-03-21T12:46:49+00:00","og_image":[{"width":1000,"height":976,"url":"https:\/\/anderskafka.cz\/eshop\/wp-content\/uploads\/sites\/3\/2024\/11\/rento-sada-prirodni-esence-100ml-2.jpg","type":"image\/jpeg"}],"twitter_card":"summary_large_image","twitter_misc":{"Odhadovan\u00e1 doba \u010dten\u00ed":"1 minuta"},"schema":{"@context":"https:\/\/schema.org","@graph":[{"@type":"WebSite","@id":"https:\/\/anderskafka.cz\/eshop\/#website","url":"https:\/\/anderskafka.cz\/eshop\/","name":"Anders &amp; Kafka E-SHOP","description":"Anders &amp; Kafka E-SHOP","potentialAction":[{"@type":"SearchAction","target":{"@type":"EntryPoint","urlTemplate":"https:\/\/anderskafka.cz\/eshop\/?s={search_term_string}"},"query-input":"required name=search_term_string"}],"inLanguage":"cs"},{"@type":"ImageObject","@id":"https:\/\/anderskafka.cz\/eshop\/produkt\/rento-darkove-baleni-4x100ml-prirodnich-saunovych-esenci\/#primaryimage","inLanguage":"cs","url":"https:\/\/anderskafka.cz\/eshop\/wp-content\/uploads\/sites\/3\/2024\/11\/rento-sada-prirodni-esence-100ml-2.jpg","contentUrl":"https:\/\/anderskafka.cz\/eshop\/wp-content\/uploads\/sites\/3\/2024\/11\/rento-sada-prirodni-esence-100ml-2.jpg","width":1000,"height":976},{"@type":"WebPage","@id":"https:\/\/anderskafka.cz\/eshop\/produkt\/rento-darkove-baleni-4x100ml-prirodnich-saunovych-esenci\/#webpage","url":"https:\/\/anderskafka.cz\/eshop\/produkt\/rento-darkove-baleni-4x100ml-prirodnich-saunovych-esenci\/","name":"RENTO d\u00e1rkov\u00e9 balen\u00ed 4x100ml p\u0159\u00edrodn\u00edch saunov\u00fdch esenc\u00ed - Anders &amp; Kafka E-SHOP","isPartOf":{"@id":"https:\/\/anderskafka.cz\/eshop\/#website"},"primaryImageOfPage":{"@id":"https:\/\/anderskafka.cz\/eshop\/produkt\/rento-darkove-baleni-4x100ml-prirodnich-saunovych-esenci\/#primaryimage"},"datePublished":"2024-11-28T07:55:11+00:00","dateModified":"2026-03-21T12:46:49+00:00","description":"D\u00e1rkov\u00e1 sada 4 ks \u00fa\u017easn\u00fdch p\u0159\u00edrodn\u00edch saunov\u00fdch esenc\u00ed. Slo\u017een\u00ed 100% esenci\u00e1ln\u00edch olej\u016f, bio denaturovan\u00fd alkohol, voda. Vegansk\u00e9. Inspirov\u00e1no p\u0159\u00edrodou. Navr\u017eeno ve Finsku, specialistou na saunov\u00e9 dopl\u0148ky spole\u010dnost\u00ed RENTO. Relaxujte a u\u017e\u00edvejte si harmonii z autentick\u00e9ho z\u00e1\u017eitku finsk\u00e9 sauny.","breadcrumb":{"@id":"https:\/\/anderskafka.cz\/eshop\/produkt\/rento-darkove-baleni-4x100ml-prirodnich-saunovych-esenci\/#breadcrumb"},"inLanguage":"cs","potentialAction":[{"@type":"ReadAction","target":["https:\/\/anderskafka.cz\/eshop\/produkt\/rento-darkove-baleni-4x100ml-prirodnich-saunovych-esenci\/"]}]},{"@type":"BreadcrumbList","@id":"https:\/\/anderskafka.cz\/eshop\/produkt\/rento-darkove-baleni-4x100ml-prirodnich-saunovych-esenci\/#breadcrumb","itemListElement":[{"@type":"ListItem","position":1,"name":"Obchod","item":"https:\/\/anderskafka.cz\/eshop\/obchod\/"},{"@type":"ListItem","position":2,"name":"RENTO d\u00e1rkov\u00e9 balen\u00ed 4x100ml p\u0159\u00edrodn\u00edch saunov\u00fdch esenc\u00ed"}]}]}},"locations":[],"_links":{"self":[{"href":"https:\/\/anderskafka.cz\/eshop\/wp-json\/wp\/v2\/product\/8603"}],"collection":[{"href":"https:\/\/anderskafka.cz\/eshop\/wp-json\/wp\/v2\/product"}],"about":[{"href":"https:\/\/anderskafka.cz\/eshop\/wp-json\/wp\/v2\/types\/product"}],"replies":[{"embeddable":true,"href":"https:\/\/anderskafka.cz\/eshop\/wp-json\/wp\/v2\/comments?post=8603"}],"wp:featuredmedia":[{"embeddable":true,"href":"https:\/\/anderskafka.cz\/eshop\/wp-json\/wp\/v2\/media\/8605"}],"wp:attachment":[{"href":"https:\/\/anderskafka.cz\/eshop\/wp-json\/wp\/v2\/media?parent=8603"}],"wp:term":[{"taxonomy":"location","embeddable":true,"href":"https:\/\/anderskafka.cz\/eshop\/wp-json\/wp\/v2\/location?post=8603"},{"taxonomy":"product_cat","embeddable":true,"href":"https:\/\/anderskafka.cz\/eshop\/wp-json\/wp\/v2\/product_cat?post=8603"},{"taxonomy":"product_tag","embeddable":true,"href":"https:\/\/anderskafka.cz\/eshop\/wp-json\/wp\/v2\/product_tag?post=8603"}],"curies":[{"name":"wp","href":"https:\/\/api.w.org\/{rel}","templated":true}]}}