{"id":9022,"date":"2024-12-15T12:40:12","date_gmt":"2024-12-15T11:40:12","guid":{"rendered":"https:\/\/anderskafka.cz\/eshop\/?post_type=product&#038;p=9022"},"modified":"2026-04-14T19:11:37","modified_gmt":"2026-04-14T17:11:37","slug":"liebenstein-saunove-piskove-presypaci-hodiny-z-buku-s-cernym-piskem","status":"publish","type":"product","link":"https:\/\/anderskafka.cz\/eshop\/produkt\/liebenstein-saunove-piskove-presypaci-hodiny-z-buku-s-cernym-piskem\/","title":{"rendered":"LIEBENSTEIN saunov\u00e9 p\u00edskov\u00e9 p\u0159es\u00fdpac\u00ed hodiny s \u010dern\u00fdm p\u00edskem z buku"},"content":{"rendered":"<p>P\u0159es\u00fdpac\u00ed hodiny Liebenstein jsou vyr\u00e1b\u011bny ru\u010dn\u011b v N\u011bmecku podl\u00e9 p\u0159\u00edsn\u00fdch krit\u00e9ri\u00ed kvality a vyzna\u010duj\u00ed se vysokou tepelnou odolnost\u00ed.<br \/>\nSaunov\u00e9 hodiny jsou z vysoce kvalitn\u00edho bukov\u00e9ho d\u0159eva a d\u00edky sv\u00e9 robustn\u00ed konstrukci zaru\u010duj\u00ed dlouhou \u017eivotnost. Hodiny jsou pe\u010dliv\u011b testov\u00e1ny v saunov\u00fdch podm\u00ednk\u00e1ch, dosahuj\u00ed nejvy\u0161\u0161\u00ed p\u0159esnosti. Doba p\u0159es\u00fdp\u00e1n\u00ed je 15 minut.<br \/>\nD\u00edky sv\u00e9mu jednoduch\u00e9mu a modern\u00edmu designu jsou tyto p\u0159es\u00fdpac\u00ed hodiny skv\u011bl\u00fdm dopl\u0148kem v saun\u011b, \u010dern\u00fd p\u00edsek zaru\u010duje dobrou \u010ditelnost odm\u011b\u0159en\u00e9ho \u010dasu.<br \/>\nHodiny jsou ur\u010deny pro pou\u017eit\u00ed v interi\u00e9rov\u00fdch saun\u00e1ch, tak\u017ee vydr\u017e\u00ed i vysok\u00e9 teploty. Okoln\u00ed teplota v prost\u0159ed\u00ed, kde jsou um\u00edst\u011bny, by nem\u011bla klesnout pod 5 \u00b0C. Hroz\u00ed nebezpe\u010d\u00ed vysr\u00e1\u017een\u00ed vody v p\u00edsku a p\u0159es\u00fdpac\u00ed hodiny by se mohly znehodnotit. V p\u0159\u00edpad\u011b vysr\u00e1\u017een\u00ed vody a neplynul\u00e9mu p\u0159es\u00fdp\u00e1n\u00ed p\u00edsku nechte p\u0159es\u00fdpac\u00ed hodiny p\u00e1r dn\u00ed v pokojov\u00e9 teplot\u011b vyschnout a pot\u00e9 znovu um\u00edst\u011bte do sauny.<\/p>\n","protected":false},"excerpt":{"rendered":"<p>Elegantn\u00ed p\u0159es\u00fdpac\u00ed hodiny do sauny Liebenstein jsou vyrobeny z bukov\u00e9ho d\u0159eva s minutovou stupnic\u00ed a sklen\u011bn\u00fdm v\u00e1lcem napln\u011bn\u00fdm \u010dern\u00fdm p\u00edskem. Doba p\u0159es\u00fdp\u00e1n\u00ed je 15 minut.<\/p>\n","protected":false},"featured_media":9024,"comment_status":"open","ping_status":"closed","template":"","meta":{"site-sidebar-layout":"default","site-content-layout":"default","ast-main-header-display":"","ast-hfb-above-header-display":"","ast-hfb-below-header-display":"","ast-hfb-mobile-header-display":"","site-post-title":"","ast-breadcrumbs-content":"","ast-featured-img":"","footer-sml-layout":"","theme-transparent-header-meta":"","adv-header-id-meta":"","stick-header-meta":"","header-above-stick-meta":"","header-main-stick-meta":"","header-below-stick-meta":""},"location":[],"product_cat":[29],"product_tag":[308],"yoast_head":"<!-- This site is optimized with the Yoast SEO plugin v18.5.1 - https:\/\/yoast.com\/wordpress\/plugins\/seo\/ -->\n<title>LIEBENSTEIN saunov\u00e9 p\u00edskov\u00e9 p\u0159es\u00fdpac\u00ed hodiny s \u010dern\u00fdm p\u00edskem z buku - Anders &amp; Kafka E-SHOP<\/title>\n<meta name=\"description\" content=\"Elegantn\u00ed p\u0159es\u00fdpac\u00ed hodiny do sauny Liebenstein jsou vyrobeny z bukov\u00e9ho d\u0159eva s minutovou stupnic\u00ed a sklen\u011bn\u00fdm v\u00e1lcem napln\u011bn\u00fdm \u010dern\u00fdm p\u00edskem. Doba p\u0159es\u00fdp\u00e1n\u00ed je 15 minut.\" \/>\n<meta name=\"robots\" content=\"index, follow, max-snippet:-1, max-image-preview:large, max-video-preview:-1\" \/>\n<link rel=\"canonical\" href=\"https:\/\/anderskafka.cz\/eshop\/produkt\/liebenstein-saunove-piskove-presypaci-hodiny-z-buku-s-cernym-piskem\/\" \/>\n<meta property=\"og:locale\" content=\"cs_CZ\" \/>\n<meta property=\"og:type\" content=\"article\" \/>\n<meta property=\"og:title\" content=\"LIEBENSTEIN saunov\u00e9 p\u00edskov\u00e9 p\u0159es\u00fdpac\u00ed hodiny s \u010dern\u00fdm p\u00edskem z buku - Anders &amp; Kafka E-SHOP\" \/>\n<meta property=\"og:description\" content=\"Elegantn\u00ed p\u0159es\u00fdpac\u00ed hodiny do sauny Liebenstein jsou vyrobeny z bukov\u00e9ho d\u0159eva s minutovou stupnic\u00ed a sklen\u011bn\u00fdm v\u00e1lcem napln\u011bn\u00fdm \u010dern\u00fdm p\u00edskem. Doba p\u0159es\u00fdp\u00e1n\u00ed je 15 minut.\" \/>\n<meta property=\"og:url\" content=\"https:\/\/anderskafka.cz\/eshop\/produkt\/liebenstein-saunove-piskove-presypaci-hodiny-z-buku-s-cernym-piskem\/\" \/>\n<meta property=\"og:site_name\" content=\"Anders &amp; Kafka E-SHOP\" \/>\n<meta property=\"article:modified_time\" content=\"2026-04-14T17:11:37+00:00\" \/>\n<meta name=\"twitter:card\" content=\"summary_large_image\" \/>\n<meta name=\"twitter:image\" content=\"https:\/\/anderskafka.cz\/eshop\/wp-content\/uploads\/sites\/3\/2024\/12\/liebenstein-presypaci-hodiny.webp\" \/>\n<meta name=\"twitter:label1\" content=\"Odhadovan\u00e1 doba \u010dten\u00ed\" \/>\n\t<meta name=\"twitter:data1\" content=\"1 minuta\" \/>\n<script type=\"application\/ld+json\" class=\"yoast-schema-graph\">{\"@context\":\"https:\/\/schema.org\",\"@graph\":[{\"@type\":\"WebSite\",\"@id\":\"https:\/\/anderskafka.cz\/eshop\/#website\",\"url\":\"https:\/\/anderskafka.cz\/eshop\/\",\"name\":\"Anders &amp; Kafka E-SHOP\",\"description\":\"Anders &amp; Kafka E-SHOP\",\"potentialAction\":[{\"@type\":\"SearchAction\",\"target\":{\"@type\":\"EntryPoint\",\"urlTemplate\":\"https:\/\/anderskafka.cz\/eshop\/?s={search_term_string}\"},\"query-input\":\"required name=search_term_string\"}],\"inLanguage\":\"cs\"},{\"@type\":\"ImageObject\",\"@id\":\"https:\/\/anderskafka.cz\/eshop\/produkt\/liebenstein-saunove-piskove-presypaci-hodiny-z-buku-s-cernym-piskem\/#primaryimage\",\"inLanguage\":\"cs\",\"url\":\"https:\/\/anderskafka.cz\/eshop\/wp-content\/uploads\/sites\/3\/2024\/12\/liebenstein-presypaci-hodiny.webp\",\"contentUrl\":\"https:\/\/anderskafka.cz\/eshop\/wp-content\/uploads\/sites\/3\/2024\/12\/liebenstein-presypaci-hodiny.webp\",\"width\":750,\"height\":750},{\"@type\":\"WebPage\",\"@id\":\"https:\/\/anderskafka.cz\/eshop\/produkt\/liebenstein-saunove-piskove-presypaci-hodiny-z-buku-s-cernym-piskem\/#webpage\",\"url\":\"https:\/\/anderskafka.cz\/eshop\/produkt\/liebenstein-saunove-piskove-presypaci-hodiny-z-buku-s-cernym-piskem\/\",\"name\":\"LIEBENSTEIN saunov\u00e9 p\u00edskov\u00e9 p\u0159es\u00fdpac\u00ed hodiny s \u010dern\u00fdm p\u00edskem z buku - Anders &amp; Kafka E-SHOP\",\"isPartOf\":{\"@id\":\"https:\/\/anderskafka.cz\/eshop\/#website\"},\"primaryImageOfPage\":{\"@id\":\"https:\/\/anderskafka.cz\/eshop\/produkt\/liebenstein-saunove-piskove-presypaci-hodiny-z-buku-s-cernym-piskem\/#primaryimage\"},\"datePublished\":\"2024-12-15T11:40:12+00:00\",\"dateModified\":\"2026-04-14T17:11:37+00:00\",\"description\":\"Elegantn\u00ed p\u0159es\u00fdpac\u00ed hodiny do sauny Liebenstein jsou vyrobeny z bukov\u00e9ho d\u0159eva s minutovou stupnic\u00ed a sklen\u011bn\u00fdm v\u00e1lcem napln\u011bn\u00fdm \u010dern\u00fdm p\u00edskem. Doba p\u0159es\u00fdp\u00e1n\u00ed je 15 minut.\",\"breadcrumb\":{\"@id\":\"https:\/\/anderskafka.cz\/eshop\/produkt\/liebenstein-saunove-piskove-presypaci-hodiny-z-buku-s-cernym-piskem\/#breadcrumb\"},\"inLanguage\":\"cs\",\"potentialAction\":[{\"@type\":\"ReadAction\",\"target\":[\"https:\/\/anderskafka.cz\/eshop\/produkt\/liebenstein-saunove-piskove-presypaci-hodiny-z-buku-s-cernym-piskem\/\"]}]},{\"@type\":\"BreadcrumbList\",\"@id\":\"https:\/\/anderskafka.cz\/eshop\/produkt\/liebenstein-saunove-piskove-presypaci-hodiny-z-buku-s-cernym-piskem\/#breadcrumb\",\"itemListElement\":[{\"@type\":\"ListItem\",\"position\":1,\"name\":\"Obchod\",\"item\":\"https:\/\/anderskafka.cz\/eshop\/obchod\/\"},{\"@type\":\"ListItem\",\"position\":2,\"name\":\"LIEBENSTEIN saunov\u00e9 p\u00edskov\u00e9 p\u0159es\u00fdpac\u00ed hodiny s \u010dern\u00fdm p\u00edskem z buku\"}]}]}<\/script>\n<!-- \/ Yoast SEO plugin. -->","yoast_head_json":{"title":"LIEBENSTEIN saunov\u00e9 p\u00edskov\u00e9 p\u0159es\u00fdpac\u00ed hodiny s \u010dern\u00fdm p\u00edskem z buku - Anders &amp; Kafka E-SHOP","description":"Elegantn\u00ed p\u0159es\u00fdpac\u00ed hodiny do sauny Liebenstein jsou vyrobeny z bukov\u00e9ho d\u0159eva s minutovou stupnic\u00ed a sklen\u011bn\u00fdm v\u00e1lcem napln\u011bn\u00fdm \u010dern\u00fdm p\u00edskem. Doba p\u0159es\u00fdp\u00e1n\u00ed je 15 minut.","robots":{"index":"index","follow":"follow","max-snippet":"max-snippet:-1","max-image-preview":"max-image-preview:large","max-video-preview":"max-video-preview:-1"},"canonical":"https:\/\/anderskafka.cz\/eshop\/produkt\/liebenstein-saunove-piskove-presypaci-hodiny-z-buku-s-cernym-piskem\/","og_locale":"cs_CZ","og_type":"article","og_title":"LIEBENSTEIN saunov\u00e9 p\u00edskov\u00e9 p\u0159es\u00fdpac\u00ed hodiny s \u010dern\u00fdm p\u00edskem z buku - Anders &amp; Kafka E-SHOP","og_description":"Elegantn\u00ed p\u0159es\u00fdpac\u00ed hodiny do sauny Liebenstein jsou vyrobeny z bukov\u00e9ho d\u0159eva s minutovou stupnic\u00ed a sklen\u011bn\u00fdm v\u00e1lcem napln\u011bn\u00fdm \u010dern\u00fdm p\u00edskem. Doba p\u0159es\u00fdp\u00e1n\u00ed je 15 minut.","og_url":"https:\/\/anderskafka.cz\/eshop\/produkt\/liebenstein-saunove-piskove-presypaci-hodiny-z-buku-s-cernym-piskem\/","og_site_name":"Anders &amp; Kafka E-SHOP","article_modified_time":"2026-04-14T17:11:37+00:00","twitter_card":"summary_large_image","twitter_image":"https:\/\/anderskafka.cz\/eshop\/wp-content\/uploads\/sites\/3\/2024\/12\/liebenstein-presypaci-hodiny.webp","twitter_misc":{"Odhadovan\u00e1 doba \u010dten\u00ed":"1 minuta"},"schema":{"@context":"https:\/\/schema.org","@graph":[{"@type":"WebSite","@id":"https:\/\/anderskafka.cz\/eshop\/#website","url":"https:\/\/anderskafka.cz\/eshop\/","name":"Anders &amp; Kafka E-SHOP","description":"Anders &amp; Kafka E-SHOP","potentialAction":[{"@type":"SearchAction","target":{"@type":"EntryPoint","urlTemplate":"https:\/\/anderskafka.cz\/eshop\/?s={search_term_string}"},"query-input":"required name=search_term_string"}],"inLanguage":"cs"},{"@type":"ImageObject","@id":"https:\/\/anderskafka.cz\/eshop\/produkt\/liebenstein-saunove-piskove-presypaci-hodiny-z-buku-s-cernym-piskem\/#primaryimage","inLanguage":"cs","url":"https:\/\/anderskafka.cz\/eshop\/wp-content\/uploads\/sites\/3\/2024\/12\/liebenstein-presypaci-hodiny.webp","contentUrl":"https:\/\/anderskafka.cz\/eshop\/wp-content\/uploads\/sites\/3\/2024\/12\/liebenstein-presypaci-hodiny.webp","width":750,"height":750},{"@type":"WebPage","@id":"https:\/\/anderskafka.cz\/eshop\/produkt\/liebenstein-saunove-piskove-presypaci-hodiny-z-buku-s-cernym-piskem\/#webpage","url":"https:\/\/anderskafka.cz\/eshop\/produkt\/liebenstein-saunove-piskove-presypaci-hodiny-z-buku-s-cernym-piskem\/","name":"LIEBENSTEIN saunov\u00e9 p\u00edskov\u00e9 p\u0159es\u00fdpac\u00ed hodiny s \u010dern\u00fdm p\u00edskem z buku - Anders &amp; Kafka E-SHOP","isPartOf":{"@id":"https:\/\/anderskafka.cz\/eshop\/#website"},"primaryImageOfPage":{"@id":"https:\/\/anderskafka.cz\/eshop\/produkt\/liebenstein-saunove-piskove-presypaci-hodiny-z-buku-s-cernym-piskem\/#primaryimage"},"datePublished":"2024-12-15T11:40:12+00:00","dateModified":"2026-04-14T17:11:37+00:00","description":"Elegantn\u00ed p\u0159es\u00fdpac\u00ed hodiny do sauny Liebenstein jsou vyrobeny z bukov\u00e9ho d\u0159eva s minutovou stupnic\u00ed a sklen\u011bn\u00fdm v\u00e1lcem napln\u011bn\u00fdm \u010dern\u00fdm p\u00edskem. Doba p\u0159es\u00fdp\u00e1n\u00ed je 15 minut.","breadcrumb":{"@id":"https:\/\/anderskafka.cz\/eshop\/produkt\/liebenstein-saunove-piskove-presypaci-hodiny-z-buku-s-cernym-piskem\/#breadcrumb"},"inLanguage":"cs","potentialAction":[{"@type":"ReadAction","target":["https:\/\/anderskafka.cz\/eshop\/produkt\/liebenstein-saunove-piskove-presypaci-hodiny-z-buku-s-cernym-piskem\/"]}]},{"@type":"BreadcrumbList","@id":"https:\/\/anderskafka.cz\/eshop\/produkt\/liebenstein-saunove-piskove-presypaci-hodiny-z-buku-s-cernym-piskem\/#breadcrumb","itemListElement":[{"@type":"ListItem","position":1,"name":"Obchod","item":"https:\/\/anderskafka.cz\/eshop\/obchod\/"},{"@type":"ListItem","position":2,"name":"LIEBENSTEIN saunov\u00e9 p\u00edskov\u00e9 p\u0159es\u00fdpac\u00ed hodiny s \u010dern\u00fdm p\u00edskem z buku"}]}]}},"locations":[],"_links":{"self":[{"href":"https:\/\/anderskafka.cz\/eshop\/wp-json\/wp\/v2\/product\/9022"}],"collection":[{"href":"https:\/\/anderskafka.cz\/eshop\/wp-json\/wp\/v2\/product"}],"about":[{"href":"https:\/\/anderskafka.cz\/eshop\/wp-json\/wp\/v2\/types\/product"}],"replies":[{"embeddable":true,"href":"https:\/\/anderskafka.cz\/eshop\/wp-json\/wp\/v2\/comments?post=9022"}],"wp:featuredmedia":[{"embeddable":true,"href":"https:\/\/anderskafka.cz\/eshop\/wp-json\/wp\/v2\/media\/9024"}],"wp:attachment":[{"href":"https:\/\/anderskafka.cz\/eshop\/wp-json\/wp\/v2\/media?parent=9022"}],"wp:term":[{"taxonomy":"location","embeddable":true,"href":"https:\/\/anderskafka.cz\/eshop\/wp-json\/wp\/v2\/location?post=9022"},{"taxonomy":"product_cat","embeddable":true,"href":"https:\/\/anderskafka.cz\/eshop\/wp-json\/wp\/v2\/product_cat?post=9022"},{"taxonomy":"product_tag","embeddable":true,"href":"https:\/\/anderskafka.cz\/eshop\/wp-json\/wp\/v2\/product_tag?post=9022"}],"curies":[{"name":"wp","href":"https:\/\/api.w.org\/{rel}","templated":true}]}}