{"id":9868,"date":"2025-03-18T11:16:21","date_gmt":"2025-03-18T10:16:21","guid":{"rendered":"https:\/\/anderskafka.cz\/eshop\/?post_type=product&#038;p=9868"},"modified":"2026-03-24T16:02:19","modified_gmt":"2026-03-24T15:02:19","slug":"huum-sada-vedra-s-naberackou-teplomeru-presypacich-hodin-a-esenci","status":"publish","type":"product","link":"https:\/\/anderskafka.cz\/eshop\/produkt\/huum-sada-vedra-s-naberackou-teplomeru-presypacich-hodin-a-esenci\/","title":{"rendered":"HUUM sada v\u011bdra s nab\u011bra\u010dkou, m\u011b\u0159ic\u00ed stanice a p\u0159es\u00fdpac\u00edch hodin do sauny"},"content":{"rendered":"<p>Zv\u00fdhodn\u011bn\u00e1 sada va\u0161ich obl\u00edben\u00fdch saunov\u00fdch dopl\u0148k\u016f pro p\u0159\u00edjemn\u00e9 chv\u00edle p\u0159i saunov\u00e1n\u00ed.<\/p>\n<h2>Sada obsahuje:<\/h2>\n<p><strong>4l v\u011bdro ze smrkov\u00e9ho d\u0159eva s plastov\u00fdm vnit\u0159n\u00edm kbel\u00edkem\u00a0<\/strong><br \/>\n<strong>nab\u011bra\u010dka ze smrkov\u00e9ho d\u0159eva<\/strong><br \/>\n<strong>d\u0159ev\u011bn\u00e1 stanice ze smrkov\u00e9ho d\u0159eva pro m\u011b\u0159en\u00ed klimatu v saun\u011b<\/strong><br \/>\n<strong>p\u0159es\u00fdpac\u00ed hodiny s b\u00edl\u00fdm p\u00edskem ze smrkov\u00e9ho d\u0159eva<\/strong><\/p>\n<p>&nbsp;<\/p>\n","protected":false},"excerpt":{"rendered":"<p>V\u00fdhodn\u00e1 sada v\u011bdra, nab\u011bra\u010dky, p\u0159es\u00fdpac\u00edch hodin a stanice pro m\u011b\u0159en\u00ed klimatu v saun\u011b ze smrkov\u00e9ho d\u0159eva.<br \/>\nSaunov\u00e9 produkty spole\u010dnosti HUUM inspirovan\u00e9 p\u0159\u00edrodou kombinuj\u00ed starod\u00e1vn\u00e9 estonsk\u00e9 saunov\u00e9 d\u011bdictv\u00ed, m\u00edrnou p\u00e1ru a modern\u00ed technologii.<br \/>\n<img loading=\"lazy\" class=\"alignnone size-full wp-image-9871 aligncenter\" src=\"https:\/\/anderskafka.cz\/eshop\/wp-content\/uploads\/sites\/3\/2025\/03\/made-in-estonia.png\" alt=\"\" width=\"225\" height=\"225\" srcset=\"https:\/\/anderskafka.cz\/eshop\/wp-content\/uploads\/sites\/3\/2025\/03\/made-in-estonia.png 225w, https:\/\/anderskafka.cz\/eshop\/wp-content\/uploads\/sites\/3\/2025\/03\/made-in-estonia-150x150.png 150w, https:\/\/anderskafka.cz\/eshop\/wp-content\/uploads\/sites\/3\/2025\/03\/made-in-estonia-100x100.png 100w, https:\/\/anderskafka.cz\/eshop\/wp-content\/uploads\/sites\/3\/2025\/03\/made-in-estonia-50x50.png 50w, https:\/\/anderskafka.cz\/eshop\/wp-content\/uploads\/sites\/3\/2025\/03\/made-in-estonia-64x64.png 64w\" sizes=\"(max-width: 225px) 100vw, 225px\" \/><\/p>\n","protected":false},"featured_media":10043,"comment_status":"open","ping_status":"closed","template":"","meta":{"site-sidebar-layout":"default","site-content-layout":"default","ast-main-header-display":"","ast-hfb-above-header-display":"","ast-hfb-below-header-display":"","ast-hfb-mobile-header-display":"","site-post-title":"","ast-breadcrumbs-content":"","ast-featured-img":"","footer-sml-layout":"","theme-transparent-header-meta":"","adv-header-id-meta":"","stick-header-meta":"","header-above-stick-meta":"","header-main-stick-meta":"","header-below-stick-meta":""},"location":[],"product_cat":[1673,1551,102,101,618],"product_tag":[],"yoast_head":"<!-- This site is optimized with the Yoast SEO plugin v18.5.1 - https:\/\/yoast.com\/wordpress\/plugins\/seo\/ -->\n<title>HUUM sada v\u011bdra s nab\u011bra\u010dkou, m\u011b\u0159ic\u00ed stanice a p\u0159es\u00fdpac\u00edch hodin do sauny - Anders &amp; Kafka E-SHOP<\/title>\n<meta name=\"description\" content=\"V\u00fdhodn\u00e1 sada v\u011bdra, nab\u011bra\u010dky, p\u0159es\u00fdpac\u00edch hodin a stanice pro m\u011b\u0159en\u00ed klimatu v saun\u011b ze smrkov\u00e9ho d\u0159eva. Saunov\u00e9 produkty spole\u010dnosti HUUM inspirovan\u00e9 p\u0159\u00edrodou kombinuj\u00ed starod\u00e1vn\u00e9 estonsk\u00e9 saunov\u00e9 d\u011bdictv\u00ed, m\u00edrnou p\u00e1ru a modern\u00ed technologii.\" \/>\n<meta name=\"robots\" content=\"index, follow, max-snippet:-1, max-image-preview:large, max-video-preview:-1\" \/>\n<link rel=\"canonical\" href=\"https:\/\/anderskafka.cz\/eshop\/produkt\/huum-sada-vedra-s-naberackou-teplomeru-presypacich-hodin-a-esenci\/\" \/>\n<meta property=\"og:locale\" content=\"cs_CZ\" \/>\n<meta property=\"og:type\" content=\"article\" \/>\n<meta property=\"og:title\" content=\"HUUM sada v\u011bdra s nab\u011bra\u010dkou, m\u011b\u0159ic\u00ed stanice a p\u0159es\u00fdpac\u00edch hodin do sauny - Anders &amp; Kafka E-SHOP\" \/>\n<meta property=\"og:description\" content=\"V\u00fdhodn\u00e1 sada v\u011bdra, nab\u011bra\u010dky, p\u0159es\u00fdpac\u00edch hodin a stanice pro m\u011b\u0159en\u00ed klimatu v saun\u011b ze smrkov\u00e9ho d\u0159eva. Saunov\u00e9 produkty spole\u010dnosti HUUM inspirovan\u00e9 p\u0159\u00edrodou kombinuj\u00ed starod\u00e1vn\u00e9 estonsk\u00e9 saunov\u00e9 d\u011bdictv\u00ed, m\u00edrnou p\u00e1ru a modern\u00ed technologii.\" \/>\n<meta property=\"og:url\" content=\"https:\/\/anderskafka.cz\/eshop\/produkt\/huum-sada-vedra-s-naberackou-teplomeru-presypacich-hodin-a-esenci\/\" \/>\n<meta property=\"og:site_name\" content=\"Anders &amp; Kafka E-SHOP\" \/>\n<meta property=\"article:modified_time\" content=\"2026-03-24T15:02:19+00:00\" \/>\n<meta name=\"twitter:card\" content=\"summary_large_image\" \/>\n<meta name=\"twitter:image\" content=\"https:\/\/anderskafka.cz\/eshop\/wp-content\/uploads\/sites\/3\/2025\/03\/HUUM_setbasic_AndersKafka.webp\" \/>\n<meta name=\"twitter:label1\" content=\"Odhadovan\u00e1 doba \u010dten\u00ed\" \/>\n\t<meta name=\"twitter:data1\" content=\"1 minuta\" \/>\n<script type=\"application\/ld+json\" class=\"yoast-schema-graph\">{\"@context\":\"https:\/\/schema.org\",\"@graph\":[{\"@type\":\"WebSite\",\"@id\":\"https:\/\/anderskafka.cz\/eshop\/#website\",\"url\":\"https:\/\/anderskafka.cz\/eshop\/\",\"name\":\"Anders &amp; Kafka E-SHOP\",\"description\":\"Anders &amp; Kafka E-SHOP\",\"potentialAction\":[{\"@type\":\"SearchAction\",\"target\":{\"@type\":\"EntryPoint\",\"urlTemplate\":\"https:\/\/anderskafka.cz\/eshop\/?s={search_term_string}\"},\"query-input\":\"required name=search_term_string\"}],\"inLanguage\":\"cs\"},{\"@type\":\"ImageObject\",\"@id\":\"https:\/\/anderskafka.cz\/eshop\/produkt\/huum-sada-vedra-s-naberackou-teplomeru-presypacich-hodin-a-esenci\/#primaryimage\",\"inLanguage\":\"cs\",\"url\":\"https:\/\/anderskafka.cz\/eshop\/wp-content\/uploads\/sites\/3\/2025\/03\/HUUM_setbasic_AndersKafka.webp\",\"contentUrl\":\"https:\/\/anderskafka.cz\/eshop\/wp-content\/uploads\/sites\/3\/2025\/03\/HUUM_setbasic_AndersKafka.webp\",\"width\":2000,\"height\":2000},{\"@type\":\"WebPage\",\"@id\":\"https:\/\/anderskafka.cz\/eshop\/produkt\/huum-sada-vedra-s-naberackou-teplomeru-presypacich-hodin-a-esenci\/#webpage\",\"url\":\"https:\/\/anderskafka.cz\/eshop\/produkt\/huum-sada-vedra-s-naberackou-teplomeru-presypacich-hodin-a-esenci\/\",\"name\":\"HUUM sada v\u011bdra s nab\u011bra\u010dkou, m\u011b\u0159ic\u00ed stanice a p\u0159es\u00fdpac\u00edch hodin do sauny - Anders &amp; Kafka E-SHOP\",\"isPartOf\":{\"@id\":\"https:\/\/anderskafka.cz\/eshop\/#website\"},\"primaryImageOfPage\":{\"@id\":\"https:\/\/anderskafka.cz\/eshop\/produkt\/huum-sada-vedra-s-naberackou-teplomeru-presypacich-hodin-a-esenci\/#primaryimage\"},\"datePublished\":\"2025-03-18T10:16:21+00:00\",\"dateModified\":\"2026-03-24T15:02:19+00:00\",\"description\":\"V\u00fdhodn\u00e1 sada v\u011bdra, nab\u011bra\u010dky, p\u0159es\u00fdpac\u00edch hodin a stanice pro m\u011b\u0159en\u00ed klimatu v saun\u011b ze smrkov\u00e9ho d\u0159eva. Saunov\u00e9 produkty spole\u010dnosti HUUM inspirovan\u00e9 p\u0159\u00edrodou kombinuj\u00ed starod\u00e1vn\u00e9 estonsk\u00e9 saunov\u00e9 d\u011bdictv\u00ed, m\u00edrnou p\u00e1ru a modern\u00ed technologii.\",\"breadcrumb\":{\"@id\":\"https:\/\/anderskafka.cz\/eshop\/produkt\/huum-sada-vedra-s-naberackou-teplomeru-presypacich-hodin-a-esenci\/#breadcrumb\"},\"inLanguage\":\"cs\",\"potentialAction\":[{\"@type\":\"ReadAction\",\"target\":[\"https:\/\/anderskafka.cz\/eshop\/produkt\/huum-sada-vedra-s-naberackou-teplomeru-presypacich-hodin-a-esenci\/\"]}]},{\"@type\":\"BreadcrumbList\",\"@id\":\"https:\/\/anderskafka.cz\/eshop\/produkt\/huum-sada-vedra-s-naberackou-teplomeru-presypacich-hodin-a-esenci\/#breadcrumb\",\"itemListElement\":[{\"@type\":\"ListItem\",\"position\":1,\"name\":\"Obchod\",\"item\":\"https:\/\/anderskafka.cz\/eshop\/obchod\/\"},{\"@type\":\"ListItem\",\"position\":2,\"name\":\"HUUM sada v\u011bdra s nab\u011bra\u010dkou, m\u011b\u0159ic\u00ed stanice a p\u0159es\u00fdpac\u00edch hodin do sauny\"}]}]}<\/script>\n<!-- \/ Yoast SEO plugin. -->","yoast_head_json":{"title":"HUUM sada v\u011bdra s nab\u011bra\u010dkou, m\u011b\u0159ic\u00ed stanice a p\u0159es\u00fdpac\u00edch hodin do sauny - Anders &amp; Kafka E-SHOP","description":"V\u00fdhodn\u00e1 sada v\u011bdra, nab\u011bra\u010dky, p\u0159es\u00fdpac\u00edch hodin a stanice pro m\u011b\u0159en\u00ed klimatu v saun\u011b ze smrkov\u00e9ho d\u0159eva. Saunov\u00e9 produkty spole\u010dnosti HUUM inspirovan\u00e9 p\u0159\u00edrodou kombinuj\u00ed starod\u00e1vn\u00e9 estonsk\u00e9 saunov\u00e9 d\u011bdictv\u00ed, m\u00edrnou p\u00e1ru a modern\u00ed technologii.","robots":{"index":"index","follow":"follow","max-snippet":"max-snippet:-1","max-image-preview":"max-image-preview:large","max-video-preview":"max-video-preview:-1"},"canonical":"https:\/\/anderskafka.cz\/eshop\/produkt\/huum-sada-vedra-s-naberackou-teplomeru-presypacich-hodin-a-esenci\/","og_locale":"cs_CZ","og_type":"article","og_title":"HUUM sada v\u011bdra s nab\u011bra\u010dkou, m\u011b\u0159ic\u00ed stanice a p\u0159es\u00fdpac\u00edch hodin do sauny - Anders &amp; Kafka E-SHOP","og_description":"V\u00fdhodn\u00e1 sada v\u011bdra, nab\u011bra\u010dky, p\u0159es\u00fdpac\u00edch hodin a stanice pro m\u011b\u0159en\u00ed klimatu v saun\u011b ze smrkov\u00e9ho d\u0159eva. Saunov\u00e9 produkty spole\u010dnosti HUUM inspirovan\u00e9 p\u0159\u00edrodou kombinuj\u00ed starod\u00e1vn\u00e9 estonsk\u00e9 saunov\u00e9 d\u011bdictv\u00ed, m\u00edrnou p\u00e1ru a modern\u00ed technologii.","og_url":"https:\/\/anderskafka.cz\/eshop\/produkt\/huum-sada-vedra-s-naberackou-teplomeru-presypacich-hodin-a-esenci\/","og_site_name":"Anders &amp; Kafka E-SHOP","article_modified_time":"2026-03-24T15:02:19+00:00","twitter_card":"summary_large_image","twitter_image":"https:\/\/anderskafka.cz\/eshop\/wp-content\/uploads\/sites\/3\/2025\/03\/HUUM_setbasic_AndersKafka.webp","twitter_misc":{"Odhadovan\u00e1 doba \u010dten\u00ed":"1 minuta"},"schema":{"@context":"https:\/\/schema.org","@graph":[{"@type":"WebSite","@id":"https:\/\/anderskafka.cz\/eshop\/#website","url":"https:\/\/anderskafka.cz\/eshop\/","name":"Anders &amp; Kafka E-SHOP","description":"Anders &amp; Kafka E-SHOP","potentialAction":[{"@type":"SearchAction","target":{"@type":"EntryPoint","urlTemplate":"https:\/\/anderskafka.cz\/eshop\/?s={search_term_string}"},"query-input":"required name=search_term_string"}],"inLanguage":"cs"},{"@type":"ImageObject","@id":"https:\/\/anderskafka.cz\/eshop\/produkt\/huum-sada-vedra-s-naberackou-teplomeru-presypacich-hodin-a-esenci\/#primaryimage","inLanguage":"cs","url":"https:\/\/anderskafka.cz\/eshop\/wp-content\/uploads\/sites\/3\/2025\/03\/HUUM_setbasic_AndersKafka.webp","contentUrl":"https:\/\/anderskafka.cz\/eshop\/wp-content\/uploads\/sites\/3\/2025\/03\/HUUM_setbasic_AndersKafka.webp","width":2000,"height":2000},{"@type":"WebPage","@id":"https:\/\/anderskafka.cz\/eshop\/produkt\/huum-sada-vedra-s-naberackou-teplomeru-presypacich-hodin-a-esenci\/#webpage","url":"https:\/\/anderskafka.cz\/eshop\/produkt\/huum-sada-vedra-s-naberackou-teplomeru-presypacich-hodin-a-esenci\/","name":"HUUM sada v\u011bdra s nab\u011bra\u010dkou, m\u011b\u0159ic\u00ed stanice a p\u0159es\u00fdpac\u00edch hodin do sauny - Anders &amp; Kafka E-SHOP","isPartOf":{"@id":"https:\/\/anderskafka.cz\/eshop\/#website"},"primaryImageOfPage":{"@id":"https:\/\/anderskafka.cz\/eshop\/produkt\/huum-sada-vedra-s-naberackou-teplomeru-presypacich-hodin-a-esenci\/#primaryimage"},"datePublished":"2025-03-18T10:16:21+00:00","dateModified":"2026-03-24T15:02:19+00:00","description":"V\u00fdhodn\u00e1 sada v\u011bdra, nab\u011bra\u010dky, p\u0159es\u00fdpac\u00edch hodin a stanice pro m\u011b\u0159en\u00ed klimatu v saun\u011b ze smrkov\u00e9ho d\u0159eva. Saunov\u00e9 produkty spole\u010dnosti HUUM inspirovan\u00e9 p\u0159\u00edrodou kombinuj\u00ed starod\u00e1vn\u00e9 estonsk\u00e9 saunov\u00e9 d\u011bdictv\u00ed, m\u00edrnou p\u00e1ru a modern\u00ed technologii.","breadcrumb":{"@id":"https:\/\/anderskafka.cz\/eshop\/produkt\/huum-sada-vedra-s-naberackou-teplomeru-presypacich-hodin-a-esenci\/#breadcrumb"},"inLanguage":"cs","potentialAction":[{"@type":"ReadAction","target":["https:\/\/anderskafka.cz\/eshop\/produkt\/huum-sada-vedra-s-naberackou-teplomeru-presypacich-hodin-a-esenci\/"]}]},{"@type":"BreadcrumbList","@id":"https:\/\/anderskafka.cz\/eshop\/produkt\/huum-sada-vedra-s-naberackou-teplomeru-presypacich-hodin-a-esenci\/#breadcrumb","itemListElement":[{"@type":"ListItem","position":1,"name":"Obchod","item":"https:\/\/anderskafka.cz\/eshop\/obchod\/"},{"@type":"ListItem","position":2,"name":"HUUM sada v\u011bdra s nab\u011bra\u010dkou, m\u011b\u0159ic\u00ed stanice a p\u0159es\u00fdpac\u00edch hodin do sauny"}]}]}},"locations":[],"_links":{"self":[{"href":"https:\/\/anderskafka.cz\/eshop\/wp-json\/wp\/v2\/product\/9868"}],"collection":[{"href":"https:\/\/anderskafka.cz\/eshop\/wp-json\/wp\/v2\/product"}],"about":[{"href":"https:\/\/anderskafka.cz\/eshop\/wp-json\/wp\/v2\/types\/product"}],"replies":[{"embeddable":true,"href":"https:\/\/anderskafka.cz\/eshop\/wp-json\/wp\/v2\/comments?post=9868"}],"wp:featuredmedia":[{"embeddable":true,"href":"https:\/\/anderskafka.cz\/eshop\/wp-json\/wp\/v2\/media\/10043"}],"wp:attachment":[{"href":"https:\/\/anderskafka.cz\/eshop\/wp-json\/wp\/v2\/media?parent=9868"}],"wp:term":[{"taxonomy":"location","embeddable":true,"href":"https:\/\/anderskafka.cz\/eshop\/wp-json\/wp\/v2\/location?post=9868"},{"taxonomy":"product_cat","embeddable":true,"href":"https:\/\/anderskafka.cz\/eshop\/wp-json\/wp\/v2\/product_cat?post=9868"},{"taxonomy":"product_tag","embeddable":true,"href":"https:\/\/anderskafka.cz\/eshop\/wp-json\/wp\/v2\/product_tag?post=9868"}],"curies":[{"name":"wp","href":"https:\/\/api.w.org\/{rel}","templated":true}]}}