{"id":9943,"date":"2025-03-27T20:52:51","date_gmt":"2025-03-27T19:52:51","guid":{"rendered":"https:\/\/anderskafka.cz\/eshop\/?post_type=product&#038;p=9943"},"modified":"2026-03-19T10:03:30","modified_gmt":"2026-03-19T09:03:30","slug":"huum-prirodni-saunova-esence-mango-100-ml","status":"publish","type":"product","link":"https:\/\/anderskafka.cz\/eshop\/produkt\/huum-prirodni-saunova-esence-mango-100-ml\/","title":{"rendered":"HUUM p\u0159\u00edrodn\u00ed saunov\u00e1 esence mango, 100ml"},"content":{"rendered":"<p>HUUM saunov\u00e1 esence Mango podporuje uvoln\u011bn\u00ed a celkovou pohodu organismu. P\u0159idejte trochu v\u016fn\u011b do saunov\u00e9ho v\u011bdra a nalijte vodu na rozp\u00e1len\u00e1 saunov\u00e1 kamna pro aromatickou p\u00e1ru. P\u0159\u00edjemn\u011b sladk\u00e1 tropick\u00e1 v\u016fn\u011b dokonale zklidn\u00ed Va\u0161e t\u011blo. Vonn\u00e1 esence n\u00e1sob\u00ed po\u017eitek z pobytu v saun\u011b.<br \/>\nTekutina v lahvi\u010dce je koncentr\u00e1t, jen\u017e se p\u0159ed pol\u00e9v\u00e1n\u00edm kamen\u016f \u0159ed\u00ed s vodou ve v\u011bdru \u2013 doporu\u010den\u00e9 d\u00e1vkov\u00e1n\u00ed je 5-10 ml na litr vody.<br \/>\nLahvi\u010dku s v\u016fn\u00ed nikdy nenech\u00e1vejte v hork\u00e9 saun\u011b.<\/p>\n","protected":false},"excerpt":{"rendered":"<p>HUUM saunov\u00e1 esence Mango podporuje uvoln\u011bn\u00ed a celkovou pohodu organismu. P\u0159idejte trochu v\u016fn\u011b do saunov\u00e9ho v\u011bdra a nalijte vodu na rozp\u00e1len\u00e1 saunov\u00e1 kamna pro aromatickou p\u00e1ru. P\u0159\u00edjemn\u011b sladk\u00e1 tropick\u00e1 v\u016fn\u011b dokonale zklidn\u00ed Va\u0161e t\u011blo.<br \/>\nSaunov\u00e9 produkty spole\u010dnosti HUUM inspirovan\u00e9 p\u0159\u00edrodou kombinuj\u00ed starod\u00e1vn\u00e9 estonsk\u00e9 saunov\u00e9 d\u011bdictv\u00ed, m\u00edrnou p\u00e1ru a modern\u00ed technologii.<br \/>\n<img loading=\"lazy\" class=\"alignnone size-full wp-image-9871 aligncenter\" src=\"https:\/\/anderskafka.cz\/eshop\/wp-content\/uploads\/sites\/3\/2025\/03\/made-in-estonia.png\" alt=\"\" width=\"225\" height=\"225\" srcset=\"https:\/\/anderskafka.cz\/eshop\/wp-content\/uploads\/sites\/3\/2025\/03\/made-in-estonia.png 225w, https:\/\/anderskafka.cz\/eshop\/wp-content\/uploads\/sites\/3\/2025\/03\/made-in-estonia-150x150.png 150w, https:\/\/anderskafka.cz\/eshop\/wp-content\/uploads\/sites\/3\/2025\/03\/made-in-estonia-100x100.png 100w, https:\/\/anderskafka.cz\/eshop\/wp-content\/uploads\/sites\/3\/2025\/03\/made-in-estonia-50x50.png 50w, https:\/\/anderskafka.cz\/eshop\/wp-content\/uploads\/sites\/3\/2025\/03\/made-in-estonia-64x64.png 64w\" sizes=\"(max-width: 225px) 100vw, 225px\" \/><\/p>\n","protected":false},"featured_media":10015,"comment_status":"open","ping_status":"closed","template":"","meta":{"site-sidebar-layout":"default","site-content-layout":"default","ast-main-header-display":"","ast-hfb-above-header-display":"","ast-hfb-below-header-display":"","ast-hfb-mobile-header-display":"","site-post-title":"","ast-breadcrumbs-content":"","ast-featured-img":"","footer-sml-layout":"","theme-transparent-header-meta":"","adv-header-id-meta":"","stick-header-meta":"","header-above-stick-meta":"","header-main-stick-meta":"","header-below-stick-meta":""},"location":[],"product_cat":[252],"product_tag":[1028],"yoast_head":"<!-- This site is optimized with the Yoast SEO plugin v18.5.1 - https:\/\/yoast.com\/wordpress\/plugins\/seo\/ -->\n<title>HUUM p\u0159\u00edrodn\u00ed saunov\u00e1 esence mango, 100ml - Anders &amp; Kafka E-SHOP<\/title>\n<meta name=\"description\" content=\"HUUM saunov\u00e1 esence Mango podporuje uvoln\u011bn\u00ed a celkovou pohodu organismu. P\u0159idejte trochu v\u016fn\u011b do saunov\u00e9ho v\u011bdra a nalijte vodu na rozp\u00e1len\u00e1 saunov\u00e1 kamna pro aromatickou p\u00e1ru. P\u0159\u00edjemn\u011b sladk\u00e1 tropick\u00e1 v\u016fn\u011b dokonale zklidn\u00ed Va\u0161e t\u011blo. Saunov\u00e9 produkty spole\u010dnosti HUUM inspirovan\u00e9 p\u0159\u00edrodou kombinuj\u00ed starod\u00e1vn\u00e9 estonsk\u00e9 saunov\u00e9 d\u011bdictv\u00ed, m\u00edrnou p\u00e1ru a modern\u00ed technologii.\" \/>\n<meta name=\"robots\" content=\"index, follow, max-snippet:-1, max-image-preview:large, max-video-preview:-1\" \/>\n<link rel=\"canonical\" href=\"https:\/\/anderskafka.cz\/eshop\/produkt\/huum-prirodni-saunova-esence-mango-100-ml\/\" \/>\n<meta property=\"og:locale\" content=\"cs_CZ\" \/>\n<meta property=\"og:type\" content=\"article\" \/>\n<meta property=\"og:title\" content=\"HUUM p\u0159\u00edrodn\u00ed saunov\u00e1 esence mango, 100ml - Anders &amp; Kafka E-SHOP\" \/>\n<meta property=\"og:description\" content=\"HUUM saunov\u00e1 esence Mango podporuje uvoln\u011bn\u00ed a celkovou pohodu organismu. P\u0159idejte trochu v\u016fn\u011b do saunov\u00e9ho v\u011bdra a nalijte vodu na rozp\u00e1len\u00e1 saunov\u00e1 kamna pro aromatickou p\u00e1ru. P\u0159\u00edjemn\u011b sladk\u00e1 tropick\u00e1 v\u016fn\u011b dokonale zklidn\u00ed Va\u0161e t\u011blo. Saunov\u00e9 produkty spole\u010dnosti HUUM inspirovan\u00e9 p\u0159\u00edrodou kombinuj\u00ed starod\u00e1vn\u00e9 estonsk\u00e9 saunov\u00e9 d\u011bdictv\u00ed, m\u00edrnou p\u00e1ru a modern\u00ed technologii.\" \/>\n<meta property=\"og:url\" content=\"https:\/\/anderskafka.cz\/eshop\/produkt\/huum-prirodni-saunova-esence-mango-100-ml\/\" \/>\n<meta property=\"og:site_name\" content=\"Anders &amp; Kafka E-SHOP\" \/>\n<meta property=\"article:modified_time\" content=\"2026-03-19T09:03:30+00:00\" \/>\n<meta name=\"twitter:card\" content=\"summary_large_image\" \/>\n<meta name=\"twitter:image\" content=\"https:\/\/anderskafka.cz\/eshop\/wp-content\/uploads\/sites\/3\/2025\/03\/HUMM_esenceMango_AndersKafka.webp\" \/>\n<meta name=\"twitter:label1\" content=\"Odhadovan\u00e1 doba \u010dten\u00ed\" \/>\n\t<meta name=\"twitter:data1\" content=\"1 minuta\" \/>\n<script type=\"application\/ld+json\" class=\"yoast-schema-graph\">{\"@context\":\"https:\/\/schema.org\",\"@graph\":[{\"@type\":\"WebSite\",\"@id\":\"https:\/\/anderskafka.cz\/eshop\/#website\",\"url\":\"https:\/\/anderskafka.cz\/eshop\/\",\"name\":\"Anders &amp; Kafka E-SHOP\",\"description\":\"Anders &amp; Kafka E-SHOP\",\"potentialAction\":[{\"@type\":\"SearchAction\",\"target\":{\"@type\":\"EntryPoint\",\"urlTemplate\":\"https:\/\/anderskafka.cz\/eshop\/?s={search_term_string}\"},\"query-input\":\"required name=search_term_string\"}],\"inLanguage\":\"cs\"},{\"@type\":\"ImageObject\",\"@id\":\"https:\/\/anderskafka.cz\/eshop\/produkt\/huum-prirodni-saunova-esence-mango-100-ml\/#primaryimage\",\"inLanguage\":\"cs\",\"url\":\"https:\/\/anderskafka.cz\/eshop\/wp-content\/uploads\/sites\/3\/2025\/03\/HUMM_esenceMango_AndersKafka.webp\",\"contentUrl\":\"https:\/\/anderskafka.cz\/eshop\/wp-content\/uploads\/sites\/3\/2025\/03\/HUMM_esenceMango_AndersKafka.webp\",\"width\":1024,\"height\":768},{\"@type\":\"WebPage\",\"@id\":\"https:\/\/anderskafka.cz\/eshop\/produkt\/huum-prirodni-saunova-esence-mango-100-ml\/#webpage\",\"url\":\"https:\/\/anderskafka.cz\/eshop\/produkt\/huum-prirodni-saunova-esence-mango-100-ml\/\",\"name\":\"HUUM p\u0159\u00edrodn\u00ed saunov\u00e1 esence mango, 100ml - Anders &amp; Kafka E-SHOP\",\"isPartOf\":{\"@id\":\"https:\/\/anderskafka.cz\/eshop\/#website\"},\"primaryImageOfPage\":{\"@id\":\"https:\/\/anderskafka.cz\/eshop\/produkt\/huum-prirodni-saunova-esence-mango-100-ml\/#primaryimage\"},\"datePublished\":\"2025-03-27T19:52:51+00:00\",\"dateModified\":\"2026-03-19T09:03:30+00:00\",\"description\":\"HUUM saunov\u00e1 esence Mango podporuje uvoln\u011bn\u00ed a celkovou pohodu organismu. P\u0159idejte trochu v\u016fn\u011b do saunov\u00e9ho v\u011bdra a nalijte vodu na rozp\u00e1len\u00e1 saunov\u00e1 kamna pro aromatickou p\u00e1ru. P\u0159\u00edjemn\u011b sladk\u00e1 tropick\u00e1 v\u016fn\u011b dokonale zklidn\u00ed Va\u0161e t\u011blo. Saunov\u00e9 produkty spole\u010dnosti HUUM inspirovan\u00e9 p\u0159\u00edrodou kombinuj\u00ed starod\u00e1vn\u00e9 estonsk\u00e9 saunov\u00e9 d\u011bdictv\u00ed, m\u00edrnou p\u00e1ru a modern\u00ed technologii.\",\"breadcrumb\":{\"@id\":\"https:\/\/anderskafka.cz\/eshop\/produkt\/huum-prirodni-saunova-esence-mango-100-ml\/#breadcrumb\"},\"inLanguage\":\"cs\",\"potentialAction\":[{\"@type\":\"ReadAction\",\"target\":[\"https:\/\/anderskafka.cz\/eshop\/produkt\/huum-prirodni-saunova-esence-mango-100-ml\/\"]}]},{\"@type\":\"BreadcrumbList\",\"@id\":\"https:\/\/anderskafka.cz\/eshop\/produkt\/huum-prirodni-saunova-esence-mango-100-ml\/#breadcrumb\",\"itemListElement\":[{\"@type\":\"ListItem\",\"position\":1,\"name\":\"Obchod\",\"item\":\"https:\/\/anderskafka.cz\/eshop\/obchod\/\"},{\"@type\":\"ListItem\",\"position\":2,\"name\":\"HUUM p\u0159\u00edrodn\u00ed saunov\u00e1 esence mango, 100ml\"}]}]}<\/script>\n<!-- \/ Yoast SEO plugin. -->","yoast_head_json":{"title":"HUUM p\u0159\u00edrodn\u00ed saunov\u00e1 esence mango, 100ml - Anders &amp; Kafka E-SHOP","description":"HUUM saunov\u00e1 esence Mango podporuje uvoln\u011bn\u00ed a celkovou pohodu organismu. P\u0159idejte trochu v\u016fn\u011b do saunov\u00e9ho v\u011bdra a nalijte vodu na rozp\u00e1len\u00e1 saunov\u00e1 kamna pro aromatickou p\u00e1ru. P\u0159\u00edjemn\u011b sladk\u00e1 tropick\u00e1 v\u016fn\u011b dokonale zklidn\u00ed Va\u0161e t\u011blo. Saunov\u00e9 produkty spole\u010dnosti HUUM inspirovan\u00e9 p\u0159\u00edrodou kombinuj\u00ed starod\u00e1vn\u00e9 estonsk\u00e9 saunov\u00e9 d\u011bdictv\u00ed, m\u00edrnou p\u00e1ru a modern\u00ed technologii.","robots":{"index":"index","follow":"follow","max-snippet":"max-snippet:-1","max-image-preview":"max-image-preview:large","max-video-preview":"max-video-preview:-1"},"canonical":"https:\/\/anderskafka.cz\/eshop\/produkt\/huum-prirodni-saunova-esence-mango-100-ml\/","og_locale":"cs_CZ","og_type":"article","og_title":"HUUM p\u0159\u00edrodn\u00ed saunov\u00e1 esence mango, 100ml - Anders &amp; Kafka E-SHOP","og_description":"HUUM saunov\u00e1 esence Mango podporuje uvoln\u011bn\u00ed a celkovou pohodu organismu. P\u0159idejte trochu v\u016fn\u011b do saunov\u00e9ho v\u011bdra a nalijte vodu na rozp\u00e1len\u00e1 saunov\u00e1 kamna pro aromatickou p\u00e1ru. P\u0159\u00edjemn\u011b sladk\u00e1 tropick\u00e1 v\u016fn\u011b dokonale zklidn\u00ed Va\u0161e t\u011blo. Saunov\u00e9 produkty spole\u010dnosti HUUM inspirovan\u00e9 p\u0159\u00edrodou kombinuj\u00ed starod\u00e1vn\u00e9 estonsk\u00e9 saunov\u00e9 d\u011bdictv\u00ed, m\u00edrnou p\u00e1ru a modern\u00ed technologii.","og_url":"https:\/\/anderskafka.cz\/eshop\/produkt\/huum-prirodni-saunova-esence-mango-100-ml\/","og_site_name":"Anders &amp; Kafka E-SHOP","article_modified_time":"2026-03-19T09:03:30+00:00","twitter_card":"summary_large_image","twitter_image":"https:\/\/anderskafka.cz\/eshop\/wp-content\/uploads\/sites\/3\/2025\/03\/HUMM_esenceMango_AndersKafka.webp","twitter_misc":{"Odhadovan\u00e1 doba \u010dten\u00ed":"1 minuta"},"schema":{"@context":"https:\/\/schema.org","@graph":[{"@type":"WebSite","@id":"https:\/\/anderskafka.cz\/eshop\/#website","url":"https:\/\/anderskafka.cz\/eshop\/","name":"Anders &amp; Kafka E-SHOP","description":"Anders &amp; Kafka E-SHOP","potentialAction":[{"@type":"SearchAction","target":{"@type":"EntryPoint","urlTemplate":"https:\/\/anderskafka.cz\/eshop\/?s={search_term_string}"},"query-input":"required name=search_term_string"}],"inLanguage":"cs"},{"@type":"ImageObject","@id":"https:\/\/anderskafka.cz\/eshop\/produkt\/huum-prirodni-saunova-esence-mango-100-ml\/#primaryimage","inLanguage":"cs","url":"https:\/\/anderskafka.cz\/eshop\/wp-content\/uploads\/sites\/3\/2025\/03\/HUMM_esenceMango_AndersKafka.webp","contentUrl":"https:\/\/anderskafka.cz\/eshop\/wp-content\/uploads\/sites\/3\/2025\/03\/HUMM_esenceMango_AndersKafka.webp","width":1024,"height":768},{"@type":"WebPage","@id":"https:\/\/anderskafka.cz\/eshop\/produkt\/huum-prirodni-saunova-esence-mango-100-ml\/#webpage","url":"https:\/\/anderskafka.cz\/eshop\/produkt\/huum-prirodni-saunova-esence-mango-100-ml\/","name":"HUUM p\u0159\u00edrodn\u00ed saunov\u00e1 esence mango, 100ml - Anders &amp; Kafka E-SHOP","isPartOf":{"@id":"https:\/\/anderskafka.cz\/eshop\/#website"},"primaryImageOfPage":{"@id":"https:\/\/anderskafka.cz\/eshop\/produkt\/huum-prirodni-saunova-esence-mango-100-ml\/#primaryimage"},"datePublished":"2025-03-27T19:52:51+00:00","dateModified":"2026-03-19T09:03:30+00:00","description":"HUUM saunov\u00e1 esence Mango podporuje uvoln\u011bn\u00ed a celkovou pohodu organismu. P\u0159idejte trochu v\u016fn\u011b do saunov\u00e9ho v\u011bdra a nalijte vodu na rozp\u00e1len\u00e1 saunov\u00e1 kamna pro aromatickou p\u00e1ru. P\u0159\u00edjemn\u011b sladk\u00e1 tropick\u00e1 v\u016fn\u011b dokonale zklidn\u00ed Va\u0161e t\u011blo. Saunov\u00e9 produkty spole\u010dnosti HUUM inspirovan\u00e9 p\u0159\u00edrodou kombinuj\u00ed starod\u00e1vn\u00e9 estonsk\u00e9 saunov\u00e9 d\u011bdictv\u00ed, m\u00edrnou p\u00e1ru a modern\u00ed technologii.","breadcrumb":{"@id":"https:\/\/anderskafka.cz\/eshop\/produkt\/huum-prirodni-saunova-esence-mango-100-ml\/#breadcrumb"},"inLanguage":"cs","potentialAction":[{"@type":"ReadAction","target":["https:\/\/anderskafka.cz\/eshop\/produkt\/huum-prirodni-saunova-esence-mango-100-ml\/"]}]},{"@type":"BreadcrumbList","@id":"https:\/\/anderskafka.cz\/eshop\/produkt\/huum-prirodni-saunova-esence-mango-100-ml\/#breadcrumb","itemListElement":[{"@type":"ListItem","position":1,"name":"Obchod","item":"https:\/\/anderskafka.cz\/eshop\/obchod\/"},{"@type":"ListItem","position":2,"name":"HUUM p\u0159\u00edrodn\u00ed saunov\u00e1 esence mango, 100ml"}]}]}},"locations":[],"_links":{"self":[{"href":"https:\/\/anderskafka.cz\/eshop\/wp-json\/wp\/v2\/product\/9943"}],"collection":[{"href":"https:\/\/anderskafka.cz\/eshop\/wp-json\/wp\/v2\/product"}],"about":[{"href":"https:\/\/anderskafka.cz\/eshop\/wp-json\/wp\/v2\/types\/product"}],"replies":[{"embeddable":true,"href":"https:\/\/anderskafka.cz\/eshop\/wp-json\/wp\/v2\/comments?post=9943"}],"wp:featuredmedia":[{"embeddable":true,"href":"https:\/\/anderskafka.cz\/eshop\/wp-json\/wp\/v2\/media\/10015"}],"wp:attachment":[{"href":"https:\/\/anderskafka.cz\/eshop\/wp-json\/wp\/v2\/media?parent=9943"}],"wp:term":[{"taxonomy":"location","embeddable":true,"href":"https:\/\/anderskafka.cz\/eshop\/wp-json\/wp\/v2\/location?post=9943"},{"taxonomy":"product_cat","embeddable":true,"href":"https:\/\/anderskafka.cz\/eshop\/wp-json\/wp\/v2\/product_cat?post=9943"},{"taxonomy":"product_tag","embeddable":true,"href":"https:\/\/anderskafka.cz\/eshop\/wp-json\/wp\/v2\/product_tag?post=9943"}],"curies":[{"name":"wp","href":"https:\/\/api.w.org\/{rel}","templated":true}]}}